2026/03/20 10:28:58 [error] 1066#0: *3857 open() "/www/wwwroot/www.tokld.top/secrets.json" failed (2: No such file or directory), client: 185.177.72.60, server: www.tokld.top, request: "GET /secrets.json HTTP/1.1", host: "www.tokld.top"
2026/03/20 10:28:58 [error] 1066#0: *3855 open() "/www/wwwroot/www.tokld.top/secrets.yml" failed (2: No such file or directory), client: 185.177.72.60, server: www.tokld.top, request: "GET /secrets.yml HTTP/1.1", host: "www.tokld.top"
2026/03/20 10:28:58 [error] 1066#0: *3864 open() "/www/wwwroot/www.tokld.top/secrets.yaml" failed (2: No such file or directory), client: 185.177.72.60, server: www.tokld.top, request: "GET /secrets.yaml HTTP/1.1", host: "www.tokld.top"
2026/03/20 10:28:58 [error] 1066#0: *3853 open() "/www/wwwroot/www.tokld.top/appsettings.json" failed (2: No such file or directory), client: 185.177.72.60, server: www.tokld.top, request: "GET /appsettings.json HTTP/1.1", host: "www.tokld.top"
2026/03/20 10:28:58 [error] 1066#0: *3854 open() "/www/wwwroot/www.tokld.top/config/secrets.yml" failed (2: No such file or directory), client: 185.177.72.60, server: www.tokld.top, request: "GET /config/secrets.yml HTTP/1.1", host: "www.tokld.top"
2026/03/20 10:28:58 [error] 1066#0: *3865 open() "/www/wwwroot/www.tokld.top/config/credentials.yml" failed (2: No such file or directory), client: 185.177.72.60, server: www.tokld.top, request: "GET /config/credentials.yml HTTP/1.1", host: "www.tokld.top"
2026/03/20 10:28:58 [error] 1066#0: *3864 open() "/www/wwwroot/www.tokld.top/config/settings.json" failed (2: No such file or directory), client: 185.177.72.60, server: www.tokld.top, request: "GET /config/settings.json HTTP/1.1", host: "www.tokld.top"
2026/03/20 10:28:58 [error] 1066#0: *3855 open() "/www/wwwroot/www.tokld.top/config/config.json" failed (2: No such file or directory), client: 185.177.72.60, server: www.tokld.top, request: "GET /config/config.json HTTP/1.1", host: "www.tokld.top"
2026/03/20 10:28:58 [error] 1066#0: *3850 open() "/www/wwwroot/www.tokld.top/webhooks/settings.json" failed (2: No such file or directory), client: 185.177.72.60, server: www.tokld.top, request: "GET /webhooks/settings.json HTTP/1.1", host: "www.tokld.top"
2026/03/20 10:28:58 [error] 1066#0: *3865 open() "/www/wwwroot/www.tokld.top/instance/config.py" failed (2: No such file or directory), client: 185.177.72.60, server: www.tokld.top, request: "GET /instance/config.py HTTP/1.1", host: "www.tokld.top"
2026/03/20 10:28:58 [error] 1066#0: *3859 open() "/www/wwwroot/www.tokld.top/swagger.json" failed (2: No such file or directory), client: 185.177.72.60, server: www.tokld.top, request: "GET /swagger.json HTTP/1.1", host: "www.tokld.top"
2026/03/20 10:28:58 [error] 1066#0: *3856 open() "/www/wwwroot/www.tokld.top/app/config/parameters.yml" failed (2: No such file or directory), client: 185.177.72.60, server: www.tokld.top, request: "GET /app/config/parameters.yml HTTP/1.1", host: "www.tokld.top"
2026/03/20 10:28:58 [error] 1066#0: *3855 open() "/www/wwwroot/www.tokld.top/config/parameters.yml" failed (2: No such file or directory), client: 185.177.72.60, server: www.tokld.top, request: "GET /config/parameters.yml HTTP/1.1", host: "www.tokld.top"
2026/03/20 10:28:58 [error] 1066#0: *3851 open() "/www/wwwroot/www.tokld.top/parameters.yml" failed (2: No such file or directory), client: 185.177.72.60, server: www.tokld.top, request: "GET /parameters.yml HTTP/1.1", host: "www.tokld.top"
2026/03/20 10:28:59 [error] 1066#0: *3856 open() "/www/wwwroot/www.tokld.top/config.yml" failed (2: No such file or directory), client: 185.177.72.60, server: www.tokld.top, request: "GET /config.yml HTTP/1.1", host: "www.tokld.top"
2026/03/20 10:28:59 [error] 1066#0: *3852 open() "/www/wwwroot/www.tokld.top/settings.py" failed (2: No such file or directory), client: 185.177.72.60, server: www.tokld.top, request: "GET /settings.py HTTP/1.1", host: "www.tokld.top"
2026/03/20 10:28:59 [error] 1066#0: *3865 open() "/www/wwwroot/www.tokld.top/config.inc" failed (2: No such file or directory), client: 185.177.72.60, server: www.tokld.top, request: "GET /config.inc HTTP/1.1", host: "www.tokld.top"
2026/03/20 10:28:59 [error] 1066#0: *3849 open() "/www/wwwroot/www.tokld.top/config/database.yml" failed (2: No such file or directory), client: 185.177.72.60, server: www.tokld.top, request: "GET /config/database.yml HTTP/1.1", host: "www.tokld.top"
2026/03/20 10:28:59 [error] 1066#0: *3859 open() "/www/wwwroot/www.tokld.top/backend/config/default.yml" failed (2: No such file or directory), client: 185.177.72.60, server: www.tokld.top, request: "GET /backend/config/default.yml HTTP/1.1", host: "www.tokld.top"
2026/03/20 10:28:59 [error] 1066#0: *3879 open() "/www/wwwroot/www.tokld.top/backend/config/settings.yml" failed (2: No such file or directory), client: 185.177.72.60, server: www.tokld.top, request: "GET /backend/config/settings.yml HTTP/1.1", host: "www.tokld.top"
2026/03/20 10:28:59 [error] 1066#0: *3858 open() "/www/wwwroot/www.tokld.top/serverless.yml" failed (2: No such file or directory), client: 185.177.72.60, server: www.tokld.top, request: "GET /serverless.yml HTTP/1.1", host: "www.tokld.top"
2026/03/20 10:28:59 [error] 1066#0: *3866 open() "/www/wwwroot/www.tokld.top/.aws/credentials" failed (2: No such file or directory), client: 185.177.72.60, server: www.tokld.top, request: "GET /.aws/credentials HTTP/1.1", host: "www.tokld.top"
2026/03/20 10:28:59 [error] 1066#0: *3868 open() "/www/wwwroot/www.tokld.top/aws/credentials" failed (2: No such file or directory), client: 185.177.72.60, server: www.tokld.top, request: "GET /aws/credentials HTTP/1.1", host: "www.tokld.top"
2026/03/20 10:28:59 [error] 1066#0: *3851 open() "/www/wwwroot/www.tokld.top/.aws/config" failed (2: No such file or directory), client: 185.177.72.60, server: www.tokld.top, request: "GET /.aws/config HTTP/1.1", host: "www.tokld.top"
2026/03/20 10:28:59 [error] 1066#0: *3857 open() "/www/wwwroot/www.tokld.top/aws-secret.yaml" failed (2: No such file or directory), client: 185.177.72.60, server: www.tokld.top, request: "GET /aws-secret.yaml HTTP/1.1", host: "www.tokld.top"
2026/03/20 10:28:59 [error] 1066#0: *3862 open() "/www/wwwroot/www.tokld.top/.circleci/config.yml" failed (2: No such file or directory), client: 185.177.72.60, server: www.tokld.top, request: "GET /.circleci/config.yml HTTP/1.1", host: "www.tokld.top"
2026/03/20 10:28:59 [error] 1066#0: *3863 open() "/www/wwwroot/www.tokld.top/.travis.yml" failed (2: No such file or directory), client: 185.177.72.60, server: www.tokld.top, request: "GET /.travis.yml HTTP/1.1", host: "www.tokld.top"
2026/03/20 10:28:59 [error] 1066#0: *3856 open() "/www/wwwroot/www.tokld.top/.bitbucket/pipelines.yml" failed (2: No such file or directory), client: 185.177.72.60, server: www.tokld.top, request: "GET /.bitbucket/pipelines.yml HTTP/1.1", host: "www.tokld.top"
2026/03/20 10:28:59 [error] 1066#0: *3879 open() "/www/wwwroot/www.tokld.top/phpinfo" failed (2: No such file or directory), client: 185.177.72.60, server: www.tokld.top, request: "GET /phpinfo HTTP/1.1", host: "www.tokld.top"
2026/03/20 10:28:59 [error] 1066#0: *3859 open() "/www/wwwroot/www.tokld.top/_profiler/phpinfo" failed (2: No such file or directory), client: 185.177.72.60, server: www.tokld.top, request: "GET /_profiler/phpinfo HTTP/1.1", host: "www.tokld.top"
2026/03/20 10:28:59 [error] 1066#0: *3853 open() "/www/wwwroot/www.tokld.top/_profiler/latest" failed (2: No such file or directory), client: 185.177.72.60, server: www.tokld.top, request: "GET /_profiler/latest HTTP/1.1", host: "www.tokld.top"
2026/03/20 10:28:59 [error] 1066#0: *3868 FastCGI sent in stderr: "Primary script unknown" while reading response header from upstream, client: 185.177.72.60, server: www.tokld.top, request: "GET /app_dev.php/_profiler/phpinfo HTTP/1.1", upstream: "fastcgi://unix:/tmp/php-cgi-74.sock:", host: "www.tokld.top"
2026/03/20 10:28:59 [error] 1066#0: *3851 open() "/www/wwwroot/www.tokld.top/horizon/api/stats" failed (2: No such file or directory), client: 185.177.72.60, server: www.tokld.top, request: "GET /horizon/api/stats HTTP/1.1", host: "www.tokld.top"
2026/03/20 10:28:59 [error] 1066#0: *3854 open() "/www/wwwroot/www.tokld.top/manage/env" failed (2: No such file or directory), client: 185.177.72.60, server: www.tokld.top, request: "GET /manage/env HTTP/1.1", host: "www.tokld.top"
2026/03/20 10:28:59 [error] 1066#0: *3864 open() "/www/wwwroot/www.tokld.top/debug/default/view" failed (2: No such file or directory), client: 185.177.72.60, server: www.tokld.top, request: "GET /debug/default/view HTTP/1.1", host: "www.tokld.top"
2026/03/20 10:28:59 [error] 1066#0: *3858 open() "/www/wwwroot/www.tokld.top/server-info" failed (2: No such file or directory), client: 185.177.72.60, server: www.tokld.top, request: "GET /server-info HTTP/1.1", host: "www.tokld.top"
2026/03/20 10:29:26 [error] 1066#0: *4004 open() "/www/wwwroot/www.tokld.top/payment" failed (2: No such file or directory), client: 185.177.72.60, server: www.tokld.top, request: "GET /payment HTTP/1.1", host: "www.tokld.top"
2026/03/20 10:29:26 [error] 1066#0: *4002 open() "/www/wwwroot/www.tokld.top/dashboard" failed (2: No such file or directory), client: 185.177.72.60, server: www.tokld.top, request: "GET /dashboard HTTP/1.1", host: "www.tokld.top"
2026/03/20 10:29:26 [error] 1066#0: *4013 open() "/www/wwwroot/www.tokld.top/admin" failed (2: No such file or directory), client: 185.177.72.60, server: www.tokld.top, request: "GET /admin HTTP/1.1", host: "www.tokld.top"
2026/03/20 10:29:26 [error] 1066#0: *4005 open() "/www/wwwroot/www.tokld.top/checkout" failed (2: No such file or directory), client: 185.177.72.60, server: www.tokld.top, request: "GET /checkout HTTP/1.1", host: "www.tokld.top"
2026/03/20 10:29:27 [error] 1066#0: *4000 open() "/www/wwwroot/www.tokld.top/shop" failed (2: No such file or directory), client: 185.177.72.60, server: www.tokld.top, request: "GET /shop HTTP/1.1", host: "www.tokld.top"
2026/03/20 10:29:27 [error] 1066#0: *4010 open() "/www/wwwroot/www.tokld.top/signup" failed (2: No such file or directory), client: 185.177.72.60, server: www.tokld.top, request: "GET /signup HTTP/1.1", host: "www.tokld.top"
2026/03/20 10:29:27 [error] 1066#0: *4017 open() "/www/wwwroot/www.tokld.top/sitemap.xml" failed (2: No such file or directory), client: 185.177.72.60, server: www.tokld.top, request: "GET /sitemap.xml HTTP/1.1", host: "www.tokld.top"
2026/03/20 10:29:27 [error] 1066#0: *4009 open() "/www/wwwroot/www.tokld.top/subscribe" failed (2: No such file or directory), client: 185.177.72.60, server: www.tokld.top, request: "GET /subscribe HTTP/1.1", host: "www.tokld.top"
2026/03/20 10:29:27 [error] 1066#0: *4012 open() "/www/wwwroot/www.tokld.top/donate" failed (2: No such file or directory), client: 185.177.72.60, server: www.tokld.top, request: "GET /donate HTTP/1.1", host: "www.tokld.top"
2026/03/20 10:29:27 [error] 1066#0: *4003 open() "/www/wwwroot/www.tokld.top/cart" failed (2: No such file or directory), client: 185.177.72.60, server: www.tokld.top, request: "GET /cart HTTP/1.1", host: "www.tokld.top"
2026/03/20 10:29:27 [error] 1066#0: *4001 open() "/www/wwwroot/www.tokld.top/account" failed (2: No such file or directory), client: 185.177.72.60, server: www.tokld.top, request: "GET /account HTTP/1.1", host: "www.tokld.top"
2026/03/20 10:29:27 [error] 1073#0: *4006 open() "/www/wwwroot/www.tokld.top/billing" failed (2: No such file or directory), client: 185.177.72.60, server: www.tokld.top, request: "GET /billing HTTP/1.1", host: "www.tokld.top"
2026/03/20 10:29:27 [error] 1066#0: *4018 open() "/www/wwwroot/www.tokld.top/register" failed (2: No such file or directory), client: 185.177.72.60, server: www.tokld.top, request: "GET /register HTTP/1.1", host: "www.tokld.top"
2026/03/20 10:29:27 [error] 1066#0: *4014 open() "/www/wwwroot/www.tokld.top/robots.txt" failed (2: No such file or directory), client: 185.177.72.60, server: www.tokld.top, request: "GET /robots.txt HTTP/1.1", host: "www.tokld.top"
2026/03/20 10:29:27 [error] 1066#0: *4007 open() "/www/wwwroot/www.tokld.top/pricing" failed (2: No such file or directory), client: 185.177.72.60, server: www.tokld.top, request: "GET /pricing HTTP/1.1", host: "www.tokld.top"
2026/03/20 10:29:27 [error] 1066#0: *4011 open() "/www/wwwroot/www.tokld.top/plans" failed (2: No such file or directory), client: 185.177.72.60, server: www.tokld.top, request: "GET /plans HTTP/1.1", host: "www.tokld.top"
2026/03/20 10:29:27 [error] 1066#0: *4008 open() "/www/wwwroot/www.tokld.top/order" failed (2: No such file or directory), client: 185.177.72.60, server: www.tokld.top, request: "GET /order HTTP/1.1", host: "www.tokld.top"
2026/03/20 10:29:30 [error] 1066#0: *4051 open() "/www/wwwroot/www.tokld.top/env" failed (2: No such file or directory), client: 185.177.72.60, server: www.tokld.top, request: "GET /env HTTP/1.1", host: "www.tokld.top"
2026/03/20 10:29:30 [error] 1066#0: *4050 open() "/www/wwwroot/www.tokld.top/env.backup" failed (2: No such file or directory), client: 185.177.72.60, server: www.tokld.top, request: "GET /env.backup HTTP/1.1", host: "www.tokld.top"
2026/03/20 10:29:35 [error] 1066#0: *4084 open() "/www/wwwroot/www.tokld.top/@vite/client" failed (2: No such file or directory), client: 185.177.72.60, server: www.tokld.top, request: "GET /@vite/client HTTP/1.1", host: "www.tokld.top"
2026/03/20 10:29:35 [error] 1066#0: *4078 open() "/www/wwwroot/www.tokld.top/env.json" failed (2: No such file or directory), client: 185.177.72.60, server: www.tokld.top, request: "GET /env.json HTTP/1.1", host: "www.tokld.top"
2026/03/20 10:29:35 [error] 1066#0: *4096 open() "/www/wwwroot/www.tokld.top/.vite/manifest.json" failed (2: No such file or directory), client: 185.177.72.60, server: www.tokld.top, request: "GET /.vite/manifest.json HTTP/1.1", host: "www.tokld.top"
2026/03/20 10:29:35 [error] 1073#0: *4085 open() "/www/wwwroot/www.tokld.top/manifest.json" failed (2: No such file or directory), client: 185.177.72.60, server: www.tokld.top, request: "GET /manifest.json HTTP/1.1", host: "www.tokld.top"
2026/03/20 10:29:35 [error] 1066#0: *4095 open() "/www/wwwroot/www.tokld.top/asset-manifest.json" failed (2: No such file or directory), client: 185.177.72.60, server: www.tokld.top, request: "GET /asset-manifest.json HTTP/1.1", host: "www.tokld.top"
2026/03/20 10:29:35 [error] 1066#0: *4087 open() "/www/wwwroot/www.tokld.top/wp-config.php.txt" failed (2: No such file or directory), client: 185.177.72.60, server: www.tokld.top, request: "GET /wp-config.php.txt HTTP/1.1", host: "www.tokld.top"
2026/03/20 10:29:35 [error] 1066#0: *4070 open() "/www/wwwroot/www.tokld.top/wp-config.php.save" failed (2: No such file or directory), client: 185.177.72.60, server: www.tokld.top, request: "GET /wp-config.php.save HTTP/1.1", host: "www.tokld.top"
2026/03/20 10:29:35 [error] 1066#0: *4095 open() "/www/wwwroot/www.tokld.top/wp-config" failed (2: No such file or directory), client: 185.177.72.60, server: www.tokld.top, request: "GET /wp-config HTTP/1.1", host: "www.tokld.top"
2026/03/20 10:29:35 [error] 1066#0: *4090 open() "/www/wwwroot/www.tokld.top/wp-config.txt" failed (2: No such file or directory), client: 185.177.72.60, server: www.tokld.top, request: "GET /wp-config.txt HTTP/1.1", host: "www.tokld.top"
2026/03/20 10:29:35 [error] 1066#0: *4080 open() "/www/wwwroot/www.tokld.top/wp-json/wc/v3/payment_gateways" failed (2: No such file or directory), client: 185.177.72.60, server: www.tokld.top, request: "GET /wp-json/wc/v3/payment_gateways HTTP/1.1", host: "www.tokld.top"
2026/03/20 10:29:35 [error] 1066#0: *4082 open() "/www/wwwroot/www.tokld.top/wp-json/wc/v2/payment_gateways" failed (2: No such file or directory), client: 185.177.72.60, server: www.tokld.top, request: "GET /wp-json/wc/v2/payment_gateways HTTP/1.1", host: "www.tokld.top"
2026/03/20 10:29:35 [error] 1066#0: *4081 open() "/www/wwwroot/www.tokld.top/wp-json/wc/v3/settings/checkout" failed (2: No such file or directory), client: 185.177.72.60, server: www.tokld.top, request: "GET /wp-json/wc/v3/settings/checkout HTTP/1.1", host: "www.tokld.top"
2026/03/20 10:29:35 [error] 1066#0: *4095 "/www/wwwroot/www.tokld.top/wp-content/uploads/wc-logs/index.php" is not found (2: No such file or directory), client: 185.177.72.60, server: www.tokld.top, request: "GET /wp-content/uploads/wc-logs/ HTTP/1.1", host: "www.tokld.top"
2026/03/20 10:29:35 [error] 1066#0: *4083 open() "/www/wwwroot/www.tokld.top/stripe.key" failed (2: No such file or directory), client: 185.177.72.60, server: www.tokld.top, request: "GET /stripe.key HTTP/1.1", host: "www.tokld.top"
2026/03/20 10:29:36 [error] 1066#0: *4071 open() "/www/wwwroot/www.tokld.top/stripe.conf" failed (2: No such file or directory), client: 185.177.72.60, server: www.tokld.top, request: "GET /stripe.conf HTTP/1.1", host: "www.tokld.top"
2026/03/20 10:29:36 [error] 1066#0: *4084 open() "/www/wwwroot/www.tokld.top/stripe.ini" failed (2: No such file or directory), client: 185.177.72.60, server: www.tokld.top, request: "GET /stripe.ini HTTP/1.1", host: "www.tokld.top"
2026/03/20 10:29:36 [error] 1066#0: *4093 open() "/www/wwwroot/www.tokld.top/stripe.backup" failed (2: No such file or directory), client: 185.177.72.60, server: www.tokld.top, request: "GET /stripe.backup HTTP/1.1", host: "www.tokld.top"
2026/03/20 10:29:36 [error] 1066#0: *4083 open() "/www/wwwroot/www.tokld.top/stripe_keys.json" failed (2: No such file or directory), client: 185.177.72.60, server: www.tokld.top, request: "GET /stripe_keys.json HTTP/1.1", host: "www.tokld.top"
2026/03/20 10:29:36 [error] 1066#0: *4078 open() "/www/wwwroot/www.tokld.top/stripe_secret.json" failed (2: No such file or directory), client: 185.177.72.60, server: www.tokld.top, request: "GET /stripe_secret.json HTTP/1.1", host: "www.tokld.top"
2026/03/20 10:29:36 [error] 1073#0: *4085 open() "/www/wwwroot/www.tokld.top/stripe_config.json" failed (2: No such file or directory), client: 185.177.72.60, server: www.tokld.top, request: "GET /stripe_config.json HTTP/1.1", host: "www.tokld.top"
2026/03/20 10:29:36 [error] 1066#0: *4086 open() "/www/wwwroot/www.tokld.top/config/stripe.json" failed (2: No such file or directory), client: 185.177.72.60, server: www.tokld.top, request: "GET /config/stripe.json HTTP/1.1", host: "www.tokld.top"
2026/03/20 10:29:36 [error] 1066#0: *4092 open() "/www/wwwroot/www.tokld.top/config/stripe.yaml" failed (2: No such file or directory), client: 185.177.72.60, server: www.tokld.top, request: "GET /config/stripe.yaml HTTP/1.1", host: "www.tokld.top"
2026/03/20 10:29:36 [error] 1066#0: *4087 open() "/www/wwwroot/www.tokld.top/config/stripe.yml" failed (2: No such file or directory), client: 185.177.72.60, server: www.tokld.top, request: "GET /config/stripe.yml HTTP/1.1", host: "www.tokld.top"
2026/03/20 10:29:36 [error] 1066#0: *4084 open() "/www/wwwroot/www.tokld.top/config/stripe.ts" failed (2: No such file or directory), client: 185.177.72.60, server: www.tokld.top, request: "GET /config/stripe.ts HTTP/1.1", host: "www.tokld.top"
2026/03/20 10:29:36 [error] 1066#0: *4094 open() "/www/wwwroot/www.tokld.top/api/stripe.ts" failed (2: No such file or directory), client: 185.177.72.60, server: www.tokld.top, request: "GET /api/stripe.ts HTTP/1.1", host: "www.tokld.top"
2026/03/20 10:29:36 [error] 1066#0: *4083 open() "/www/wwwroot/www.tokld.top/secrets/stripe.json" failed (2: No such file or directory), client: 185.177.72.60, server: www.tokld.top, request: "GET /secrets/stripe.json HTTP/1.1", host: "www.tokld.top"
2026/03/20 10:29:36 [error] 1066#0: *4093 open() "/www/wwwroot/www.tokld.top/backup/stripe.json" failed (2: No such file or directory), client: 185.177.72.60, server: www.tokld.top, request: "GET /backup/stripe.json HTTP/1.1", host: "www.tokld.top"
2026/03/20 10:29:36 [error] 1066#0: *4078 open() "/www/wwwroot/www.tokld.top/storage/stripe.json" failed (2: No such file or directory), client: 185.177.72.60, server: www.tokld.top, request: "GET /storage/stripe.json HTTP/1.1", host: "www.tokld.top"
2026/03/20 10:29:36 [error] 1073#0: *4085 open() "/www/wwwroot/www.tokld.top/storage/stripe.keys" failed (2: No such file or directory), client: 185.177.72.60, server: www.tokld.top, request: "GET /storage/stripe.keys HTTP/1.1", host: "www.tokld.top"
2026/03/20 10:29:36 [error] 1066#0: *4091 open() "/www/wwwroot/www.tokld.top/storage/app/stripe.json" failed (2: No such file or directory), client: 185.177.72.60, server: www.tokld.top, request: "GET /storage/app/stripe.json HTTP/1.1", host: "www.tokld.top"
2026/03/20 10:29:36 [error] 1066#0: *4088 open() "/www/wwwroot/www.tokld.top/storage/keys/stripe.json" failed (2: No such file or directory), client: 185.177.72.60, server: www.tokld.top, request: "GET /storage/keys/stripe.json HTTP/1.1", host: "www.tokld.top"
2026/03/20 10:29:36 [error] 1066#0: *4090 open() "/www/wwwroot/www.tokld.top/storage/secrets/stripe.json" failed (2: No such file or directory), client: 185.177.72.60, server: www.tokld.top, request: "GET /storage/secrets/stripe.json HTTP/1.1", host: "www.tokld.top"
2026/03/20 10:29:36 [error] 1066#0: *4108 open() "/www/wwwroot/www.tokld.top/stripe.txt" failed (2: No such file or directory), client: 185.177.72.60, server: www.tokld.top, request: "GET /stripe.txt HTTP/1.1", host: "www.tokld.top"
2026/03/20 10:29:36 [error] 1066#0: *4096 open() "/www/wwwroot/www.tokld.top/settings/stripe.py" failed (2: No such file or directory), client: 185.177.72.60, server: www.tokld.top, request: "GET /settings/stripe.py HTTP/1.1", host: "www.tokld.top"
2026/03/20 10:29:36 [error] 1066#0: *4080 open() "/www/wwwroot/www.tokld.top/config/initializers/stripe.rb" failed (2: No such file or directory), client: 185.177.72.60, server: www.tokld.top, request: "GET /config/initializers/stripe.rb HTTP/1.1", host: "www.tokld.top"
2026/03/20 10:29:36 [error] 1066#0: *4111 open() "/www/wwwroot/www.tokld.top/stripe.save" failed (2: No such file or directory), client: 185.177.72.60, server: www.tokld.top, request: "GET /stripe.save HTTP/1.1", host: "www.tokld.top"
2026/03/20 10:29:36 [error] 1073#0: *4085 open() "/www/wwwroot/www.tokld.top/api/settings" failed (2: No such file or directory), client: 185.177.72.60, server: www.tokld.top, request: "GET /api/settings HTTP/1.1", host: "www.tokld.top"
2026/03/20 10:29:36 [error] 1066#0: *4091 open() "/www/wwwroot/www.tokld.top/api/v1/settings" failed (2: No such file or directory), client: 185.177.72.60, server: www.tokld.top, request: "GET /api/v1/settings HTTP/1.1", host: "www.tokld.top"
2026/03/20 10:29:36 [error] 1066#0: *4078 open() "/www/wwwroot/www.tokld.top/api/stripe/config" failed (2: No such file or directory), client: 185.177.72.60, server: www.tokld.top, request: "GET /api/stripe/config HTTP/1.1", host: "www.tokld.top"
2026/03/20 10:29:36 [error] 1066#0: *4088 open() "/www/wwwroot/www.tokld.top/api/payment/config" failed (2: No such file or directory), client: 185.177.72.60, server: www.tokld.top, request: "GET /api/payment/config HTTP/1.1", host: "www.tokld.top"
2026/03/20 10:29:36 [error] 1066#0: *4096 open() "/www/wwwroot/www.tokld.top/admin/config" failed (2: No such file or directory), client: 185.177.72.60, server: www.tokld.top, request: "GET /admin/config HTTP/1.1", host: "www.tokld.top"
2026/03/20 10:29:37 [error] 1066#0: *4090 open() "/www/wwwroot/www.tokld.top/admin/settings" failed (2: No such file or directory), client: 185.177.72.60, server: www.tokld.top, request: "GET /admin/settings HTTP/1.1", host: "www.tokld.top"
2026/03/20 10:29:37 [error] 1066#0: *4095 open() "/www/wwwroot/www.tokld.top/credentials.json" failed (2: No such file or directory), client: 185.177.72.60, server: www.tokld.top, request: "GET /credentials.json HTTP/1.1", host: "www.tokld.top"
2026/03/20 10:29:37 [error] 1066#0: *4071 open() "/www/wwwroot/www.tokld.top/credentials.txt" failed (2: No such file or directory), client: 185.177.72.60, server: www.tokld.top, request: "GET /credentials.txt HTTP/1.1", host: "www.tokld.top"
2026/03/20 10:29:37 [error] 1073#0: *4085 open() "/www/wwwroot/www.tokld.top/secrets.json" failed (2: No such file or directory), client: 185.177.72.60, server: www.tokld.top, request: "GET /secrets.json HTTP/1.1", host: "www.tokld.top"
2026/03/20 10:29:37 [error] 1066#0: *4091 open() "/www/wwwroot/www.tokld.top/secrets.yml" failed (2: No such file or directory), client: 185.177.72.60, server: www.tokld.top, request: "GET /secrets.yml HTTP/1.1", host: "www.tokld.top"
2026/03/20 10:29:37 [error] 1066#0: *4088 open() "/www/wwwroot/www.tokld.top/secrets.yaml" failed (2: No such file or directory), client: 185.177.72.60, server: www.tokld.top, request: "GET /secrets.yaml HTTP/1.1", host: "www.tokld.top"
2026/03/20 10:29:37 [error] 1066#0: *4071 open() "/www/wwwroot/www.tokld.top/config/secrets.yml" failed (2: No such file or directory), client: 185.177.72.60, server: www.tokld.top, request: "GET /config/secrets.yml HTTP/1.1", host: "www.tokld.top"
2026/03/20 10:29:37 [error] 1066#0: *4095 open() "/www/wwwroot/www.tokld.top/appsettings.json" failed (2: No such file or directory), client: 185.177.72.60, server: www.tokld.top, request: "GET /appsettings.json HTTP/1.1", host: "www.tokld.top"
2026/03/20 10:29:37 [error] 1066#0: *4084 open() "/www/wwwroot/www.tokld.top/config/credentials.yml" failed (2: No such file or directory), client: 185.177.72.60, server: www.tokld.top, request: "GET /config/credentials.yml HTTP/1.1", host: "www.tokld.top"
2026/03/20 10:29:37 [error] 1066#0: *4083 open() "/www/wwwroot/www.tokld.top/config/settings.json" failed (2: No such file or directory), client: 185.177.72.60, server: www.tokld.top, request: "GET /config/settings.json HTTP/1.1", host: "www.tokld.top"
2026/03/20 10:29:37 [error] 1066#0: *4093 open() "/www/wwwroot/www.tokld.top/config/config.json" failed (2: No such file or directory), client: 185.177.72.60, server: www.tokld.top, request: "GET /config/config.json HTTP/1.1", host: "www.tokld.top"
2026/03/20 10:29:37 [error] 1066#0: *4078 open() "/www/wwwroot/www.tokld.top/webhooks/settings.json" failed (2: No such file or directory), client: 185.177.72.60, server: www.tokld.top, request: "GET /webhooks/settings.json HTTP/1.1", host: "www.tokld.top"
2026/03/20 10:29:37 [error] 1066#0: *4108 open() "/www/wwwroot/www.tokld.top/instance/config.py" failed (2: No such file or directory), client: 185.177.72.60, server: www.tokld.top, request: "GET /instance/config.py HTTP/1.1", host: "www.tokld.top"
2026/03/20 10:29:37 [error] 1066#0: *4110 open() "/www/wwwroot/www.tokld.top/swagger.json" failed (2: No such file or directory), client: 185.177.72.60, server: www.tokld.top, request: "GET /swagger.json HTTP/1.1", host: "www.tokld.top"
2026/03/20 10:29:37 [error] 1066#0: *4111 open() "/www/wwwroot/www.tokld.top/app/config/parameters.yml" failed (2: No such file or directory), client: 185.177.72.60, server: www.tokld.top, request: "GET /app/config/parameters.yml HTTP/1.1", host: "www.tokld.top"
2026/03/20 10:29:37 [error] 1066#0: *4080 open() "/www/wwwroot/www.tokld.top/config/parameters.yml" failed (2: No such file or directory), client: 185.177.72.60, server: www.tokld.top, request: "GET /config/parameters.yml HTTP/1.1", host: "www.tokld.top"
2026/03/20 10:29:37 [error] 1066#0: *4083 open() "/www/wwwroot/www.tokld.top/parameters.yml" failed (2: No such file or directory), client: 185.177.72.60, server: www.tokld.top, request: "GET /parameters.yml HTTP/1.1", host: "www.tokld.top"
2026/03/20 10:29:38 [error] 1066#0: *4111 open() "/www/wwwroot/www.tokld.top/settings.py" failed (2: No such file or directory), client: 185.177.72.60, server: www.tokld.top, request: "GET /settings.py HTTP/1.1", host: "www.tokld.top"
2026/03/20 10:29:38 [error] 1066#0: *4090 open() "/www/wwwroot/www.tokld.top/config.yml" failed (2: No such file or directory), client: 185.177.72.60, server: www.tokld.top, request: "GET /config.yml HTTP/1.1", host: "www.tokld.top"
2026/03/20 10:29:38 [error] 1066#0: *4109 open() "/www/wwwroot/www.tokld.top/stripe.json" failed (2: No such file or directory), client: 185.177.72.60, server: www.tokld.top, request: "GET /stripe.json HTTP/1.1", host: "www.tokld.top"
2026/03/20 10:29:38 [error] 1066#0: *4115 open() "/www/wwwroot/www.tokld.top/config/payment.yml" failed (2: No such file or directory), client: 185.177.72.60, server: www.tokld.top, request: "GET /config/payment.yml HTTP/1.1", host: "www.tokld.top"
2026/03/20 10:29:38 [error] 1066#0: *4118 open() "/www/wwwroot/www.tokld.top/api/v1/config" failed (2: No such file or directory), client: 185.177.72.60, server: www.tokld.top, request: "GET /api/v1/config HTTP/1.1", host: "www.tokld.top"
2026/03/20 10:29:38 [error] 1066#0: *4084 open() "/www/wwwroot/www.tokld.top/config.inc" failed (2: No such file or directory), client: 185.177.72.60, server: www.tokld.top, request: "GET /config.inc HTTP/1.1", host: "www.tokld.top"
2026/03/20 10:29:38 [error] 1073#0: *4085 open() "/www/wwwroot/www.tokld.top/config/database.yml" failed (2: No such file or directory), client: 185.177.72.60, server: www.tokld.top, request: "GET /config/database.yml HTTP/1.1", host: "www.tokld.top"
2026/03/20 10:29:38 [error] 1066#0: *4095 open() "/www/wwwroot/www.tokld.top/backend/config/default.yml" failed (2: No such file or directory), client: 185.177.72.60, server: www.tokld.top, request: "GET /backend/config/default.yml HTTP/1.1", host: "www.tokld.top"
2026/03/20 10:29:38 [error] 1066#0: *4091 open() "/www/wwwroot/www.tokld.top/backend/config/settings.yml" failed (2: No such file or directory), client: 185.177.72.60, server: www.tokld.top, request: "GET /backend/config/settings.yml HTTP/1.1", host: "www.tokld.top"
2026/03/20 10:29:38 [error] 1066#0: *4110 open() "/www/wwwroot/www.tokld.top/serverless.yml" failed (2: No such file or directory), client: 185.177.72.60, server: www.tokld.top, request: "GET /serverless.yml HTTP/1.1", host: "www.tokld.top"
2026/03/20 10:29:38 [error] 1066#0: *4096 open() "/www/wwwroot/www.tokld.top/.aws/credentials" failed (2: No such file or directory), client: 185.177.72.60, server: www.tokld.top, request: "GET /.aws/credentials HTTP/1.1", host: "www.tokld.top"
2026/03/20 10:29:38 [error] 1066#0: *4111 open() "/www/wwwroot/www.tokld.top/aws/credentials" failed (2: No such file or directory), client: 185.177.72.60, server: www.tokld.top, request: "GET /aws/credentials HTTP/1.1", host: "www.tokld.top"
2026/03/20 10:29:38 [error] 1066#0: *4115 open() "/www/wwwroot/www.tokld.top/.aws/config" failed (2: No such file or directory), client: 185.177.72.60, server: www.tokld.top, request: "GET /.aws/config HTTP/1.1", host: "www.tokld.top"
2026/03/20 10:29:38 [error] 1066#0: *4118 open() "/www/wwwroot/www.tokld.top/aws-secret.yaml" failed (2: No such file or directory), client: 185.177.72.60, server: www.tokld.top, request: "GET /aws-secret.yaml HTTP/1.1", host: "www.tokld.top"
2026/03/20 10:29:38 [error] 1066#0: *4088 open() "/www/wwwroot/www.tokld.top/.travis.yml" failed (2: No such file or directory), client: 185.177.72.60, server: www.tokld.top, request: "GET /.travis.yml HTTP/1.1", host: "www.tokld.top"
2026/03/20 10:29:38 [error] 1066#0: *4110 open() "/www/wwwroot/www.tokld.top/.circleci/config.yml" failed (2: No such file or directory), client: 185.177.72.60, server: www.tokld.top, request: "GET /.circleci/config.yml HTTP/1.1", host: "www.tokld.top"
2026/03/20 10:29:38 [error] 1066#0: *4071 open() "/www/wwwroot/www.tokld.top/.bitbucket/pipelines.yml" failed (2: No such file or directory), client: 185.177.72.60, server: www.tokld.top, request: "GET /.bitbucket/pipelines.yml HTTP/1.1", host: "www.tokld.top"
2026/03/20 10:29:38 [error] 1066#0: *4108 open() "/www/wwwroot/www.tokld.top/_profiler/phpinfo" failed (2: No such file or directory), client: 185.177.72.60, server: www.tokld.top, request: "GET /_profiler/phpinfo HTTP/1.1", host: "www.tokld.top"
2026/03/20 10:29:38 [error] 1066#0: *4080 open() "/www/wwwroot/www.tokld.top/phpinfo" failed (2: No such file or directory), client: 185.177.72.60, server: www.tokld.top, request: "GET /phpinfo HTTP/1.1", host: "www.tokld.top"
2026/03/20 10:29:38 [error] 1066#0: *4113 open() "/www/wwwroot/www.tokld.top/app/config/stripe.yml" failed (2: No such file or directory), client: 185.177.72.60, server: www.tokld.top, request: "GET /app/config/stripe.yml HTTP/1.1", host: "www.tokld.top"
2026/03/20 10:29:38 [error] 1066#0: *4083 open() "/www/wwwroot/www.tokld.top/horizon/api/stats" failed (2: No such file or directory), client: 185.177.72.60, server: www.tokld.top, request: "GET /horizon/api/stats HTTP/1.1", host: "www.tokld.top"
2026/03/20 10:29:38 [error] 1066#0: *4116 open() "/www/wwwroot/www.tokld.top/api/config" failed (2: No such file or directory), client: 185.177.72.60, server: www.tokld.top, request: "GET /api/config HTTP/1.1", host: "www.tokld.top"
2026/03/20 10:29:38 [error] 1066#0: *4093 open() "/www/wwwroot/www.tokld.top/manage/env" failed (2: No such file or directory), client: 185.177.72.60, server: www.tokld.top, request: "GET /manage/env HTTP/1.1", host: "www.tokld.top"
2026/03/20 10:29:39 [error] 1066#0: *4096 open() "/www/wwwroot/www.tokld.top/debug/default/view" failed (2: No such file or directory), client: 185.177.72.60, server: www.tokld.top, request: "GET /debug/default/view HTTP/1.1", host: "www.tokld.top"
2026/03/20 10:29:39 [error] 1066#0: *4080 open() "/www/wwwroot/www.tokld.top/server-info" failed (2: No such file or directory), client: 185.177.72.60, server: www.tokld.top, request: "GET /server-info HTTP/1.1", host: "www.tokld.top"
2026/03/20 10:29:40 [error] 1066#0: *4145 open() "/www/wwwroot/www.tokld.top/_profiler/latest" failed (2: No such file or directory), client: 185.177.72.60, server: www.tokld.top, request: "GET /_profiler/latest HTTP/1.1", host: "www.tokld.top"
2026/03/20 10:29:40 [error] 1066#0: *4144 FastCGI sent in stderr: "Primary script unknown" while reading response header from upstream, client: 185.177.72.60, server: www.tokld.top, request: "GET /app_dev.php/_profiler/phpinfo HTTP/1.1", upstream: "fastcgi://unix:/tmp/php-cgi-74.sock:", host: "www.tokld.top"
2026/03/20 10:32:47 [error] 1066#0: *4793 open() "/www/wwwroot/www.tokld.top/favicon.ico" failed (2: No such file or directory), client: 111.254.37.245, server: www.tokld.top, request: "GET /favicon.ico HTTP/2.0", host: "www.tokld.top", referrer: "https://www.tokld.top/mk/?ldtag_cl=kVGm9qhoQ5C1X1goNgnq-wAA&lt_r=067"
2026/03/20 10:34:58 [error] 1066#0: *5163 open() "/www/wwwroot/www.tokld.top/favicon.ico" failed (2: No such file or directory), client: 42.79.240.193, server: www.tokld.top, request: "GET /favicon.ico HTTP/2.0", host: "www.tokld.top", referrer: "https://www.tokld.top/mk/?ldtag_cl=0mQaO5O9RQWIZJF0R0SF4wAA&lt_r=051"
2026/03/20 10:37:29 [error] 1066#0: *5669 open() "/www/wwwroot/www.tokld.top/favicon.ico" failed (2: No such file or directory), client: 43.213.190.229, server: www.tokld.top, request: "GET /favicon.ico HTTP/2.0", host: "www.tokld.top", referrer: "https://www.tokld.top/mk/js/min.php"
2026/03/20 10:37:30 [error] 1066#0: *5671 open() "/www/wwwroot/www.tokld.top/favicon.ico" failed (2: No such file or directory), client: 43.213.190.229, server: www.tokld.top, request: "GET /favicon.ico HTTP/1.1", host: "www.tokld.top"
2026/03/20 10:40:17 [error] 1066#0: *6280 open() "/www/wwwroot/www.tokld.top/favicon.ico" failed (2: No such file or directory), client: 27.240.66.184, server: www.tokld.top, request: "GET /favicon.ico HTTP/2.0", host: "www.tokld.top", referrer: "https://www.tokld.top/mk/?ldtag_cl=e23mT_x1S4WUGcgLMBQAtQAA&lt_r=216"
2026/03/20 10:41:39 [error] 1066#0: *6537 open() "/www/wwwroot/www.tokld.top/favicon.ico" failed (2: No such file or directory), client: 1.169.4.125, server: www.tokld.top, request: "GET /favicon.ico HTTP/2.0", host: "www.tokld.top", referrer: "https://www.tokld.top/mk/?ldtag_cl=u-jOb-hrSPG_wbrvpQJ4ugAA&lt_r=192"
2026/03/20 10:46:17 [error] 1066#0: *7233 open() "/www/wwwroot/www.tokld.top/favicon.ico" failed (2: No such file or directory), client: 43.213.190.229, server: www.tokld.top, request: "GET /favicon.ico HTTP/2.0", host: "www.tokld.top", referrer: "https://www.tokld.top/mk/js/min.php"
2026/03/20 10:46:18 [error] 1066#0: *7235 open() "/www/wwwroot/www.tokld.top/favicon.ico" failed (2: No such file or directory), client: 43.213.190.229, server: www.tokld.top, request: "GET /favicon.ico HTTP/1.1", host: "www.tokld.top"
2026/03/20 10:56:46 [error] 1066#0: *8629 open() "/www/wwwroot/www.tokld.top/favicon.ico" failed (2: No such file or directory), client: 42.71.107.246, server: www.tokld.top, request: "GET /favicon.ico HTTP/2.0", host: "www.tokld.top", referrer: "https://www.tokld.top/mk/?ldtag_cl=ktQgWmcVTdyovIs1IuetvAAA&lt_r=238"
2026/03/20 10:57:01 [error] 1066#0: *8695 open() "/www/wwwroot/www.tokld.top/favicon.ico" failed (2: No such file or directory), client: 125.212.159.201, server: www.tokld.top, request: "GET /favicon.ico HTTP/2.0", host: "www.tokld.top", referrer: "https://www.tokld.top/mk/?ldtag_cl=Hh4Z57eyR62QgmpfDVKOjgAA&lt_r=165"
2026/03/20 10:57:32 [error] 1066#0: *8794 open() "/www/wwwroot/www.tokld.top/favicon.ico" failed (2: No such file or directory), client: 39.15.24.72, server: www.tokld.top, request: "GET /favicon.ico HTTP/2.0", host: "www.tokld.top", referrer: "https://www.tokld.top/mk/?ldtag_cl=nKNv4xOFTjGeO7mtfoqIPQAA&lt_r=154"
2026/03/20 11:02:21 [error] 1066#0: *9608 open() "/www/wwwroot/www.tokld.top/favicon.ico" failed (2: No such file or directory), client: 182.239.93.31, server: www.tokld.top, request: "GET /favicon.ico HTTP/2.0", host: "www.tokld.top", referrer: "https://www.tokld.top/mk/?ldtag_cl=7TArheTSTDqT71Ix4KSMRQAA&lt_r=160"
2026/03/20 11:05:40 [error] 1066#0: *10243 open() "/www/wwwroot/www.tokld.top/favicon.ico" failed (2: No such file or directory), client: 223.141.200.12, server: www.tokld.top, request: "GET /favicon.ico HTTP/2.0", host: "www.tokld.top", referrer: "https://www.tokld.top/mk/?ldtag_cl=x8mY_RVMQxu1LoBoT0okFAAA&lt_r=108"
2026/03/20 11:11:25 [error] 1066#0: *10874 open() "/www/wwwroot/www.tokld.top/favicon.ico" failed (2: No such file or directory), client: 195.86.65.95, server: www.tokld.top, request: "GET /favicon.ico HTTP/2.0", host: "www.tokld.top", referrer: "https://www.tokld.top/mk/js/min.php"
2026/03/20 11:11:26 [error] 1066#0: *10876 open() "/www/wwwroot/www.tokld.top/favicon.ico" failed (2: No such file or directory), client: 195.86.65.94, server: www.tokld.top, request: "GET /favicon.ico HTTP/1.1", host: "www.tokld.top"
2026/03/20 11:14:49 [error] 1066#0: *11328 open() "/www/wwwroot/www.tokld.top/favicon.ico" failed (2: No such file or directory), client: 111.251.184.158, server: www.tokld.top, request: "GET /favicon.ico HTTP/2.0", host: "www.tokld.top", referrer: "https://www.tokld.top/mk/?ldtag_cl=5K8mmqzXROmC0o8f37eABwAA&lt_r=218"
2026/03/20 11:19:03 [error] 1066#0: *11900 open() "/www/wwwroot/www.tokld.top/favicon.ico" failed (2: No such file or directory), client: 195.86.65.116, server: www.tokld.top, request: "GET /favicon.ico HTTP/2.0", host: "www.tokld.top", referrer: "https://www.tokld.top/mk/js/min.php"
2026/03/20 11:19:04 [error] 1066#0: *11903 open() "/www/wwwroot/www.tokld.top/favicon.ico" failed (2: No such file or directory), client: 195.86.65.110, server: www.tokld.top, request: "GET /favicon.ico HTTP/1.1", host: "www.tokld.top"
2026/03/20 11:19:07 [error] 1066#0: *11914 open() "/www/wwwroot/www.tokld.top/favicon.ico" failed (2: No such file or directory), client: 42.78.190.250, server: www.tokld.top, request: "GET /favicon.ico HTTP/2.0", host: "www.tokld.top"
2026/03/20 11:22:34 [error] 1066#0: *12457 open() "/www/wwwroot/www.tokld.top/favicon.ico" failed (2: No such file or directory), client: 36.239.149.96, server: www.tokld.top, request: "GET /favicon.ico HTTP/2.0", host: "www.tokld.top", referrer: "https://www.tokld.top/mk/?ldtag_cl=vIeYgKSETdieBvoiABED4AAA&lt_r=125"
2026/03/20 11:29:14 [error] 1066#0: *13851 open() "/www/wwwroot/www.tokld.top/favicon.ico" failed (2: No such file or directory), client: 36.238.85.63, server: www.tokld.top, request: "GET /favicon.ico HTTP/2.0", host: "www.tokld.top", referrer: "https://www.tokld.top/mk/?ldtag_cl=HS9T3_6sSQmD-ybvveAWSwAA&lt_r=009"
2026/03/20 11:35:21 [error] 1066#0: *14985 open() "/www/wwwroot/www.tokld.top/favicon.ico" failed (2: No such file or directory), client: 223.137.175.138, server: www.tokld.top, request: "GET /favicon.ico HTTP/2.0", host: "www.tokld.top"
2026/03/20 11:37:49 [error] 1066#0: *15410 open() "/www/wwwroot/www.tokld.top/favicon.ico" failed (2: No such file or directory), client: 195.86.65.111, server: www.tokld.top, request: "GET /favicon.ico HTTP/2.0", host: "www.tokld.top", referrer: "https://www.tokld.top/mk/js/min.php"
2026/03/20 11:37:50 [error] 1066#0: *15419 open() "/www/wwwroot/www.tokld.top/favicon.ico" failed (2: No such file or directory), client: 195.86.65.106, server: www.tokld.top, request: "GET /favicon.ico HTTP/1.1", host: "www.tokld.top"
2026/03/20 11:38:55 [error] 1066#0: *15706 open() "/www/wwwroot/www.tokld.top/robots.txt" failed (2: No such file or directory), client: 74.7.175.149, server: www.tokld.top, request: "GET /robots.txt HTTP/2.0", host: "www.tokld.top"
2026/03/20 11:42:24 [error] 1066#0: *16332 open() "/www/wwwroot/www.tokld.top/favicon.ico" failed (2: No such file or directory), client: 39.15.41.240, server: www.tokld.top, request: "GET /favicon.ico HTTP/2.0", host: "www.tokld.top"
2026/03/20 11:43:29 [error] 1066#0: *16479 open() "/www/wwwroot/www.tokld.top/favicon.ico" failed (2: No such file or directory), client: 203.168.240.120, server: www.tokld.top, request: "GET /favicon.ico HTTP/2.0", host: "www.tokld.top", referrer: "https://www.tokld.top/mk/"
2026/03/20 11:46:41 [error] 1066#0: *17180 open() "/www/wwwroot/www.tokld.top/robots.txt" failed (2: No such file or directory), client: 74.7.175.149, server: www.tokld.top, request: "GET /robots.txt HTTP/2.0", host: "www.tokld.top"
2026/03/20 11:49:37 [error] 1066#0: *17825 open() "/www/wwwroot/www.tokld.top/favicon.ico" failed (2: No such file or directory), client: 203.168.240.119, server: www.tokld.top, request: "GET /favicon.ico HTTP/2.0", host: "www.tokld.top", referrer: "https://www.tokld.top/kd/"
2026/03/20 11:50:42 [error] 1066#0: *18009 open() "/www/wwwroot/www.tokld.top/favicon.ico" failed (2: No such file or directory), client: 49.215.59.40, server: www.tokld.top, request: "GET /favicon.ico HTTP/2.0", host: "www.tokld.top", referrer: "https://www.tokld.top/mk/?ldtag_cl=haS2uSJuSY2auhBNk-xxegAA&lt_r=066"
2026/03/20 11:51:26 [error] 1066#0: *18141 open() "/www/wwwroot/www.tokld.top/favicon.ico" failed (2: No such file or directory), client: 195.86.65.120, server: www.tokld.top, request: "GET /favicon.ico HTTP/2.0", host: "www.tokld.top", referrer: "https://www.tokld.top/mk/js/min.php"
2026/03/20 11:51:27 [error] 1066#0: *18148 open() "/www/wwwroot/www.tokld.top/favicon.ico" failed (2: No such file or directory), client: 195.86.65.118, server: www.tokld.top, request: "GET /favicon.ico HTTP/1.1", host: "www.tokld.top"
2026/03/20 11:51:31 [error] 1066#0: *18141 open() "/www/wwwroot/www.tokld.top/favicon.ico" failed (2: No such file or directory), client: 195.86.65.120, server: www.tokld.top, request: "GET /favicon.ico HTTP/2.0", host: "www.tokld.top", referrer: "https://www.tokld.top/mk/js/min.php"
2026/03/20 11:51:31 [error] 1066#0: *18148 open() "/www/wwwroot/www.tokld.top/favicon.ico" failed (2: No such file or directory), client: 195.86.65.118, server: www.tokld.top, request: "GET /favicon.ico HTTP/1.1", host: "www.tokld.top"
2026/03/20 11:52:06 [error] 1066#0: *18348 open() "/www/wwwroot/www.tokld.top/favicon.ico" failed (2: No such file or directory), client: 49.217.201.41, server: www.tokld.top, request: "GET /favicon.ico HTTP/2.0", host: "www.tokld.top"
2026/03/20 11:52:06 [error] 1066#0: *18348 open() "/www/wwwroot/www.tokld.top/favicon.ico" failed (2: No such file or directory), client: 49.217.201.41, server: www.tokld.top, request: "GET /favicon.ico HTTP/2.0", host: "www.tokld.top"
2026/03/20 11:54:28 [error] 1066#0: *19081 open() "/www/wwwroot/www.tokld.top/favicon.ico" failed (2: No such file or directory), client: 195.86.65.109, server: www.tokld.top, request: "GET /favicon.ico HTTP/2.0", host: "www.tokld.top", referrer: "https://www.tokld.top/mk/js/min.php"
2026/03/20 11:54:28 [error] 1066#0: *19083 open() "/www/wwwroot/www.tokld.top/favicon.ico" failed (2: No such file or directory), client: 195.86.65.118, server: www.tokld.top, request: "GET /favicon.ico HTTP/1.1", host: "www.tokld.top"
2026/03/20 11:54:30 [error] 1066#0: *19081 open() "/www/wwwroot/www.tokld.top/favicon.ico" failed (2: No such file or directory), client: 195.86.65.109, server: www.tokld.top, request: "GET /favicon.ico HTTP/2.0", host: "www.tokld.top", referrer: "https://www.tokld.top/mk/js/min.php"
2026/03/20 11:54:30 [error] 1066#0: *19083 open() "/www/wwwroot/www.tokld.top/favicon.ico" failed (2: No such file or directory), client: 195.86.65.118, server: www.tokld.top, request: "GET /favicon.ico HTTP/1.1", host: "www.tokld.top"
2026/03/20 11:55:15 [error] 1066#0: *19081 open() "/www/wwwroot/www.tokld.top/favicon.ico" failed (2: No such file or directory), client: 195.86.65.109, server: www.tokld.top, request: "GET /favicon.ico HTTP/2.0", host: "www.tokld.top", referrer: "https://www.tokld.top/mk/js/min.php"
2026/03/20 11:55:16 [error] 1066#0: *19083 open() "/www/wwwroot/www.tokld.top/favicon.ico" failed (2: No such file or directory), client: 195.86.65.118, server: www.tokld.top, request: "GET /favicon.ico HTTP/1.1", host: "www.tokld.top"
2026/03/20 11:55:16 [error] 1066#0: *19081 open() "/www/wwwroot/www.tokld.top/favicon.ico" failed (2: No such file or directory), client: 195.86.65.109, server: www.tokld.top, request: "GET /favicon.ico HTTP/2.0", host: "www.tokld.top", referrer: "https://www.tokld.top/mk/js/min.php"
2026/03/20 11:55:17 [error] 1066#0: *19083 open() "/www/wwwroot/www.tokld.top/favicon.ico" failed (2: No such file or directory), client: 195.86.65.118, server: www.tokld.top, request: "GET /favicon.ico HTTP/1.1", host: "www.tokld.top"
2026/03/20 11:57:23 [error] 1066#0: *19670 open() "/www/wwwroot/www.tokld.top/robots.txt" failed (2: No such file or directory), client: 74.7.175.149, server: www.tokld.top, request: "GET /robots.txt HTTP/2.0", host: "www.tokld.top"
2026/03/20 11:58:04 [error] 1066#0: *19839 open() "/www/wwwroot/www.tokld.top/favicon.ico" failed (2: No such file or directory), client: 124.211.38.225, server: www.tokld.top, request: "GET /favicon.ico HTTP/2.0", host: "www.tokld.top", referrer: "https://www.tokld.top/mk/?ldtag_cl=005dfdcd-bb80-4d8b-aa99-8ac991fac77e"
2026/03/20 11:58:55 [error] 1066#0: *20049 open() "/www/wwwroot/www.tokld.top/favicon.ico" failed (2: No such file or directory), client: 147.92.234.237, server: www.tokld.top, request: "GET /favicon.ico HTTP/2.0", host: "www.tokld.top", referrer: "https://www.tokld.top/mk/"
2026/03/20 11:58:56 [error] 1066#0: *20059 open() "/www/wwwroot/www.tokld.top/favicon.ico" failed (2: No such file or directory), client: 147.92.234.234, server: www.tokld.top, request: "GET /favicon.ico HTTP/2.0", host: "www.tokld.top", referrer: "https://www.tokld.top/mk/"
2026/03/20 11:59:00 [error] 1066#0: *20083 open() "/www/wwwroot/www.tokld.top/favicon.ico" failed (2: No such file or directory), client: 147.92.235.9, server: www.tokld.top, request: "GET /favicon.ico HTTP/2.0", host: "www.tokld.top", referrer: "https://www.tokld.top/mk/"
2026/03/20 12:07:18 [error] 1066#0: *21625 open() "/www/wwwroot/www.tokld.top/favicon.ico" failed (2: No such file or directory), client: 223.139.160.5, server: www.tokld.top, request: "GET /favicon.ico HTTP/2.0", host: "www.tokld.top", referrer: "https://www.tokld.top/mk/?ldtag_cl=9972_qkyQju5gInZMUG1xgAA&lt_r=025"
2026/03/20 12:16:29 [error] 1066#0: *22960 open() "/www/wwwroot/www.tokld.top/favicon.ico" failed (2: No such file or directory), client: 39.12.92.205, server: www.tokld.top, request: "GET /favicon.ico HTTP/2.0", host: "www.tokld.top", referrer: "https://www.tokld.top/mk/?ldtag_cl=G7ZEufDYT12I1hB16z0wUQAA&lt_r=052"
2026/03/20 12:28:02 [error] 1066#0: *25648 open() "/www/wwwroot/www.tokld.top/favicon.ico" failed (2: No such file or directory), client: 101.8.247.135, server: www.tokld.top, request: "GET /favicon.ico HTTP/2.0", host: "www.tokld.top", referrer: "https://www.tokld.top/mk/?ldtag_cl=rpjsKpy6QkiXnp4SQb61sgAA&lt_r=242"
2026/03/20 12:34:03 [error] 1066#0: *26885 open() "/www/wwwroot/www.tokld.top/favicon.ico" failed (2: No such file or directory), client: 61.228.79.100, server: www.tokld.top, request: "GET /favicon.ico HTTP/2.0", host: "www.tokld.top"
2026/03/20 12:34:13 [error] 1066#0: *26899 open() "/www/wwwroot/www.tokld.top/robots.txt" failed (2: No such file or directory), client: 74.7.175.149, server: www.tokld.top, request: "GET /robots.txt HTTP/2.0", host: "www.tokld.top"
2026/03/20 12:36:42 [error] 1066#0: *27294 open() "/www/wwwroot/www.tokld.top/favicon.ico" failed (2: No such file or directory), client: 49.216.186.255, server: www.tokld.top, request: "GET /favicon.ico HTTP/2.0", host: "www.tokld.top", referrer: "https://www.tokld.top/mk/?ldtag_cl=m3QFYX8CSKeq8ZUO2nH6RwAA&lt_r=082"
2026/03/20 12:38:42 [error] 1066#0: *27602 open() "/www/wwwroot/www.tokld.top/favicon.ico" failed (2: No such file or directory), client: 27.51.33.49, server: www.tokld.top, request: "GET /favicon.ico HTTP/2.0", host: "www.tokld.top", referrer: "https://www.tokld.top/mk/?ldtag_cl=D-TKfRZ0REKMI1AQjqRW_QAA&lt_r=100"
