2026/03/20 15:24:01 [error] 1066#0: *47122 open() "/www/wwwroot/www.tokld.top/dwcc/cnfig/setinf" failed (2: No such file or directory), client: 165.154.42.34, server: www.tokld.top, request: "GET /dwcc/cnfig/setinf HTTP/1.1", host: "www.tokld.top", referrer: "http://www.tokld.top/dwcc/cnfig/setinf"
2026/03/20 15:24:01 [error] 1066#0: *47127 open() "/www/wwwroot/www.tokld.top/kdata/selectMqUrl" failed (2: No such file or directory), client: 165.154.42.34, server: www.tokld.top, request: "GET /kdata/selectMqUrl HTTP/1.1", host: "www.tokld.top", referrer: "http://www.tokld.top/kdata/selectMqUrl"
2026/03/20 15:24:01 [error] 1066#0: *47127 open() "/www/wwwroot/www.tokld.top/api/system/config" failed (2: No such file or directory), client: 165.154.42.34, server: www.tokld.top, request: "GET /api/system/config HTTP/1.1", host: "www.tokld.top", referrer: "http://www.tokld.top/api/system/config"
2026/03/20 15:24:01 [error] 1066#0: *47128 open() "/www/wwwroot/www.tokld.top/api/user/confinfo" failed (2: No such file or directory), client: 165.154.42.34, server: www.tokld.top, request: "GET /api/user/confinfo HTTP/1.1", host: "www.tokld.top", referrer: "http://www.tokld.top/api/user/confinfo"
2026/03/20 15:24:01 [error] 1066#0: *47122 open() "/www/wwwroot/www.tokld.top/qishui/qishui.html" failed (2: No such file or directory), client: 165.154.42.34, server: www.tokld.top, request: "GET /qishui/qishui.html HTTP/1.1", host: "www.tokld.top", referrer: "http://www.tokld.top/qishui/qishui.html"
2026/03/20 15:24:01 [error] 1066#0: *47129 open() "/www/wwwroot/www.tokld.top/api/uploads/apimap" failed (2: No such file or directory), client: 165.154.42.34, server: www.tokld.top, request: "GET /api/uploads/apimap HTTP/1.1", host: "www.tokld.top", referrer: "http://www.tokld.top/api/uploads/apimap"
2026/03/20 15:24:01 [error] 1066#0: *47130 open() "/www/wwwroot/www.tokld.top/mobile/preference" failed (2: No such file or directory), client: 165.154.42.34, server: www.tokld.top, request: "GET /mobile/preference HTTP/1.1", host: "www.tokld.top", referrer: "http://www.tokld.top/mobile/preference"
2026/03/20 15:24:01 [error] 1066#0: *47125 open() "/www/wwwroot/www.tokld.top/TikTok/TikTok.html" failed (2: No such file or directory), client: 165.154.42.34, server: www.tokld.top, request: "GET /TikTok/TikTok.html HTTP/1.1", host: "www.tokld.top", referrer: "http://www.tokld.top/TikTok/TikTok.html"
2026/03/20 15:24:01 [error] 1066#0: *47133 open() "/www/wwwroot/www.tokld.top/douyin/douyin.html" failed (2: No such file or directory), client: 165.154.42.34, server: www.tokld.top, request: "GET /douyin/douyin.html HTTP/1.1", host: "www.tokld.top", referrer: "http://www.tokld.top/douyin/douyin.html"
2026/03/20 15:24:01 [error] 1066#0: *47130 open() "/www/wwwroot/www.tokld.top/instatll" failed (2: No such file or directory), client: 165.154.42.34, server: www.tokld.top, request: "GET /instatll?tag=matto HTTP/1.1", host: "www.tokld.top", referrer: "http://www.tokld.top/instatll%3Ftag%3Dmatto"
2026/03/20 15:24:01 [error] 1066#0: *47125 open() "/www/wwwroot/www.tokld.top/home/realtime/data" failed (2: No such file or directory), client: 165.154.42.34, server: www.tokld.top, request: "GET /home/realtime/data HTTP/1.1", host: "www.tokld.top", referrer: "http://www.tokld.top/home/realtime/data"
2026/03/20 15:24:01 [error] 1066#0: *47128 open() "/www/wwwroot/www.tokld.top/api/chat/fish_init" failed (2: No such file or directory), client: 165.154.42.34, server: www.tokld.top, request: "GET /api/chat/fish_init HTTP/1.1", host: "www.tokld.top", referrer: "http://www.tokld.top/api/chat/fish_init"
2026/03/20 15:24:01 [error] 1066#0: *47127 open() "/www/wwwroot/www.tokld.top/api/product/getAll" failed (2: No such file or directory), client: 165.154.42.34, server: www.tokld.top, request: "GET /api/product/getAll HTTP/1.1", host: "www.tokld.top", referrer: "http://www.tokld.top/api/product/getAll"
2026/03/20 15:24:01 [error] 1066#0: *47125 open() "/www/wwwroot/www.tokld.top/images/step-3.webp" failed (2: No such file or directory), client: 165.154.42.34, server: www.tokld.top, request: "GET /images/step-3.webp HTTP/1.1", host: "www.tokld.top", referrer: "http://www.tokld.top/images/step-3.webp"
2026/03/20 15:24:01 [error] 1066#0: *47117 open() "/www/wwwroot/www.tokld.top/dapp/api/getBanner" failed (2: No such file or directory), client: 165.154.42.34, server: www.tokld.top, request: "GET /dapp/api/getBanner HTTP/1.1", host: "www.tokld.top", referrer: "http://www.tokld.top/dapp/api/getBanner"
2026/03/20 15:24:01 [error] 1066#0: *47130 open() "/www/wwwroot/www.tokld.top/im/index/user.html" failed (2: No such file or directory), client: 165.154.42.34, server: www.tokld.top, request: "GET /im/index/user.html HTTP/1.1", host: "www.tokld.top", referrer: "http://www.tokld.top/im/index/user.html"
2026/03/20 15:24:01 [error] 1066#0: *47133 open() "/www/wwwroot/www.tokld.top/home/index/getcode" failed (2: No such file or directory), client: 165.154.42.34, server: www.tokld.top, request: "GET /home/index/getcode HTTP/1.1", host: "www.tokld.top", referrer: "http://www.tokld.top/home/index/getcode"
2026/03/20 15:24:02 [error] 1066#0: *47130 open() "/www/wwwroot/www.tokld.top/api/site/getInfo.do" failed (2: No such file or directory), client: 165.154.42.34, server: www.tokld.top, request: "GET /api/site/getInfo.do HTTP/1.1", host: "www.tokld.top", referrer: "http://www.tokld.top/api/site/getInfo.do"
2026/03/20 15:24:02 [error] 1066#0: *47133 open() "/www/wwwroot/www.tokld.top/Content/favicon.ico" failed (2: No such file or directory), client: 165.154.42.34, server: www.tokld.top, request: "GET /Content/favicon.ico HTTP/1.1", host: "www.tokld.top", referrer: "http://www.tokld.top/Content/favicon.ico"
2026/03/20 15:24:02 [error] 1066#0: *47129 open() "/www/wwwroot/www.tokld.top/api/v1/setting/main" failed (2: No such file or directory), client: 165.154.42.34, server: www.tokld.top, request: "GET /api/v1/setting/main HTTP/1.1", host: "www.tokld.top", referrer: "http://www.tokld.top/api/v1/setting/main"
2026/03/20 15:24:02 [error] 1066#0: *47117 open() "/www/wwwroot/www.tokld.top/api/index/webconfig" failed (2: No such file or directory), client: 165.154.42.34, server: www.tokld.top, request: "GET /api/index/webconfig HTTP/1.1", host: "www.tokld.top", referrer: "http://www.tokld.top/api/index/webconfig"
2026/03/20 15:24:02 [error] 1066#0: *47127 open() "/www/wwwroot/www.tokld.top/api/message/webInfo" failed (2: No such file or directory), client: 165.154.42.34, server: www.tokld.top, request: "GET /api/message/webInfo HTTP/1.1", host: "www.tokld.top", referrer: "http://www.tokld.top/api/message/webInfo"
2026/03/20 15:24:02 [error] 1066#0: *47127 open() "/www/wwwroot/www.tokld.top/api/latestSdkConfig" failed (2: No such file or directory), client: 165.154.42.34, server: www.tokld.top, request: "GET /api/latestSdkConfig HTTP/1.1", host: "www.tokld.top", referrer: "http://www.tokld.top/api/latestSdkConfig"
2026/03/20 15:24:02 [error] 1066#0: *47117 open() "/www/wwwroot/www.tokld.top/wap-api/banner/list" failed (2: No such file or directory), client: 165.154.42.34, server: www.tokld.top, request: "GET /wap-api/banner/list HTTP/1.1", host: "www.tokld.top", referrer: "http://www.tokld.top/wap-api/banner/list"
2026/03/20 15:24:02 [error] 1066#0: *47125 open() "/www/wwwroot/www.tokld.top/api/v1/seller/login" failed (2: No such file or directory), client: 165.154.42.34, server: www.tokld.top, request: "GET /api/v1/seller/login HTTP/1.1", host: "www.tokld.top", referrer: "http://www.tokld.top/api/v1/seller/login"
2026/03/20 15:24:02 [error] 1066#0: *47122 open() "/www/wwwroot/www.tokld.top/api/index/gettreaty" failed (2: No such file or directory), client: 165.154.42.34, server: www.tokld.top, request: "GET /api/index/gettreaty HTTP/1.1", host: "www.tokld.top", referrer: "http://www.tokld.top/api/index/gettreaty"
2026/03/20 15:24:02 [error] 1066#0: *47128 open() "/www/wwwroot/www.tokld.top/api/Uploads/apiimei" failed (2: No such file or directory), client: 165.154.42.34, server: www.tokld.top, request: "GET /api/Uploads/apiimei HTTP/1.1", host: "www.tokld.top", referrer: "http://www.tokld.top/api/Uploads/apiimei"
2026/03/20 15:24:02 [error] 1066#0: *47122 open() "/www/wwwroot/www.tokld.top/other/getTopQuestion" failed (2: No such file or directory), client: 165.154.42.34, server: www.tokld.top, request: "GET /other/getTopQuestion HTTP/1.1", host: "www.tokld.top", referrer: "http://www.tokld.top/other/getTopQuestion"
2026/03/20 15:24:02 [error] 1066#0: *47133 open() "/www/wwwroot/www.tokld.top/api/getWebSiteConfig" failed (2: No such file or directory), client: 165.154.42.34, server: www.tokld.top, request: "GET /api/getWebSiteConfig HTTP/1.1", host: "www.tokld.top", referrer: "http://www.tokld.top/api/getWebSiteConfig"
2026/03/20 15:24:02 [error] 1066#0: *47125 FastCGI sent in stderr: "Primary script unknown" while reading response header from upstream, client: 165.154.42.34, server: www.tokld.top, request: "GET /api.php/index/system HTTP/1.1", upstream: "fastcgi://unix:/tmp/php-cgi-74.sock:", host: "www.tokld.top", referrer: "http://www.tokld.top/api.php/index/system"
2026/03/20 15:24:02 [error] 1066#0: *47129 open() "/www/wwwroot/www.tokld.top/data/json/config.json" failed (2: No such file or directory), client: 165.154.42.34, server: www.tokld.top, request: "GET /data/json/config.json HTTP/1.1", host: "www.tokld.top", referrer: "http://www.tokld.top/data/json/config.json"
2026/03/20 15:24:02 [error] 1066#0: *47129 open() "/www/wwwroot/www.tokld.top/api/user/ismustmobile" failed (2: No such file or directory), client: 165.154.42.34, server: www.tokld.top, request: "GET /api/user/ismustmobile HTTP/1.1", host: "www.tokld.top", referrer: "http://www.tokld.top/api/user/ismustmobile"
2026/03/20 15:24:02 [error] 1066#0: *47127 open() "/www/wwwroot/www.tokld.top/api/user/ismustmobile" failed (2: No such file or directory), client: 165.154.42.34, server: www.tokld.top, request: "GET /api/user/ismustmobile HTTP/1.1", host: "www.tokld.top", referrer: "http://www.tokld.top/api/user/ismustmobile"
2026/03/20 15:24:02 [error] 1066#0: *47117 open() "/www/wwwroot/www.tokld.top/index/home/login.html" failed (2: No such file or directory), client: 165.154.42.34, server: www.tokld.top, request: "GET /index/home/login.html HTTP/1.1", host: "www.tokld.top", referrer: "http://www.tokld.top/index/home/login.html"
2026/03/20 15:24:02 [error] 1066#0: *47125 open() "/www/wwwroot/www.tokld.top/procoin/config/all.do" failed (2: No such file or directory), client: 165.154.42.34, server: www.tokld.top, request: "GET /procoin/config/all.do HTTP/1.1", host: "www.tokld.top", referrer: "http://www.tokld.top/procoin/config/all.do"
2026/03/20 15:24:02 [error] 1066#0: *47128 open() "/www/wwwroot/www.tokld.top/api/user/ismustmobile" failed (2: No such file or directory), client: 165.154.42.34, server: www.tokld.top, request: "GET /api/user/ismustmobile HTTP/1.1", host: "www.tokld.top", referrer: "http://www.tokld.top/api/user/ismustmobile"
2026/03/20 15:24:02 [error] 1066#0: *47133 "/www/wwwroot/www.tokld.top/iexchange/webtrader/index.php" is not found (2: No such file or directory), client: 165.154.42.34, server: www.tokld.top, request: "GET /iexchange/webtrader/ HTTP/1.1", host: "www.tokld.top", referrer: "http://www.tokld.top/iexchange/webtrader/"
2026/03/20 15:24:02 [error] 1066#0: *47122 open() "/www/wwwroot/www.tokld.top/cx_platform/conf.json" failed (2: No such file or directory), client: 165.154.42.34, server: www.tokld.top, request: "GET /cx_platform/conf.json HTTP/1.1", host: "www.tokld.top", referrer: "http://www.tokld.top/cx_platform/conf.json"
2026/03/20 15:24:02 [error] 1066#0: *47122 open() "/www/wwwroot/www.tokld.top/api/vue/common/config" failed (2: No such file or directory), client: 165.154.42.34, server: www.tokld.top, request: "GET /api/vue/common/config HTTP/1.1", host: "www.tokld.top", referrer: "http://www.tokld.top/api/vue/common/config"
2026/03/20 15:24:02 [error] 1066#0: *47128 open() "/www/wwwroot/www.tokld.top/api/index/get_setting" failed (2: No such file or directory), client: 165.154.42.34, server: www.tokld.top, request: "GET /api/index/get_setting HTTP/1.1", host: "www.tokld.top", referrer: "http://www.tokld.top/api/index/get_setting"
2026/03/20 15:24:02 [error] 1066#0: *47130 open() "/www/wwwroot/www.tokld.top/api/index/productshow" failed (2: No such file or directory), client: 165.154.42.34, server: www.tokld.top, request: "GET /api/index/productshow HTTP/1.1", host: "www.tokld.top", referrer: "http://www.tokld.top/api/index/productshow"
2026/03/20 15:24:02 [error] 1066#0: *47125 open() "/www/wwwroot/www.tokld.top/music163/music163.html" failed (2: No such file or directory), client: 165.154.42.34, server: www.tokld.top, request: "GET /music163/music163.html HTTP/1.1", host: "www.tokld.top", referrer: "http://www.tokld.top/music163/music163.html"
2026/03/20 15:24:02 [error] 1066#0: *47133 open() "/www/wwwroot/www.tokld.top/api/BaseInfo/xnb/24hr" failed (2: No such file or directory), client: 165.154.42.34, server: www.tokld.top, request: "GET /api/BaseInfo/xnb/24hr HTTP/1.1", host: "www.tokld.top", referrer: "http://www.tokld.top/api/BaseInfo/xnb/24hr"
2026/03/20 15:24:02 [error] 1066#0: *47117 open() "/www/wwwroot/www.tokld.top/apix/tongchengyue/tags" failed (2: No such file or directory), client: 165.154.42.34, server: www.tokld.top, request: "GET /apix/tongchengyue/tags HTTP/1.1", host: "www.tokld.top", referrer: "http://www.tokld.top/apix/tongchengyue/tags"
2026/03/20 15:24:02 [error] 1066#0: *47129 open() "/www/wwwroot/www.tokld.top/dock/system/config/get" failed (2: No such file or directory), client: 165.154.42.34, server: www.tokld.top, request: "GET /dock/system/config/get HTTP/1.1", host: "www.tokld.top", referrer: "http://www.tokld.top/dock/system/config/get"
2026/03/20 15:24:02 [error] 1066#0: *47127 open() "/www/wwwroot/www.tokld.top/index/index/getchatLog" failed (2: No such file or directory), client: 165.154.42.34, server: www.tokld.top, request: "GET /index/index/getchatLog HTTP/1.1", host: "www.tokld.top", referrer: "http://www.tokld.top/index/index/getchatLog"
2026/03/20 15:24:02 [error] 1066#0: *47129 open() "/www/wwwroot/www.tokld.top/api/Index/getHome" failed (2: No such file or directory), client: 165.154.42.34, server: www.tokld.top, request: "GET /api/Index/getHome?id=1 HTTP/1.1", host: "www.tokld.top", referrer: "http://www.tokld.top/api/Index/getHome%3Fid%3D1"
2026/03/20 15:24:02 [error] 1066#0: *47127 open() "/www/wwwroot/www.tokld.top/api/account/price_rate" failed (2: No such file or directory), client: 165.154.42.34, server: www.tokld.top, request: "GET /api/account/price_rate HTTP/1.1", host: "www.tokld.top", referrer: "http://www.tokld.top/api/account/price_rate"
2026/03/20 15:24:02 [error] 1066#0: *47133 open() "/www/wwwroot/www.tokld.top/api/user/language_list" failed (2: No such file or directory), client: 165.154.42.34, server: www.tokld.top, request: "GET /api/user/language_list HTTP/1.1", host: "www.tokld.top", referrer: "http://www.tokld.top/api/user/language_list"
2026/03/20 15:24:02 [error] 1066#0: *47125 open() "/www/wwwroot/www.tokld.top/main/config/getkefuData" failed (2: No such file or directory), client: 165.154.42.34, server: www.tokld.top, request: "GET /main/config/getkefuData HTTP/1.1", host: "www.tokld.top", referrer: "http://www.tokld.top/main/config/getkefuData"
2026/03/20 15:24:02 [error] 1066#0: *47130 open() "/www/wwwroot/www.tokld.top/public/api/index/config" failed (2: No such file or directory), client: 165.154.42.34, server: www.tokld.top, request: "GET /public/api/index/config HTTP/1.1", host: "www.tokld.top", referrer: "http://www.tokld.top/public/api/index/config"
2026/03/20 15:24:02 [error] 1066#0: *47129 open() "/www/wwwroot/www.tokld.top/api/index/getBannerList" failed (2: No such file or directory), client: 165.154.42.34, server: www.tokld.top, request: "GET /api/index/getBannerList HTTP/1.1", host: "www.tokld.top", referrer: "http://www.tokld.top/api/index/getBannerList"
2026/03/20 15:24:02 [error] 1066#0: *47128 open() "/www/wwwroot/www.tokld.top/static/voice/default.wav" failed (2: No such file or directory), client: 165.154.42.34, server: www.tokld.top, request: "GET /static/voice/default.wav HTTP/1.1", host: "www.tokld.top", referrer: "http://www.tokld.top/static/voice/default.wav"
2026/03/20 15:24:02 [error] 1066#0: *47133 open() "/www/wwwroot/www.tokld.top/api/wanlshop/common/init" failed (2: No such file or directory), client: 165.154.42.34, server: www.tokld.top, request: "GET /api/wanlshop/common/init HTTP/1.1", host: "www.tokld.top", referrer: "http://www.tokld.top/api/wanlshop/common/init"
2026/03/20 15:24:02 [error] 1066#0: *47130 open() "/www/wwwroot/www.tokld.top/api/Config/getShowConfig" failed (2: No such file or directory), client: 165.154.42.34, server: www.tokld.top, request: "GET /api/Config/getShowConfig HTTP/1.1", host: "www.tokld.top", referrer: "http://www.tokld.top/api/Config/getShowConfig"
2026/03/20 15:24:02 [error] 1066#0: *47133 open() "/www/wwwroot/www.tokld.top/api/banner" failed (2: No such file or directory), client: 165.154.42.34, server: www.tokld.top, request: "GET /api/banner?appKey=bxefdn HTTP/1.1", host: "www.tokld.top", referrer: "http://www.tokld.top/api/banner%3FappKey%3Dbxefdn"
2026/03/20 15:24:02 [error] 1066#0: *47125 open() "/www/wwwroot/www.tokld.top/api/common/findIpAddress" failed (2: No such file or directory), client: 165.154.42.34, server: www.tokld.top, request: "GET /api/common/findIpAddress HTTP/1.1", host: "www.tokld.top", referrer: "http://www.tokld.top/api/common/findIpAddress"
2026/03/20 15:24:02 [error] 1066#0: *47117 open() "/www/wwwroot/www.tokld.top/api/common/getAllSetting" failed (2: No such file or directory), client: 165.154.42.34, server: www.tokld.top, request: "GET /api/common/getAllSetting HTTP/1.1", host: "www.tokld.top", referrer: "http://www.tokld.top/api/common/getAllSetting"
2026/03/20 15:24:02 [error] 1066#0: *47129 open() "/www/wwwroot/www.tokld.top/s_api/basic/download/info" failed (2: No such file or directory), client: 165.154.42.34, server: www.tokld.top, request: "GET /s_api/basic/download/info HTTP/1.1", host: "www.tokld.top", referrer: "http://www.tokld.top/s_api/basic/download/info"
2026/03/20 15:24:02 [error] 1066#0: *47127 open() "/www/wwwroot/www.tokld.top/api/apicom/index/getkefu" failed (2: No such file or directory), client: 165.154.42.34, server: www.tokld.top, request: "GET /api/apicom/index/getkefu HTTP/1.1", host: "www.tokld.top", referrer: "http://www.tokld.top/api/apicom/index/getkefu"
2026/03/20 15:24:02 [error] 1066#0: *47117 open() "/www/wwwroot/www.tokld.top/api/product/getPointStore" failed (2: No such file or directory), client: 165.154.42.34, server: www.tokld.top, request: "GET /api/product/getPointStore HTTP/1.1", host: "www.tokld.top", referrer: "http://www.tokld.top/api/product/getPointStore"
2026/03/20 15:24:02 [error] 1066#0: *47130 open() "/www/wwwroot/www.tokld.top/api/dict/getServiceConfig" failed (2: No such file or directory), client: 165.154.42.34, server: www.tokld.top, request: "GET /api/dict/getServiceConfig HTTP/1.1", host: "www.tokld.top", referrer: "http://www.tokld.top/api/dict/getServiceConfig"
2026/03/20 15:24:02 [error] 1066#0: *47125 open() "/www/wwwroot/www.tokld.top/mms-api/coins/hot/tickers" failed (2: No such file or directory), client: 165.154.42.34, server: www.tokld.top, request: "GET /mms-api/coins/hot/tickers HTTP/1.1", host: "www.tokld.top", referrer: "http://www.tokld.top/mms-api/coins/hot/tickers"
2026/03/20 15:24:02 [error] 1066#0: *47130 "/www/wwwroot/www.tokld.top/prod-api/home/zixun/info/index.php" is not found (2: No such file or directory), client: 165.154.42.34, server: www.tokld.top, request: "GET /prod-api/home/zixun/info/ HTTP/1.1", host: "www.tokld.top", referrer: "http://www.tokld.top/prod-api/home/zixun/info/"
2026/03/20 15:24:02 [error] 1066#0: *47127 open() "/www/wwwroot/www.tokld.top/api/currency/quotation_new" failed (2: No such file or directory), client: 165.154.42.34, server: www.tokld.top, request: "GET /api/currency/quotation_new HTTP/1.1", host: "www.tokld.top", referrer: "http://www.tokld.top/api/currency/quotation_new"
2026/03/20 15:24:02 [error] 1066#0: *47129 open() "/www/wwwroot/www.tokld.top/portal/index/protocol.html" failed (2: No such file or directory), client: 165.154.42.34, server: www.tokld.top, request: "GET /portal/index/protocol.html HTTP/1.1", host: "www.tokld.top", referrer: "http://www.tokld.top/portal/index/protocol.html"
2026/03/20 15:24:02 [error] 1066#0: *47125 open() "/www/wwwroot/www.tokld.top/server/api/site/getInfo.do" failed (2: No such file or directory), client: 165.154.42.34, server: www.tokld.top, request: "GET /server/api/site/getInfo.do HTTP/1.1", host: "www.tokld.top", referrer: "http://www.tokld.top/server/api/site/getInfo.do"
2026/03/20 15:24:02 [error] 1066#0: *47133 open() "/www/wwwroot/www.tokld.top/index/Common/getArticleList" failed (2: No such file or directory), client: 165.154.42.34, server: www.tokld.top, request: "GET /index/Common/getArticleList HTTP/1.1", host: "www.tokld.top", referrer: "http://www.tokld.top/index/Common/getArticleList"
2026/03/20 15:24:02 [error] 1066#0: *47125 open() "/www/wwwroot/www.tokld.top/melody/api/v1/base/heartbeat" failed (2: No such file or directory), client: 165.154.42.34, server: www.tokld.top, request: "GET /melody/api/v1/base/heartbeat HTTP/1.1", host: "www.tokld.top", referrer: "http://www.tokld.top/melody/api/v1/base/heartbeat"
2026/03/20 15:24:02 [error] 1066#0: *47130 open() "/www/wwwroot/www.tokld.top/market/market-ws/iframe.html" failed (2: No such file or directory), client: 165.154.42.34, server: www.tokld.top, request: "GET /market/market-ws/iframe.html HTTP/1.1", host: "www.tokld.top", referrer: "http://www.tokld.top/market/market-ws/iframe.html"
2026/03/20 15:24:02 [error] 1066#0: *47129 open() "/www/wwwroot/www.tokld.top/Xiaohongshu/Xiaohongshu.html" failed (2: No such file or directory), client: 165.154.42.34, server: www.tokld.top, request: "GET /Xiaohongshu/Xiaohongshu.html HTTP/1.1", host: "www.tokld.top", referrer: "http://www.tokld.top/Xiaohongshu/Xiaohongshu.html"
2026/03/20 15:24:02 [error] 1066#0: *47129 open() "/www/wwwroot/www.tokld.top/api/chat/visitor/channelInfo" failed (2: No such file or directory), client: 165.154.42.34, server: www.tokld.top, request: "GET /api/chat/visitor/channelInfo HTTP/1.1", host: "www.tokld.top", referrer: "http://www.tokld.top/api/chat/visitor/channelInfo"
2026/03/20 15:24:02 [error] 1066#0: *47130 open() "/www/wwwroot/www.tokld.top/AnMjSjfe87/policy/getVersion" failed (2: No such file or directory), client: 165.154.42.34, server: www.tokld.top, request: "GET /AnMjSjfe87/policy/getVersion HTTP/1.1", host: "www.tokld.top", referrer: "http://www.tokld.top/AnMjSjfe87/policy/getVersion"
2026/03/20 15:24:02 [error] 1066#0: *47125 open() "/www/wwwroot/www.tokld.top/template/mb/lang/text-zh.json" failed (2: No such file or directory), client: 165.154.42.34, server: www.tokld.top, request: "GET /template/mb/lang/text-zh.json HTTP/1.1", host: "www.tokld.top", referrer: "http://www.tokld.top/template/mb/lang/text-zh.json"
2026/03/20 15:24:02 [error] 1066#0: *47117 open() "/www/wwwroot/www.tokld.top/mobile/v3/appSuperDownload.do" failed (2: No such file or directory), client: 165.154.42.34, server: www.tokld.top, request: "GET /mobile/v3/appSuperDownload.do HTTP/1.1", host: "www.tokld.top", referrer: "http://www.tokld.top/mobile/v3/appSuperDownload.do"
2026/03/20 15:24:02 [error] 1066#0: *47129 open() "/www/wwwroot/www.tokld.top/api/common/menus" failed (2: No such file or directory), client: 165.154.42.34, server: www.tokld.top, request: "GET /api/common/menus?lang=zh-Hans HTTP/1.1", host: "www.tokld.top", referrer: "http://www.tokld.top/api/common/menus%3Flang%3Dzh-Hans"
2026/03/20 15:24:02 [error] 1066#0: *47127 open() "/www/wwwroot/www.tokld.top/forerest/user/custSrv/findOne" failed (2: No such file or directory), client: 165.154.42.34, server: www.tokld.top, request: "GET /forerest/user/custSrv/findOne HTTP/1.1", host: "www.tokld.top", referrer: "http://www.tokld.top/forerest/user/custSrv/findOne"
2026/03/20 15:24:02 [error] 1066#0: *47129 open() "/www/wwwroot/www.tokld.top/api/new-version/daily/rooms/1" failed (2: No such file or directory), client: 165.154.42.34, server: www.tokld.top, request: "GET /api/new-version/daily/rooms/1 HTTP/1.1", host: "www.tokld.top", referrer: "http://www.tokld.top/api/new-version/daily/rooms/1"
2026/03/20 15:24:02 [error] 1066#0: *47125 open() "/www/wwwroot/www.tokld.top/api/app/getExecutedRealOrders" failed (2: No such file or directory), client: 165.154.42.34, server: www.tokld.top, request: "GET /api/app/getExecutedRealOrders HTTP/1.1", host: "www.tokld.top", referrer: "http://www.tokld.top/api/app/getExecutedRealOrders"
2026/03/20 15:24:02 [error] 1066#0: *47133 open() "/www/wwwroot/www.tokld.top/getConfig/getArticle.do" failed (2: No such file or directory), client: 165.154.42.34, server: www.tokld.top, request: "GET /getConfig/getArticle.do?code=1 HTTP/1.1", host: "www.tokld.top", referrer: "http://www.tokld.top/getConfig/getArticle.do%3Fcode%3D1"
2026/03/20 15:24:02 [error] 1066#0: *47129 open() "/www/wwwroot/www.tokld.top/masterControl/getSystemSetting" failed (2: No such file or directory), client: 165.154.42.34, server: www.tokld.top, request: "GET /masterControl/getSystemSetting HTTP/1.1", host: "www.tokld.top", referrer: "http://www.tokld.top/masterControl/getSystemSetting"
2026/03/20 15:24:02 [error] 1066#0: *47133 open() "/www/wwwroot/www.tokld.top/index/index/home" failed (2: No such file or directory), client: 165.154.42.34, server: www.tokld.top, request: "GET /index/index/home?business_id=1 HTTP/1.1", host: "www.tokld.top", referrer: "http://www.tokld.top/index/index/home%3Fbusiness_id%3D1"
2026/03/20 15:24:02 [error] 1066#0: *47129 open() "/www/wwwroot/www.tokld.top/getDownloadUrl" failed (2: No such file or directory), client: 165.154.42.34, server: www.tokld.top, request: "GET /getDownloadUrl?appType=Android HTTP/1.1", host: "www.tokld.top", referrer: "http://www.tokld.top/getDownloadUrl%3FappType%3DAndroid"
2026/03/20 15:24:02 [error] 1066#0: *47117 "/www/wwwroot/www.tokld.top/addons/ltwl_paibao_dx/core/web/index.php" is not found (2: No such file or directory), client: 165.154.42.34, server: www.tokld.top, request: "GET /addons/ltwl_paibao_dx/core/web/ HTTP/1.1", host: "www.tokld.top", referrer: "http://www.tokld.top/addons/ltwl_paibao_dx/core/web/"
2026/03/20 15:24:02 [error] 1066#0: *47122 open() "/www/wwwroot/www.tokld.top/api/app/contract/getMarketList" failed (2: No such file or directory), client: 165.154.42.34, server: www.tokld.top, request: "GET /api/app/contract/getMarketList HTTP/1.1", host: "www.tokld.top", referrer: "http://www.tokld.top/api/app/contract/getMarketList"
2026/03/20 15:24:02 [error] 1066#0: *47130 open() "/www/wwwroot/www.tokld.top/api/app/getserviceinfo" failed (2: No such file or directory), client: 165.154.42.34, server: www.tokld.top, request: "GET /api/app/getserviceinfo?token=1 HTTP/1.1", host: "www.tokld.top", referrer: "http://www.tokld.top/api/app/getserviceinfo%3Ftoken%3D1"
2026/03/20 15:24:02 [error] 1066#0: *47129 open() "/www/wwwroot/www.tokld.top/relayApi/api/notice/site_setting" failed (2: No such file or directory), client: 165.154.42.34, server: www.tokld.top, request: "GET /relayApi/api/notice/site_setting HTTP/1.1", host: "www.tokld.top", referrer: "http://www.tokld.top/relayApi/api/notice/site_setting"
2026/03/20 15:24:02 [error] 1066#0: *47125 open() "/www/wwwroot/www.tokld.top/api/currency/getTradeCurrencyList" failed (2: No such file or directory), client: 165.154.42.34, server: www.tokld.top, request: "GET /api/currency/getTradeCurrencyList HTTP/1.1", host: "www.tokld.top", referrer: "http://www.tokld.top/api/currency/getTradeCurrencyList"
2026/03/20 15:24:02 [error] 1066#0: *47129 "/www/wwwroot/www.tokld.top/api/public/index.php" is not found (2: No such file or directory), client: 165.154.42.34, server: www.tokld.top, request: "GET /api/public/?service=Home.getConfig HTTP/1.1", host: "www.tokld.top", referrer: "http://www.tokld.top/api/public/%3Fservice%3DHome.getConfig"
2026/03/20 15:24:02 [error] 1066#0: *47130 open() "/www/wwwroot/www.tokld.top/index/police/index.html" failed (2: No such file or directory), client: 165.154.42.34, server: www.tokld.top, request: "GET /index/police/index.html?agent=1000 HTTP/1.1", host: "www.tokld.top", referrer: "http://www.tokld.top/index/police/index.html%3Fagent%3D1000"
2026/03/20 15:24:02 [error] 1066#0: *47127 open() "/www/wwwroot/www.tokld.top/_nuxt/img/icon-deposits.42478e2.svg" failed (2: No such file or directory), client: 165.154.42.34, server: www.tokld.top, request: "GET /_nuxt/img/icon-deposits.42478e2.svg HTTP/1.1", host: "www.tokld.top", referrer: "http://www.tokld.top/_nuxt/img/icon-deposits.42478e2.svg"
2026/03/20 15:24:02 [error] 1066#0: *47117 open() "/www/wwwroot/www.tokld.top/api/seller/index/GetSellerConfigAll" failed (2: No such file or directory), client: 165.154.42.34, server: www.tokld.top, request: "GET /api/seller/index/GetSellerConfigAll HTTP/1.1", host: "www.tokld.top", referrer: "http://www.tokld.top/api/seller/index/GetSellerConfigAll"
2026/03/20 15:24:02 [error] 1066#0: *47129 open() "/www/wwwroot/www.tokld.top/qiantaizhuanyon_chaxun/chaxunkaiguan" failed (2: No such file or directory), client: 165.154.42.34, server: www.tokld.top, request: "GET /qiantaizhuanyon_chaxun/chaxunkaiguan HTTP/1.1", host: "www.tokld.top", referrer: "http://www.tokld.top/qiantaizhuanyon_chaxun/chaxunkaiguan"
2026/03/20 15:24:02 [error] 1066#0: *47130 open() "/www/wwwroot/www.tokld.top/ajax/allcoin_a/id/0" failed (2: No such file or directory), client: 165.154.42.34, server: www.tokld.top, request: "GET /ajax/allcoin_a/id/0?t=0.3782499195965951 HTTP/1.1", host: "www.tokld.top", referrer: "http://www.tokld.top/ajax/allcoin_a/id/0%3Ft%3D0.3782499195965951"
2026/03/20 15:24:02 [error] 1066#0: *47122 open() "/www/wwwroot/www.tokld.top/wap/api/exchangerateuserconfig!get.action" failed (2: No such file or directory), client: 165.154.42.34, server: www.tokld.top, request: "GET /wap/api/exchangerateuserconfig!get.action HTTP/1.1", host: "www.tokld.top", referrer: "http://www.tokld.top/wap/api/exchangerateuserconfig%21get.action"
2026/03/20 15:24:02 [error] 1066#0: *47133 open() "/www/wwwroot/www.tokld.top/api/api/exchangerateuserconfig!get.action" failed (2: No such file or directory), client: 165.154.42.34, server: www.tokld.top, request: "GET /api/api/exchangerateuserconfig!get.action HTTP/1.1", host: "www.tokld.top", referrer: "http://www.tokld.top/api/api/exchangerateuserconfig%21get.action"
2026/03/20 15:24:02 [error] 1066#0: *47130 open() "/www/wwwroot/www.tokld.top/api/Interface/mobile_ajax.asmx/GetWebConfig" failed (2: No such file or directory), client: 165.154.42.34, server: www.tokld.top, request: "GET /api/Interface/mobile_ajax.asmx/GetWebConfig HTTP/1.1", host: "www.tokld.top", referrer: "http://www.tokld.top/api/Interface/mobile_ajax.asmx/GetWebConfig"
2026/03/20 15:24:02 [error] 1066#0: *47129 open() "/www/wwwroot/www.tokld.top/infe/rest/fig/advertise/common.json" failed (2: No such file or directory), client: 165.154.42.34, server: www.tokld.top, request: "GET /infe/rest/fig/advertise/common.json?mobile_open=1 HTTP/1.1", host: "www.tokld.top", referrer: "http://www.tokld.top/infe/rest/fig/advertise/common.json%3Fmobile_open%3D1"
2026/03/20 15:24:02 [error] 1066#0: *47122 open() "/www/wwwroot/www.tokld.top/api/system/systemConfigs/getCustomerServiceLink" failed (2: No such file or directory), client: 165.154.42.34, server: www.tokld.top, request: "GET /api/system/systemConfigs/getCustomerServiceLink HTTP/1.1", host: "www.tokld.top", referrer: "http://www.tokld.top/api/system/systemConfigs/getCustomerServiceLink"
2026/03/20 15:24:02 [error] 1066#0: *47125 open() "/www/wwwroot/www.tokld.top/api/set/appSysSet/getKeyByParam" failed (2: No such file or directory), client: 165.154.42.34, server: www.tokld.top, request: "GET /api/set/appSysSet/getKeyByParam?key=sys_set HTTP/1.1", host: "www.tokld.top", referrer: "http://www.tokld.top/api/set/appSysSet/getKeyByParam%3Fkey%3Dsys_set"
2026/03/20 15:24:02 [error] 1066#0: *47127 open() "/www/wwwroot/www.tokld.top/client/api/findConfigByKey" failed (2: No such file or directory), client: 165.154.42.34, server: www.tokld.top, request: "GET /client/api/findConfigByKey?configKey=level_config HTTP/1.1", host: "www.tokld.top", referrer: "http://www.tokld.top/client/api/findConfigByKey%3FconfigKey%3Dlevel_config"
2026/03/20 15:24:02 [error] 1066#0: *47117 open() "/www/wwwroot/www.tokld.top/favicon.ico" failed (2: No such file or directory), client: 165.154.42.34, server: www.tokld.top, request: "GET /favicon.ico HTTP/1.1", host: "www.tokld.top", referrer: "http://www.tokld.top/favicon.ico"
2026/03/20 15:24:02 [error] 1066#0: *47130 open() "/www/wwwroot/www.tokld.top/site/api/v1/site/vipExclusiveDomain/getGuestDomain" failed (2: No such file or directory), client: 165.154.42.34, server: www.tokld.top, request: "GET /site/api/v1/site/vipExclusiveDomain/getGuestDomain HTTP/1.1", host: "www.tokld.top", referrer: "http://www.tokld.top/site/api/v1/site/vipExclusiveDomain/getGuestDomain"
2026/03/20 15:25:57 [error] 1066#0: *47239 open() "/www/wwwroot/www.tokld.top/favicon.ico" failed (2: No such file or directory), client: 211.21.193.215, server: www.tokld.top, request: "GET /favicon.ico HTTP/2.0", host: "www.tokld.top", referrer: "https://www.tokld.top/mk/?ldtag_cl=HlKwKjb1Tqq6Y-Puuy0r7wAA&lt_r=087"
2026/03/20 15:33:01 [error] 1066#0: *47590 open() "/www/wwwroot/www.tokld.top/favicon.ico" failed (2: No such file or directory), client: 42.71.151.111, server: www.tokld.top, request: "GET /favicon.ico HTTP/2.0", host: "www.tokld.top", referrer: "https://www.tokld.top/mk/?ldtag_cl=96GBQ6egR5q05RKDtMKGPgAA&lt_r=232"
2026/03/20 15:37:16 [error] 1066#0: *48591 open() "/www/wwwroot/www.tokld.top/favicon.ico" failed (2: No such file or directory), client: 1.172.105.116, server: www.tokld.top, request: "GET /favicon.ico HTTP/2.0", host: "www.tokld.top", referrer: "https://www.tokld.top/mk/?ldtag_cl=pOTrUYWFSZKSYnw2rMW7lwAA&lt_r=241"
2026/03/20 15:42:07 [error] 1066#0: *48864 open() "/www/wwwroot/www.tokld.top/favicon.ico" failed (2: No such file or directory), client: 114.140.99.229, server: www.tokld.top, request: "GET /favicon.ico HTTP/2.0", host: "www.tokld.top", referrer: "https://www.tokld.top/mk/?ldtag_cl=RF5cNqUHThGdBBSb_5D0XQAA&lt_r=037"
2026/03/20 15:44:12 [error] 1066#0: *49435 open() "/www/wwwroot/www.tokld.top/favicon.ico" failed (2: No such file or directory), client: 59.126.249.115, server: www.tokld.top, request: "GET /favicon.ico HTTP/2.0", host: "www.tokld.top"
2026/03/20 15:49:12 [error] 1066#0: *49680 open() "/www/wwwroot/www.tokld.top/favicon.ico" failed (2: No such file or directory), client: 42.79.250.63, server: www.tokld.top, request: "GET /favicon.ico HTTP/2.0", host: "www.tokld.top", referrer: "https://www.tokld.top/mk/?ldtag_cl=ZjNziVcYS_i8rA2gk6AatgAA&lt_r=107"
2026/03/20 15:49:42 [error] 1066#0: *49748 open() "/www/wwwroot/www.tokld.top/favicon.ico" failed (2: No such file or directory), client: 195.86.65.110, server: www.tokld.top, request: "GET /favicon.ico HTTP/2.0", host: "www.tokld.top", referrer: "https://www.tokld.top/mk/js/min.php"
2026/03/20 15:49:42 [error] 1066#0: *49753 open() "/www/wwwroot/www.tokld.top/favicon.ico" failed (2: No such file or directory), client: 195.86.65.99, server: www.tokld.top, request: "GET /favicon.ico HTTP/1.1", host: "www.tokld.top"
2026/03/20 15:49:43 [error] 1066#0: *49748 open() "/www/wwwroot/www.tokld.top/favicon.ico" failed (2: No such file or directory), client: 195.86.65.110, server: www.tokld.top, request: "GET /favicon.ico HTTP/2.0", host: "www.tokld.top", referrer: "https://www.tokld.top/mk/js/min.php"
2026/03/20 15:49:44 [error] 1066#0: *49753 open() "/www/wwwroot/www.tokld.top/favicon.ico" failed (2: No such file or directory), client: 195.86.65.99, server: www.tokld.top, request: "GET /favicon.ico HTTP/1.1", host: "www.tokld.top"
2026/03/20 15:49:53 [error] 1066#0: *49748 open() "/www/wwwroot/www.tokld.top/favicon.ico" failed (2: No such file or directory), client: 195.86.65.110, server: www.tokld.top, request: "GET /favicon.ico HTTP/2.0", host: "www.tokld.top", referrer: "https://www.tokld.top/mk/js/min.php"
2026/03/20 15:49:54 [error] 1066#0: *49753 open() "/www/wwwroot/www.tokld.top/favicon.ico" failed (2: No such file or directory), client: 195.86.65.99, server: www.tokld.top, request: "GET /favicon.ico HTTP/1.1", host: "www.tokld.top"
2026/03/20 15:49:55 [error] 1066#0: *49748 open() "/www/wwwroot/www.tokld.top/favicon.ico" failed (2: No such file or directory), client: 195.86.65.110, server: www.tokld.top, request: "GET /favicon.ico HTTP/2.0", host: "www.tokld.top", referrer: "https://www.tokld.top/mk/js/min.php"
2026/03/20 15:49:56 [error] 1066#0: *49753 open() "/www/wwwroot/www.tokld.top/favicon.ico" failed (2: No such file or directory), client: 195.86.65.99, server: www.tokld.top, request: "GET /favicon.ico HTTP/1.1", host: "www.tokld.top"
2026/03/20 15:50:55 [error] 1066#0: *49815 open() "/www/wwwroot/www.tokld.top/favicon.ico" failed (2: No such file or directory), client: 118.171.24.35, server: www.tokld.top, request: "GET /favicon.ico HTTP/2.0", host: "www.tokld.top", referrer: "https://www.tokld.top/mk/?ldtag_cl=j7ceVeNjTpyVdYd-2dUc9QAA&lt_r=199"
2026/03/20 16:03:20 [error] 1066#0: *50809 open() "/www/wwwroot/www.tokld.top/favicon.ico" failed (2: No such file or directory), client: 59.126.249.115, server: www.tokld.top, request: "GET /favicon.ico HTTP/2.0", host: "www.tokld.top"
2026/03/20 16:06:23 [error] 1066#0: *51083 open() "/www/wwwroot/www.tokld.top/favicon.ico" failed (2: No such file or directory), client: 118.170.196.66, server: www.tokld.top, request: "GET /favicon.ico HTTP/2.0", host: "www.tokld.top"
2026/03/20 16:12:30 [error] 1066#0: *51980 open() "/www/wwwroot/www.tokld.top/favicon.ico" failed (2: No such file or directory), client: 49.216.106.53, server: www.tokld.top, request: "GET /favicon.ico HTTP/2.0", host: "www.tokld.top", referrer: "https://www.tokld.top/mk/?ldtag_cl=WapMJStFRNmlyziIh4Vd7gAA&lt_r=094"
2026/03/20 16:17:51 [error] 1066#0: *52659 open() "/www/wwwroot/www.tokld.top/favicon.ico" failed (2: No such file or directory), client: 124.211.38.225, server: www.tokld.top, request: "GET /favicon.ico HTTP/2.0", host: "www.tokld.top", referrer: "https://www.tokld.top/mk/"
2026/03/20 16:18:09 [error] 1066#0: *52703 open() "/www/wwwroot/www.tokld.top/favicon.ico" failed (2: No such file or directory), client: 150.228.187.88, server: www.tokld.top, request: "GET /favicon.ico HTTP/2.0", host: "www.tokld.top", referrer: "https://www.tokld.top/mk/?ldtag_cl=4umokKGYSh-Nz4bseL_6sgAA&lt_r=111"
2026/03/20 16:25:31 [error] 1066#0: *53629 open() "/www/wwwroot/www.tokld.top/favicon.ico" failed (2: No such file or directory), client: 42.78.76.192, server: www.tokld.top, request: "GET /favicon.ico HTTP/2.0", host: "www.tokld.top", referrer: "https://www.tokld.top/mk/?ldtag_cl=IQfBmcB1SWWFoApsMHbpSgAA&lt_r=046"
2026/03/20 16:26:42 [error] 1066#0: *53814 open() "/www/wwwroot/www.tokld.top/favicon.ico" failed (2: No such file or directory), client: 101.10.87.10, server: www.tokld.top, request: "GET /favicon.ico HTTP/2.0", host: "www.tokld.top"
2026/03/20 16:27:26 [error] 1066#0: *53927 open() "/www/wwwroot/www.tokld.top/favicon.ico" failed (2: No such file or directory), client: 182.235.134.103, server: www.tokld.top, request: "GET /favicon.ico HTTP/2.0", host: "www.tokld.top", referrer: "https://www.tokld.top/mk/?ldtag_cl=OSfPHpCGTB6kQnfJrV2u-gAA&lt_r=207"
2026/03/20 16:28:33 [error] 1066#0: *54068 open() "/www/wwwroot/www.tokld.top/favicon.ico" failed (2: No such file or directory), client: 27.242.133.243, server: www.tokld.top, request: "GET /favicon.ico HTTP/2.0", host: "www.tokld.top", referrer: "https://www.tokld.top/mk/?ldtag_cl=FGp-HRVOTVmGNkyEYac8ugAA&lt_r=088"
2026/03/20 16:28:40 [error] 1066#0: *54091 open() "/www/wwwroot/www.tokld.top/favicon.ico" failed (2: No such file or directory), client: 136.22.128.9, server: www.tokld.top, request: "GET /favicon.ico HTTP/2.0", host: "www.tokld.top", referrer: "https://www.tokld.top/mk/?ldtag_cl=etw-zENOirxMKOjAvyh1AqsW&lt_r=381"
2026/03/20 16:32:20 [error] 1066#0: *54559 open() "/www/wwwroot/www.tokld.top/favicon.ico" failed (2: No such file or directory), client: 42.77.195.221, server: www.tokld.top, request: "GET /favicon.ico HTTP/2.0", host: "www.tokld.top", referrer: "https://www.tokld.top/mk/?ldtag_cl=1RLJwT6XQhyv6xl_wiBlrwAA&lt_r=041"
2026/03/20 16:32:26 [error] 1066#0: *54583 open() "/www/wwwroot/www.tokld.top/favicon.ico" failed (2: No such file or directory), client: 50.203.161.7, server: www.tokld.top, request: "GET /favicon.ico HTTP/2.0", host: "www.tokld.top", referrer: "https://www.tokld.top/mk/?ldtag_cl=6twzEN8irxMK4jA_vyhPAqsW&lt_r=381"
2026/03/20 16:33:48 [error] 1066#0: *54756 open() "/www/wwwroot/www.tokld.top/favicon.ico" failed (2: No such file or directory), client: 110.30.97.174, server: www.tokld.top, request: "GET /favicon.ico HTTP/2.0", host: "www.tokld.top"
2026/03/20 16:34:04 [error] 1066#0: *54809 open() "/www/wwwroot/www.tokld.top/favicon.ico" failed (2: No such file or directory), client: 111.83.28.105, server: www.tokld.top, request: "GET /favicon.ico HTTP/2.0", host: "www.tokld.top", referrer: "https://www.tokld.top/mk/?ldtag_cl=fj3T1mS9Rl614ScNzB_IagAA&lt_r=105"
2026/03/20 16:36:27 [error] 1066#0: *55233 open() "/www/wwwroot/www.tokld.top/favicon.ico" failed (2: No such file or directory), client: 27.51.24.137, server: www.tokld.top, request: "GET /favicon.ico HTTP/2.0", host: "www.tokld.top", referrer: "https://www.tokld.top/mk/?ldtag_cl=NxC_LPeNQxa6MV42HARr0wAA&lt_r=186"
2026/03/20 16:37:07 [error] 1066#0: *55368 open() "/www/wwwroot/www.tokld.top/favicon.ico" failed (2: No such file or directory), client: 39.12.33.150, server: www.tokld.top, request: "GET /favicon.ico HTTP/2.0", host: "www.tokld.top", referrer: "https://www.tokld.top/mk/?ldtag_cl=bTG2ScCzT3SLTPYIeF-n5QAA&lt_r=201"
2026/03/20 16:39:50 [error] 1066#0: *55866 open() "/www/wwwroot/www.tokld.top/favicon.ico" failed (2: No such file or directory), client: 110.28.113.119, server: www.tokld.top, request: "GET /favicon.ico HTTP/2.0", host: "www.tokld.top", referrer: "https://www.tokld.top/mk/?ldtag_cl=mvGPsLdmR2OqtEUF9ZzPFwAA&lt_r=160"
2026/03/20 16:46:33 [error] 1066#0: *57150 open() "/www/wwwroot/www.tokld.top/favicon.ico" failed (2: No such file or directory), client: 42.76.45.70, server: www.tokld.top, request: "GET /favicon.ico HTTP/2.0", host: "www.tokld.top", referrer: "https://www.tokld.top/mk/?ldtag_cl=lnBDg2VyRjKfqcclJCV3lQAA&lt_r=144"
2026/03/20 16:47:55 [error] 1066#0: *57470 open() "/www/wwwroot/www.tokld.top/favicon.ico" failed (2: No such file or directory), client: 223.143.193.142, server: www.tokld.top, request: "GET /favicon.ico HTTP/2.0", host: "www.tokld.top", referrer: "https://www.tokld.top/mk/?ldtag_cl=YiLL-7CVQZONzALTGgzbTQAA&lt_r=155"
2026/03/20 16:48:18 [error] 1066#0: *57585 open() "/www/wwwroot/www.tokld.top/favicon.ico" failed (2: No such file or directory), client: 223.138.100.148, server: www.tokld.top, request: "GET /favicon.ico HTTP/2.0", host: "www.tokld.top", referrer: "https://www.tokld.top/mk/?ldtag_cl=hcbZ5yCQSP2yuHYFTfmk6QAA&lt_r=154"
2026/03/20 16:48:38 [error] 1066#0: *57650 open() "/www/wwwroot/www.tokld.top/favicon.ico" failed (2: No such file or directory), client: 49.215.21.203, server: www.tokld.top, request: "GET /favicon.ico HTTP/2.0", host: "www.tokld.top"
2026/03/20 16:50:41 [error] 1066#0: *58190 open() "/www/wwwroot/www.tokld.top/favicon.ico" failed (2: No such file or directory), client: 111.71.92.193, server: www.tokld.top, request: "GET /favicon.ico HTTP/2.0", host: "www.tokld.top"
2026/03/20 16:52:59 [error] 1066#0: *58748 open() "/www/wwwroot/www.tokld.top/favicon.ico" failed (2: No such file or directory), client: 42.79.162.180, server: www.tokld.top, request: "GET /favicon.ico HTTP/2.0", host: "www.tokld.top"
2026/03/20 16:55:00 [error] 1066#0: *59262 open() "/www/wwwroot/www.tokld.top/favicon.ico" failed (2: No such file or directory), client: 39.12.56.103, server: www.tokld.top, request: "GET /favicon.ico HTTP/2.0", host: "www.tokld.top"
2026/03/20 16:56:38 [error] 1066#0: *59662 open() "/www/wwwroot/www.tokld.top/favicon.ico" failed (2: No such file or directory), client: 42.77.247.206, server: www.tokld.top, request: "GET /favicon.ico HTTP/2.0", host: "www.tokld.top", referrer: "https://www.tokld.top/mk/?ldtag_cl=vFEunFX0SbG37AtyeIbRHgAA&lt_r=110"
2026/03/20 16:57:01 [error] 1066#0: *59751 open() "/www/wwwroot/www.tokld.top/favicon.ico" failed (2: No such file or directory), client: 42.70.18.183, server: www.tokld.top, request: "GET /favicon.ico HTTP/2.0", host: "www.tokld.top", referrer: "https://www.tokld.top/mk/?ldtag_cl=4MYFr2gERkGEt6cYR-4UbAAA&lt_r=104"
2026/03/20 16:57:23 [error] 1066#0: *59822 open() "/www/wwwroot/www.tokld.top/favicon.ico" failed (2: No such file or directory), client: 49.215.150.112, server: www.tokld.top, request: "GET /favicon.ico HTTP/2.0", host: "www.tokld.top", referrer: "https://www.tokld.top/mk/?ldtag_cl=nI53GTVaQOKmEtPqBz7bkwAA&lt_r=028"
2026/03/20 16:58:05 [error] 1066#0: *59967 open() "/www/wwwroot/www.tokld.top/favicon.ico" failed (2: No such file or directory), client: 37.185.53.98, server: www.tokld.top, request: "GET /favicon.ico HTTP/2.0", host: "www.tokld.top"
2026/03/20 17:07:00 [error] 1066#0: *61986 open() "/www/wwwroot/www.tokld.top/favicon.ico" failed (2: No such file or directory), client: 223.137.173.185, server: www.tokld.top, request: "GET /favicon.ico HTTP/2.0", host: "www.tokld.top", referrer: "https://www.tokld.top/mk/?ldtag_cl=wRonSAsQRyaDBXiyROzjfwAA&lt_r=055"
2026/03/20 17:26:41 [error] 1066#0: *67845 open() "/www/wwwroot/www.tokld.top/favicon.ico" failed (2: No such file or directory), client: 42.73.244.80, server: www.tokld.top, request: "GET /favicon.ico HTTP/2.0", host: "www.tokld.top"
2026/03/20 17:26:42 [error] 1066#0: *67845 open() "/www/wwwroot/www.tokld.top/favicon.ico" failed (2: No such file or directory), client: 42.73.244.80, server: www.tokld.top, request: "GET /favicon.ico HTTP/2.0", host: "www.tokld.top"
2026/03/20 18:00:41 [error] 1066#0: *71784 open() "/www/wwwroot/www.tokld.top/favicon.ico" failed (2: No such file or directory), client: 118.171.19.64, server: www.tokld.top, request: "GET /favicon.ico HTTP/2.0", host: "www.tokld.top"
2026/03/20 18:09:02 [error] 1066#0: *72029 open() "/www/wwwroot/www.tokld.top/favicon.ico" failed (2: No such file or directory), client: 124.211.38.225, server: www.tokld.top, request: "GET /favicon.ico HTTP/2.0", host: "www.tokld.top", referrer: "https://www.tokld.top/kd/?ldtag_cl=9bd2b80d-4d4d-49b7-bced-e1d6dc6a6b04"
2026/03/20 18:09:12 [error] 1066#0: *72044 open() "/www/wwwroot/www.tokld.top/robots.txt" failed (2: No such file or directory), client: 69.171.231.9, server: www.tokld.top, request: "GET /robots.txt HTTP/2.0", host: "www.tokld.top"
2026/03/20 18:09:13 [error] 1066#0: *72046 open() "/www/wwwroot/www.tokld.top/robots.txt" failed (2: No such file or directory), client: 69.171.231.19, server: www.tokld.top, request: "GET /robots.txt HTTP/2.0", host: "www.tokld.top"
2026/03/20 18:25:59 [error] 1066#0: *72826 open() "/www/wwwroot/www.tokld.top/favicon.ico" failed (2: No such file or directory), client: 111.71.92.193, server: www.tokld.top, request: "GET /favicon.ico HTTP/2.0", host: "www.tokld.top"
2026/03/20 18:38:09 [error] 1066#0: *73216 open() "/www/wwwroot/www.tokld.top/favicon.ico" failed (2: No such file or directory), client: 36.239.209.106, server: www.tokld.top, request: "GET /favicon.ico HTTP/2.0", host: "www.tokld.top", referrer: "https://www.tokld.top/mk/?ldtag_cl=x-oPLdi5QQSOdUGPDn2LYwAA&lt_r=095"
2026/03/20 18:46:17 [error] 1066#0: *73498 open() "/www/wwwroot/www.tokld.top/favicon.ico" failed (2: No such file or directory), client: 49.214.15.136, server: www.tokld.top, request: "GET /favicon.ico HTTP/2.0", host: "www.tokld.top", referrer: "https://www.tokld.top/mk/?ldtag_cl=2RBCE6b7Sy6Y3Z5kQ_Gy-AAA&lt_r=168"
2026/03/20 18:59:34 [error] 1066#0: *74005 open() "/www/wwwroot/www.tokld.top/favicon.ico" failed (2: No such file or directory), client: 182.233.175.127, server: www.tokld.top, request: "GET /favicon.ico HTTP/2.0", host: "www.tokld.top"
2026/03/20 19:07:55 [error] 1066#0: *74281 open() "/www/wwwroot/www.tokld.top/favicon.ico" failed (2: No such file or directory), client: 114.137.44.98, server: www.tokld.top, request: "GET /favicon.ico HTTP/2.0", host: "www.tokld.top"
2026/03/20 19:29:02 [error] 1066#0: *74917 open() "/www/wwwroot/www.tokld.top/favicon.ico" failed (2: No such file or directory), client: 1.164.128.115, server: www.tokld.top, request: "GET /favicon.ico HTTP/2.0", host: "www.tokld.top"
2026/03/20 19:42:54 [error] 1066#0: *75454 open() "/www/wwwroot/www.tokld.top/favicon.ico" failed (2: No such file or directory), client: 36.239.209.106, server: www.tokld.top, request: "GET /favicon.ico HTTP/2.0", host: "www.tokld.top", referrer: "https://www.tokld.top/mk/?ldtag_cl=x-oPLdi5QQSOdUGPDn2LYwAA&lt_r=095"
2026/03/20 20:37:56 [error] 1066#0: *77224 open() "/www/wwwroot/www.tokld.top/favicon.ico" failed (2: No such file or directory), client: 220.142.146.64, server: www.tokld.top, request: "GET /favicon.ico HTTP/2.0", host: "www.tokld.top"
