20.220.232.240 - - [12/Mar/2026:21:08:34 +0800] "GET /file1.php HTTP/1.1" 404 138 "-" "-"
20.220.232.240 - - [12/Mar/2026:21:08:34 +0800] "GET /wfile.php HTTP/1.1" 301 162 "-" "-"
20.220.232.240 - - [12/Mar/2026:21:08:35 +0800] "GET /wfile.php HTTP/1.1" 404 138 "-" "-"
20.220.232.240 - - [12/Mar/2026:21:08:35 +0800] "GET /user-edit.php HTTP/1.1" 301 162 "-" "-"
20.220.232.240 - - [12/Mar/2026:21:08:35 +0800] "GET /user-edit.php HTTP/1.1" 404 138 "-" "-"
20.220.232.240 - - [12/Mar/2026:21:08:35 +0800] "GET /options.php HTTP/1.1" 301 162 "-" "-"
20.220.232.240 - - [12/Mar/2026:21:08:35 +0800] "GET /options.php HTTP/1.1" 404 138 "-" "-"
20.220.232.240 - - [12/Mar/2026:21:08:36 +0800] "GET /sxx.php HTTP/1.1" 301 162 "-" "-"
20.220.232.240 - - [12/Mar/2026:21:08:36 +0800] "GET /sxx.php HTTP/1.1" 404 138 "-" "-"
20.220.232.240 - - [12/Mar/2026:21:08:36 +0800] "GET /xl2023.php HTTP/1.1" 301 162 "-" "-"
20.220.232.240 - - [12/Mar/2026:21:08:36 +0800] "GET /xl2023.php HTTP/1.1" 404 138 "-" "-"
20.220.232.240 - - [12/Mar/2026:21:08:36 +0800] "GET /ee.php HTTP/1.1" 301 162 "-" "-"
20.220.232.240 - - [12/Mar/2026:21:08:37 +0800] "GET /ee.php HTTP/1.1" 404 138 "-" "-"
20.220.232.240 - - [12/Mar/2026:21:08:37 +0800] "GET /x.php HTTP/1.1" 301 162 "-" "-"
20.220.232.240 - - [12/Mar/2026:21:08:37 +0800] "GET /x.php HTTP/1.1" 404 138 "-" "-"
20.220.232.240 - - [12/Mar/2026:21:08:37 +0800] "GET /berlin.php HTTP/1.1" 301 162 "-" "-"
20.220.232.240 - - [12/Mar/2026:21:08:38 +0800] "GET /berlin.php HTTP/1.1" 404 138 "-" "-"
20.220.232.240 - - [12/Mar/2026:21:08:38 +0800] "GET /a2.php HTTP/1.1" 301 162 "-" "-"
20.220.232.240 - - [12/Mar/2026:21:08:38 +0800] "GET /a2.php HTTP/1.1" 404 138 "-" "-"
20.220.232.240 - - [12/Mar/2026:21:08:38 +0800] "GET /shell20211028.php HTTP/1.1" 301 162 "-" "-"
20.220.232.240 - - [12/Mar/2026:21:08:38 +0800] "GET /shell20211028.php HTTP/1.1" 404 138 "-" "-"
20.220.232.240 - - [12/Mar/2026:21:08:39 +0800] "GET /file21.php HTTP/1.1" 301 162 "-" "-"
20.220.232.240 - - [12/Mar/2026:21:08:39 +0800] "GET /file21.php HTTP/1.1" 404 138 "-" "-"
20.220.232.240 - - [12/Mar/2026:21:08:39 +0800] "GET /file8.php HTTP/1.1" 301 162 "-" "-"
20.220.232.240 - - [12/Mar/2026:21:08:39 +0800] "GET /file8.php HTTP/1.1" 404 138 "-" "-"
20.220.232.240 - - [12/Mar/2026:21:08:39 +0800] "GET /kaza.php HTTP/1.1" 301 162 "-" "-"
20.220.232.240 - - [12/Mar/2026:21:08:40 +0800] "GET /kaza.php HTTP/1.1" 404 138 "-" "-"
20.220.232.240 - - [12/Mar/2026:21:08:40 +0800] "GET /yellow.php HTTP/1.1" 301 162 "-" "-"
20.220.232.240 - - [12/Mar/2026:21:08:40 +0800] "GET /yellow.php HTTP/1.1" 404 138 "-" "-"
20.220.232.240 - - [12/Mar/2026:21:08:40 +0800] "GET /mah.php HTTP/1.1" 301 162 "-" "-"
20.220.232.240 - - [12/Mar/2026:21:08:41 +0800] "GET /mah.php HTTP/1.1" 404 138 "-" "-"
20.220.232.240 - - [12/Mar/2026:21:08:41 +0800] "GET /ern1.php HTTP/1.1" 301 162 "-" "-"
20.220.232.240 - - [12/Mar/2026:21:08:41 +0800] "GET /ern1.php HTTP/1.1" 404 138 "-" "-"
20.220.232.240 - - [12/Mar/2026:21:08:41 +0800] "GET /classgoto24.php HTTP/1.1" 301 162 "-" "-"
20.220.232.240 - - [12/Mar/2026:21:08:42 +0800] "GET /classgoto24.php HTTP/1.1" 404 138 "-" "-"
20.220.232.240 - - [12/Mar/2026:21:08:42 +0800] "GET /wp-content/plugins/zgdsfags/rk3.php HTTP/1.1" 301 162 "-" "-"
20.220.232.240 - - [12/Mar/2026:21:08:42 +0800] "GET /wp-content/plugins/zgdsfags/rk3.php HTTP/1.1" 404 138 "-" "-"
20.220.232.240 - - [12/Mar/2026:21:08:42 +0800] "GET /file2.php HTTP/1.1" 301 162 "-" "-"
20.220.232.240 - - [12/Mar/2026:21:08:42 +0800] "GET /file2.php HTTP/1.1" 404 138 "-" "-"
20.220.232.240 - - [12/Mar/2026:21:08:43 +0800] "GET /DaoZM.php HTTP/1.1" 301 162 "-" "-"
20.220.232.240 - - [12/Mar/2026:21:08:43 +0800] "GET /DaoZM.php HTTP/1.1" 404 138 "-" "-"
20.220.232.240 - - [12/Mar/2026:21:08:43 +0800] "GET /vee.php HTTP/1.1" 301 162 "-" "-"
20.220.232.240 - - [12/Mar/2026:21:08:43 +0800] "GET /vee.php HTTP/1.1" 404 138 "-" "-"
20.220.232.240 - - [12/Mar/2026:21:08:43 +0800] "GET /ifm.php HTTP/1.1" 301 162 "-" "-"
20.220.232.240 - - [12/Mar/2026:21:08:44 +0800] "GET /ifm.php HTTP/1.1" 404 138 "-" "-"
20.220.232.240 - - [12/Mar/2026:21:08:44 +0800] "GET /haa.php HTTP/1.1" 301 162 "-" "-"
20.220.232.240 - - [12/Mar/2026:21:08:44 +0800] "GET /haa.php HTTP/1.1" 404 138 "-" "-"
20.220.232.240 - - [12/Mar/2026:21:08:44 +0800] "GET /sendmail.php HTTP/1.1" 301 162 "-" "-"
20.220.232.240 - - [12/Mar/2026:21:08:44 +0800] "GET /sendmail.php HTTP/1.1" 404 138 "-" "-"
20.220.232.240 - - [12/Mar/2026:21:08:45 +0800] "GET /thems.php HTTP/1.1" 301 162 "-" "-"
20.220.232.240 - - [12/Mar/2026:21:08:45 +0800] "GET /thems.php HTTP/1.1" 404 138 "-" "-"
20.220.232.240 - - [12/Mar/2026:21:08:45 +0800] "GET /i.php HTTP/1.1" 301 162 "-" "-"
20.220.232.240 - - [12/Mar/2026:21:08:45 +0800] "GET /i.php HTTP/1.1" 404 138 "-" "-"
20.220.232.240 - - [12/Mar/2026:21:08:46 +0800] "GET /gifclass4.php HTTP/1.1" 301 162 "-" "-"
20.220.232.240 - - [12/Mar/2026:21:08:46 +0800] "GET /gifclass4.php HTTP/1.1" 404 138 "-" "-"
20.220.232.240 - - [12/Mar/2026:21:08:46 +0800] "GET /031.php HTTP/1.1" 301 162 "-" "-"
20.220.232.240 - - [12/Mar/2026:21:08:46 +0800] "GET /031.php HTTP/1.1" 404 138 "-" "-"
20.220.232.240 - - [12/Mar/2026:21:08:46 +0800] "GET /doti.php HTTP/1.1" 301 162 "-" "-"
20.220.232.240 - - [12/Mar/2026:21:08:47 +0800] "GET /doti.php HTTP/1.1" 404 138 "-" "-"
20.220.232.240 - - [12/Mar/2026:21:08:47 +0800] "GET /333.php HTTP/1.1" 301 162 "-" "-"
20.220.232.240 - - [12/Mar/2026:21:08:47 +0800] "GET /333.php HTTP/1.1" 404 138 "-" "-"
20.220.232.240 - - [12/Mar/2026:21:08:48 +0800] "GET /mlex.php HTTP/1.1" 301 162 "-" "-"
20.220.232.240 - - [12/Mar/2026:21:08:48 +0800] "GET /mlex.php HTTP/1.1" 404 138 "-" "-"
20.220.232.240 - - [12/Mar/2026:21:08:48 +0800] "GET /Yanzmini.php HTTP/1.1" 301 162 "-" "-"
20.220.232.240 - - [12/Mar/2026:21:08:48 +0800] "GET /Yanzmini.php HTTP/1.1" 404 138 "-" "-"
20.220.232.240 - - [12/Mar/2026:21:08:49 +0800] "GET /plss3.php HTTP/1.1" 301 162 "-" "-"
20.220.232.240 - - [12/Mar/2026:21:08:49 +0800] "GET /plss3.php HTTP/1.1" 404 138 "-" "-"
20.220.232.240 - - [12/Mar/2026:21:08:49 +0800] "GET /alfanew.php HTTP/1.1" 301 162 "-" "-"
20.220.232.240 - - [12/Mar/2026:21:08:49 +0800] "GET /alfanew.php HTTP/1.1" 404 138 "-" "-"
114.119.165.226 - - [12/Mar/2026:21:10:51 +0800] "GET /?_o=217028753 HTTP/1.1" 200 256 "https://auzdo.com/?sitemap595.xml" "Mozilla/5.0 (Linux; Android 7.0;) AppleWebKit/537.36 (KHTML, like Gecko) Mobile Safari/537.36 (compatible; PetalBot;+https://webmaster.petalsearch.com/site/petalbot)"
114.119.155.118 - - [12/Mar/2026:21:11:34 +0800] "GET /?_w=280010302 HTTP/1.1" 200 256 "https://auzdo.com/?sitemap891.xml" "Mozilla/5.0 (Linux; Android 7.0;) AppleWebKit/537.36 (KHTML, like Gecko) Mobile Safari/537.36 (compatible; PetalBot;+https://webmaster.petalsearch.com/site/petalbot)"
8.229.97.48 - - [12/Mar/2026:21:11:51 +0800] "GET / HTTP/1.1" 200 256 "-" "Mozilla/5.0 (Linux; Android 12; Pixel 6) AppleWebKit/537.36 (KHTML, like Gecko) Chrome/114.0.0.0 Mobile Safari/537.36"
114.119.155.118 - - [12/Mar/2026:21:12:59 +0800] "GET /m014007055 HTTP/1.1" 404 138 "https://auzdo.com/?sitemap854.xml" "Mozilla/5.0 (Linux; Android 7.0;) AppleWebKit/537.36 (KHTML, like Gecko) Mobile Safari/537.36 (compatible; PetalBot;+https://webmaster.petalsearch.com/site/petalbot)"
114.119.139.78 - - [12/Mar/2026:21:14:34 +0800] "GET /?_w=007017125 HTTP/1.1" 200 256 "https://auzdo.com/sitemap738.xml" "Mozilla/5.0 (Linux; Android 7.0;) AppleWebKit/537.36 (KHTML, like Gecko) Mobile Safari/537.36 (compatible; PetalBot;+https://webmaster.petalsearch.com/site/petalbot)"
66.249.74.169 - - [12/Mar/2026:21:15:33 +0800] "GET /?jp/152017396.html HTTP/1.1" 200 256 "-" "Mozilla/5.0 (Linux; Android 6.0.1; Nexus 5X Build/MMB29P) AppleWebKit/537.36 (KHTML, like Gecko) Chrome/145.0.7632.116 Mobile Safari/537.36 (compatible; Googlebot/2.1; +http://www.google.com/bot.html)"
114.119.136.146 - - [12/Mar/2026:21:16:01 +0800] "GET /m038014067 HTTP/1.1" 404 138 "https://auzdo.com/?sitemap891.xml" "Mozilla/5.0 (Linux; Android 7.0;) AppleWebKit/537.36 (KHTML, like Gecko) Mobile Safari/537.36 (compatible; PetalBot;+https://webmaster.petalsearch.com/site/petalbot)"
89.252.184.163 - - [12/Mar/2026:21:19:54 +0800] "POST /fput.php HTTP/2.0" 404 138 "-" "Mozilla/5.0 (Windows NT 10.0; Win64; x64) AppleWebKit/537.36 (KHTML, like Gecko) Chrome/99.0.4844.51 Safari/537.36"
66.249.74.167 - - [12/Mar/2026:21:20:31 +0800] "GET /m020025605 HTTP/1.1" 404 138 "-" "Mozilla/5.0 (Linux; Android 6.0.1; Nexus 5X Build/MMB29P) AppleWebKit/537.36 (KHTML, like Gecko) Chrome/145.0.7632.116 Mobile Safari/537.36 (compatible; Googlebot/2.1; +http://www.google.com/bot.html)"
167.172.79.172 - - [12/Mar/2026:21:21:53 +0800] "POST /comp.php HTTP/2.0" 404 138 "-" "Mozilla/5.0 (Windows NT 10.0; Win64; x64) AppleWebKit/537.36 (KHTML, like Gecko) Chrome/99.0.4844.51 Safari/537.36 Edg/99.0.1150.30"
162.19.252.246 - - [12/Mar/2026:21:24:10 +0800] "GET / HTTP/1.1" 200 256 "-" "Mozilla/5.0 (Linux; Android 10; K) AppleWebKit/537.36 (KHTML, like Gecko) Chrome/143.0.0.0 Mobile Safari/537.36"
138.246.253.24 - - [12/Mar/2026:21:24:41 +0800] "GET /robots.txt HTTP/1.1" 404 138 "-" "Mozilla/5.0 (Windows NT 10.0; Win64; x64) AppleWebKit/537.36 (KHTML, like Gecko) Chrome/103.0.5060.134 Safari/537.36"
66.249.74.169 - - [12/Mar/2026:21:41:38 +0800] "GET /?goods/192039839 HTTP/1.1" 200 256 "-" "Mozilla/5.0 (Linux; Android 6.0.1; Nexus 5X Build/MMB29P) AppleWebKit/537.36 (KHTML, like Gecko) Chrome/145.0.7632.116 Mobile Safari/537.36 (compatible; Googlebot/2.1; +http://www.google.com/bot.html)"
43.254.111.190 - - [12/Mar/2026:21:46:01 +0800] "POST /xmlrpc.php HTTP/1.1" 404 138 "-" "Mozilla/5.0 (Windows NT 6.3; arm64) AppleWebKit/537.36 (KHTML, like Gecko) Chrome/84.0.0.0 Safari/537.36"
103.77.106.118 - - [12/Mar/2026:21:53:59 +0800] "GET /sftp-config.json HTTP/1.1" 301 162 "-" "Mozilla/5.0 (Macintosh; Intel Mac OS X 10.15; rv:77.0) Gecko/20100101 Firefox/77.0"
103.77.106.118 - - [12/Mar/2026:21:54:00 +0800] "GET /sftp-config.json HTTP/1.1" 404 138 "-" "Mozilla/5.0 (Macintosh; Intel Mac OS X 10.15; rv:77.0) Gecko/20100101 Firefox/77.0"
103.77.106.118 - - [12/Mar/2026:21:54:00 +0800] "GET /.vscode/sftp.json HTTP/1.1" 301 162 "-" "Mozilla/5.0 (Macintosh; Intel Mac OS X 10.15; rv:77.0) Gecko/20100101 Firefox/77.0"
103.77.106.118 - - [12/Mar/2026:21:54:01 +0800] "GET /.vscode/sftp.json HTTP/1.1" 404 138 "-" "Mozilla/5.0 (Macintosh; Intel Mac OS X 10.15; rv:77.0) Gecko/20100101 Firefox/77.0"
114.119.139.78 - - [12/Mar/2026:22:05:59 +0800] "GET /m048047269 HTTP/1.1" 404 138 "https://auzdo.com/?sitemap891.xml" "Mozilla/5.0 (Linux; Android 7.0;) AppleWebKit/537.36 (KHTML, like Gecko) Mobile Safari/537.36 (compatible; PetalBot;+https://webmaster.petalsearch.com/site/petalbot)"
114.119.165.226 - - [12/Mar/2026:22:08:08 +0800] "GET /?_z=129040391 HTTP/1.1" 200 256 "https://auzdo.com/sitemap965.xml" "Mozilla/5.0 (Linux; Android 7.0;) AppleWebKit/537.36 (KHTML, like Gecko) Mobile Safari/537.36 (compatible; PetalBot;+https://webmaster.petalsearch.com/site/petalbot)"
40.77.167.22 - - [12/Mar/2026:22:14:04 +0800] "GET /?sitemap646.xml HTTP/2.0" 200 245 "-" "Mozilla/5.0 AppleWebKit/537.36 (KHTML, like Gecko; compatible; bingbot/2.0; +http://www.bing.com/bingbot.htm) Chrome/116.0.1938.76 Safari/537.36"
66.249.74.167 - - [12/Mar/2026:22:17:40 +0800] "GET /?goods/163027524 HTTP/1.1" 200 256 "-" "Mozilla/5.0 (Linux; Android 6.0.1; Nexus 5X Build/MMB29P) AppleWebKit/537.36 (KHTML, like Gecko) Chrome/145.0.7632.116 Mobile Safari/537.36 (compatible; Googlebot/2.1; +http://www.google.com/bot.html)"
66.249.74.167 - - [12/Mar/2026:22:20:32 +0800] "GET /m020031985 HTTP/1.1" 404 138 "-" "Mozilla/5.0 (Linux; Android 6.0.1; Nexus 5X Build/MMB29P) AppleWebKit/537.36 (KHTML, like Gecko) Chrome/145.0.7632.116 Mobile Safari/537.36 (compatible; Googlebot/2.1; +http://www.google.com/bot.html)"
192.253.248.11 - - [12/Mar/2026:22:22:17 +0800] "GET //.git/HEAD HTTP/1.1" 301 162 "-" "Go-http-client/1.1"
192.253.248.11 - - [12/Mar/2026:22:22:21 +0800] "GET /.git/HEAD HTTP/1.1" 404 138 "http://auzdo.com//.git/HEAD" "Go-http-client/1.1"
103.4.251.44 - - [12/Mar/2026:22:25:22 +0800] "GET / HTTP/1.1" 200 256 "-" "Mozilla/5.0 (Macintosh; Intel Mac OS X 10_15_7) AppleWebKit/537.36 (KHTML, like Gecko) Chrome/116.0.0.0 Safari/537.36"
107.172.195.45 - - [12/Mar/2026:22:25:27 +0800] "GET / HTTP/1.1" 200 256 "-" "Mozilla/5.0 (Windows NT 10.0; Win64; x64) AppleWebKit/537.36 (KHTML, like Gecko) Chrome/117.0.0.0 Safari/537.36"
45.227.253.15 - - [12/Mar/2026:22:30:40 +0800] "GET /index.php/jk HTTP/1.1" 200 256 "-" "Mozilla/5.0 (Windows NT 6.1; WOW64; rv:70.0) Gecko/20100101 Firefox/70.0"
114.119.147.32 - - [12/Mar/2026:22:34:27 +0800] "GET /?_x=191019809 HTTP/1.1" 200 256 "https://auzdo.com/sitemap912.xml" "Mozilla/5.0 (Linux; Android 7.0;) AppleWebKit/537.36 (KHTML, like Gecko) Mobile Safari/537.36 (compatible; PetalBot;+https://webmaster.petalsearch.com/site/petalbot)"
74.7.244.29 - - [12/Mar/2026:22:35:04 +0800] "GET /robots.txt HTTP/2.0" 404 138 "-" "Mozilla/5.0 (Macintosh; Intel Mac OS X 10_15_7) AppleWebKit/537.36 (KHTML, like Gecko) Chrome/131.0.0.0 Safari/537.36; compatible; OAI-SearchBot/1.3; robots.txt; +https://openai.com/searchbot"
74.7.227.43 - - [12/Mar/2026:22:35:09 +0800] "GET /?sitemap501.xml HTTP/2.0" 200 245 "-" "Mozilla/5.0 AppleWebKit/537.36 (KHTML, like Gecko; compatible; GPTBot/1.3; +https://openai.com/gptbot)"
66.249.74.168 - - [12/Mar/2026:22:35:39 +0800] "GET /?goods/051005803 HTTP/1.1" 200 256 "-" "Mozilla/5.0 (Linux; Android 6.0.1; Nexus 5X Build/MMB29P) AppleWebKit/537.36 (KHTML, like Gecko) Chrome/145.0.7632.116 Mobile Safari/537.36 (compatible; Googlebot/2.1; +http://www.google.com/bot.html)"
114.119.136.146 - - [12/Mar/2026:22:36:06 +0800] "GET /?_x=023010171 HTTP/1.1" 200 256 "https://auzdo.com/?sitemap595.xml" "Mozilla/5.0 (Linux; Android 7.0;) AppleWebKit/537.36 (KHTML, like Gecko) Mobile Safari/537.36 (compatible; PetalBot;+https://webmaster.petalsearch.com/site/petalbot)"
74.7.244.29 - - [12/Mar/2026:22:43:57 +0800] "GET /robots.txt HTTP/2.0" 404 138 "-" "Mozilla/5.0 (Macintosh; Intel Mac OS X 10_15_7) AppleWebKit/537.36 (KHTML, like Gecko) Chrome/131.0.0.0 Safari/537.36; compatible; OAI-SearchBot/1.3; robots.txt; +https://openai.com/searchbot"
74.7.227.43 - - [12/Mar/2026:22:44:04 +0800] "GET /?sitemap887.xml HTTP/2.0" 200 245 "-" "Mozilla/5.0 AppleWebKit/537.36 (KHTML, like Gecko; compatible; GPTBot/1.3; +https://openai.com/gptbot)"
74.7.227.43 - - [12/Mar/2026:22:44:48 +0800] "GET /?sitemap646.xml HTTP/2.0" 200 245 "-" "Mozilla/5.0 AppleWebKit/537.36 (KHTML, like Gecko; compatible; GPTBot/1.3; +https://openai.com/gptbot)"
74.7.227.43 - - [12/Mar/2026:22:48:30 +0800] "GET /?sitemap891.xml HTTP/2.0" 200 245 "-" "Mozilla/5.0 AppleWebKit/537.36 (KHTML, like Gecko; compatible; GPTBot/1.3; +https://openai.com/gptbot)"
114.119.165.226 - - [12/Mar/2026:22:50:31 +0800] "GET /sitemap965.xml HTTP/1.1" 404 138 "-" "Mozilla/5.0 (Linux; Android 7.0;) AppleWebKit/537.36 (KHTML, like Gecko) Mobile Safari/537.36 (compatible; PetalBot;+https://webmaster.petalsearch.com/site/petalbot)"
114.119.139.78 - - [12/Mar/2026:22:51:49 +0800] "GET /sitemap224.xml HTTP/1.1" 404 138 "-" "Mozilla/5.0 (Linux; Android 7.0;) AppleWebKit/537.36 (KHTML, like Gecko) Mobile Safari/537.36 (compatible; PetalBot;+https://webmaster.petalsearch.com/site/petalbot)"
114.119.136.146 - - [12/Mar/2026:22:52:58 +0800] "GET /m120015969 HTTP/1.1" 404 138 "https://auzdo.com/?sitemap891.xml" "Mozilla/5.0 (Linux; Android 7.0;) AppleWebKit/537.36 (KHTML, like Gecko) Mobile Safari/537.36 (compatible; PetalBot;+https://webmaster.petalsearch.com/site/petalbot)"
114.119.139.78 - - [12/Mar/2026:22:54:15 +0800] "GET /m119023276 HTTP/1.1" 404 138 "https://auzdo.com/?sitemap891.xml" "Mozilla/5.0 (Linux; Android 7.0;) AppleWebKit/537.36 (KHTML, like Gecko) Mobile Safari/537.36 (compatible; PetalBot;+https://webmaster.petalsearch.com/site/petalbot)"
114.119.155.118 - - [12/Mar/2026:22:55:40 +0800] "GET /m109031400 HTTP/1.1" 404 138 "https://auzdo.com/?sitemap891.xml" "Mozilla/5.0 (Linux; Android 7.0;) AppleWebKit/537.36 (KHTML, like Gecko) Mobile Safari/537.36 (compatible; PetalBot;+https://webmaster.petalsearch.com/site/petalbot)"
114.119.136.146 - - [12/Mar/2026:22:57:06 +0800] "GET /m105014154 HTTP/1.1" 404 138 "https://auzdo.com/?sitemap891.xml" "Mozilla/5.0 (Linux; Android 7.0;) AppleWebKit/537.36 (KHTML, like Gecko) Mobile Safari/537.36 (compatible; PetalBot;+https://webmaster.petalsearch.com/site/petalbot)"
114.119.139.78 - - [12/Mar/2026:22:58:57 +0800] "GET /m093049722 HTTP/1.1" 404 138 "https://auzdo.com/?sitemap891.xml" "Mozilla/5.0 (Linux; Android 7.0;) AppleWebKit/537.36 (KHTML, like Gecko) Mobile Safari/537.36 (compatible; PetalBot;+https://webmaster.petalsearch.com/site/petalbot)"
114.119.155.118 - - [12/Mar/2026:22:59:59 +0800] "GET /m088018017 HTTP/1.1" 404 138 "https://auzdo.com/?sitemap891.xml" "Mozilla/5.0 (Linux; Android 7.0;) AppleWebKit/537.36 (KHTML, like Gecko) Mobile Safari/537.36 (compatible; PetalBot;+https://webmaster.petalsearch.com/site/petalbot)"
74.7.244.29 - - [12/Mar/2026:23:01:33 +0800] "GET /robots.txt HTTP/2.0" 404 138 "-" "Mozilla/5.0 (Macintosh; Intel Mac OS X 10_15_7) AppleWebKit/537.36 (KHTML, like Gecko) Chrome/131.0.0.0 Safari/537.36; compatible; OAI-SearchBot/1.3; robots.txt; +https://openai.com/searchbot"
74.7.227.43 - - [12/Mar/2026:23:01:40 +0800] "GET /?sitemap6.xml HTTP/2.0" 200 245 "-" "Mozilla/5.0 AppleWebKit/537.36 (KHTML, like Gecko; compatible; GPTBot/1.3; +https://openai.com/gptbot)"
114.119.165.226 - - [12/Mar/2026:23:01:43 +0800] "GET /m074007729 HTTP/1.1" 404 138 "https://auzdo.com/?sitemap891.xml" "Mozilla/5.0 (Linux; Android 7.0;) AppleWebKit/537.36 (KHTML, like Gecko) Mobile Safari/537.36 (compatible; PetalBot;+https://webmaster.petalsearch.com/site/petalbot)"
114.119.155.118 - - [12/Mar/2026:23:02:51 +0800] "GET /m070039643 HTTP/1.1" 404 138 "https://auzdo.com/?sitemap595.xml" "Mozilla/5.0 (Linux; Android 7.0;) AppleWebKit/537.36 (KHTML, like Gecko) Mobile Safari/537.36 (compatible; PetalBot;+https://webmaster.petalsearch.com/site/petalbot)"
114.119.147.32 - - [12/Mar/2026:23:05:42 +0800] "GET /m068016347 HTTP/1.1" 404 138 "https://auzdo.com/?sitemap891.xml" "Mozilla/5.0 (Linux; Android 7.0;) AppleWebKit/537.36 (KHTML, like Gecko) Mobile Safari/537.36 (compatible; PetalBot;+https://webmaster.petalsearch.com/site/petalbot)"
114.119.155.118 - - [12/Mar/2026:23:07:01 +0800] "GET /m067000440 HTTP/1.1" 404 138 "https://auzdo.com/?sitemap595.xml" "Mozilla/5.0 (Linux; Android 7.0;) AppleWebKit/537.36 (KHTML, like Gecko) Mobile Safari/537.36 (compatible; PetalBot;+https://webmaster.petalsearch.com/site/petalbot)"
5.188.140.174 - - [12/Mar/2026:23:07:31 +0800] "POST / HTTP/1.1" 301 162 "-" "-"
114.119.139.78 - - [12/Mar/2026:23:09:48 +0800] "GET /m064025249 HTTP/1.1" 404 138 "https://auzdo.com/?sitemap854.xml" "Mozilla/5.0 (Linux; Android 7.0;) AppleWebKit/537.36 (KHTML, like Gecko) Mobile Safari/537.36 (compatible; PetalBot;+https://webmaster.petalsearch.com/site/petalbot)"
74.7.244.29 - - [12/Mar/2026:23:10:42 +0800] "GET /robots.txt HTTP/2.0" 404 138 "-" "Mozilla/5.0 (Macintosh; Intel Mac OS X 10_15_7) AppleWebKit/537.36 (KHTML, like Gecko) Chrome/131.0.0.0 Safari/537.36; compatible; OAI-SearchBot/1.3; robots.txt; +https://openai.com/searchbot"
74.7.227.43 - - [12/Mar/2026:23:10:47 +0800] "GET /buy.php?sitemap943.xml HTTP/2.0" 404 138 "-" "Mozilla/5.0 AppleWebKit/537.36 (KHTML, like Gecko; compatible; GPTBot/1.3; +https://openai.com/gptbot)"
66.249.74.169 - - [12/Mar/2026:23:11:33 +0800] "GET /?goods/281034338 HTTP/1.1" 200 256 "-" "Mozilla/5.0 (Linux; Android 6.0.1; Nexus 5X Build/MMB29P) AppleWebKit/537.36 (KHTML, like Gecko) Chrome/145.0.7632.116 Mobile Safari/537.36 (compatible; Googlebot/2.1; +http://www.google.com/bot.html)"
114.119.155.118 - - [12/Mar/2026:23:12:54 +0800] "GET /m061047582 HTTP/1.1" 404 138 "https://auzdo.com/?sitemap891.xml" "Mozilla/5.0 (Linux; Android 7.0;) AppleWebKit/537.36 (KHTML, like Gecko) Mobile Safari/537.36 (compatible; PetalBot;+https://webmaster.petalsearch.com/site/petalbot)"
114.119.165.226 - - [12/Mar/2026:23:14:09 +0800] "GET /m055021780 HTTP/1.1" 404 138 "https://auzdo.com/?sitemap854.xml" "Mozilla/5.0 (Linux; Android 7.0;) AppleWebKit/537.36 (KHTML, like Gecko) Mobile Safari/537.36 (compatible; PetalBot;+https://webmaster.petalsearch.com/site/petalbot)"
114.119.132.57 - - [12/Mar/2026:23:15:22 +0800] "GET /m050016599 HTTP/1.1" 404 138 "https://auzdo.com/?sitemap891.xml" "Mozilla/5.0 (Linux; Android 7.0;) AppleWebKit/537.36 (KHTML, like Gecko) Mobile Safari/537.36 (compatible; PetalBot;+https://webmaster.petalsearch.com/site/petalbot)"
114.119.165.226 - - [12/Mar/2026:23:17:58 +0800] "GET /m034018933 HTTP/1.1" 404 138 "https://auzdo.com/?sitemap891.xml" "Mozilla/5.0 (Linux; Android 7.0;) AppleWebKit/537.36 (KHTML, like Gecko) Mobile Safari/537.36 (compatible; PetalBot;+https://webmaster.petalsearch.com/site/petalbot)"
114.119.139.78 - - [12/Mar/2026:23:22:06 +0800] "GET /m017020240 HTTP/1.1" 404 138 "https://auzdo.com/?sitemap891.xml" "Mozilla/5.0 (Linux; Android 7.0;) AppleWebKit/537.36 (KHTML, like Gecko) Mobile Safari/537.36 (compatible; PetalBot;+https://webmaster.petalsearch.com/site/petalbot)"
66.249.74.167 - - [12/Mar/2026:23:22:36 +0800] "GET /?goods/188018824 HTTP/1.1" 200 256 "-" "Mozilla/5.0 (Linux; Android 6.0.1; Nexus 5X Build/MMB29P) AppleWebKit/537.36 (KHTML, like Gecko) Chrome/145.0.7632.116 Mobile Safari/537.36 (compatible; Googlebot/2.1; +http://www.google.com/bot.html)"
114.119.139.78 - - [12/Mar/2026:23:23:24 +0800] "GET /m012016847 HTTP/1.1" 404 138 "https://auzdo.com/?sitemap854.xml" "Mozilla/5.0 (Linux; Android 7.0;) AppleWebKit/537.36 (KHTML, like Gecko) Mobile Safari/537.36 (compatible; PetalBot;+https://webmaster.petalsearch.com/site/petalbot)"
114.119.147.32 - - [12/Mar/2026:23:25:02 +0800] "GET /m003038268 HTTP/1.1" 404 138 "https://auzdo.com/?sitemap854.xml" "Mozilla/5.0 (Linux; Android 7.0;) AppleWebKit/537.36 (KHTML, like Gecko) Mobile Safari/537.36 (compatible; PetalBot;+https://webmaster.petalsearch.com/site/petalbot)"
114.119.136.146 - - [12/Mar/2026:23:26:18 +0800] "GET /?_z=299045567 HTTP/1.1" 200 256 "https://auzdo.com/sitemap997.xml" "Mozilla/5.0 (Linux; Android 7.0;) AppleWebKit/537.36 (KHTML, like Gecko) Mobile Safari/537.36 (compatible; PetalBot;+https://webmaster.petalsearch.com/site/petalbot)"
114.119.139.78 - - [12/Mar/2026:23:27:40 +0800] "GET /?_z=290000602 HTTP/1.1" 200 256 "https://auzdo.com/sitemap830.xml" "Mozilla/5.0 (Linux; Android 7.0;) AppleWebKit/537.36 (KHTML, like Gecko) Mobile Safari/537.36 (compatible; PetalBot;+https://webmaster.petalsearch.com/site/petalbot)"
114.119.138.214 - - [12/Mar/2026:23:29:21 +0800] "GET /?_z=288034962 HTTP/1.1" 200 256 "https://auzdo.com/sitemap741.xml" "Mozilla/5.0 (Linux; Android 7.0;) AppleWebKit/537.36 (KHTML, like Gecko) Mobile Safari/537.36 (compatible; PetalBot;+https://webmaster.petalsearch.com/site/petalbot)"
114.119.157.112 - - [12/Mar/2026:23:30:34 +0800] "GET /?_z=284033822 HTTP/1.1" 200 256 "https://auzdo.com/sitemap948.xml" "Mozilla/5.0 (Linux; Android 7.0;) AppleWebKit/537.36 (KHTML, like Gecko) Mobile Safari/537.36 (compatible; PetalBot;+https://webmaster.petalsearch.com/site/petalbot)"
114.119.165.226 - - [12/Mar/2026:23:32:02 +0800] "GET /?_z=284025822 HTTP/1.1" 200 256 "https://auzdo.com/sitemap934.xml" "Mozilla/5.0 (Linux; Android 7.0;) AppleWebKit/537.36 (KHTML, like Gecko) Mobile Safari/537.36 (compatible; PetalBot;+https://webmaster.petalsearch.com/site/petalbot)"
114.119.157.112 - - [12/Mar/2026:23:34:06 +0800] "GET /?_z=264031740 HTTP/1.1" 200 256 "https://auzdo.com/sitemap85.xml" "Mozilla/5.0 (Linux; Android 7.0;) AppleWebKit/537.36 (KHTML, like Gecko) Mobile Safari/537.36 (compatible; PetalBot;+https://webmaster.petalsearch.com/site/petalbot)"
114.119.147.32 - - [12/Mar/2026:23:36:21 +0800] "GET /?_z=257034463 HTTP/1.1" 200 256 "https://auzdo.com/sitemap997.xml" "Mozilla/5.0 (Linux; Android 7.0;) AppleWebKit/537.36 (KHTML, like Gecko) Mobile Safari/537.36 (compatible; PetalBot;+https://webmaster.petalsearch.com/site/petalbot)"
114.119.139.78 - - [12/Mar/2026:23:37:29 +0800] "GET /?_z=253008729 HTTP/1.1" 200 256 "https://auzdo.com/sitemap738.xml" "Mozilla/5.0 (Linux; Android 7.0;) AppleWebKit/537.36 (KHTML, like Gecko) Mobile Safari/537.36 (compatible; PetalBot;+https://webmaster.petalsearch.com/site/petalbot)"
114.119.136.146 - - [12/Mar/2026:23:39:22 +0800] "GET /?_z=234028262 HTTP/1.1" 200 256 "https://auzdo.com/sitemap738.xml" "Mozilla/5.0 (Linux; Android 7.0;) AppleWebKit/537.36 (KHTML, like Gecko) Mobile Safari/537.36 (compatible; PetalBot;+https://webmaster.petalsearch.com/site/petalbot)"
114.119.136.146 - - [12/Mar/2026:23:40:33 +0800] "GET /?_z=230033104 HTTP/1.1" 200 256 "https://auzdo.com/sitemap85.xml" "Mozilla/5.0 (Linux; Android 7.0;) AppleWebKit/537.36 (KHTML, like Gecko) Mobile Safari/537.36 (compatible; PetalBot;+https://webmaster.petalsearch.com/site/petalbot)"
114.119.147.32 - - [12/Mar/2026:23:41:34 +0800] "GET /?_z=222006516 HTTP/1.1" 200 256 "https://auzdo.com/sitemap912.xml" "Mozilla/5.0 (Linux; Android 7.0;) AppleWebKit/537.36 (KHTML, like Gecko) Mobile Safari/537.36 (compatible; PetalBot;+https://webmaster.petalsearch.com/site/petalbot)"
114.119.147.32 - - [12/Mar/2026:23:47:53 +0800] "GET /?_z=142029416 HTTP/1.1" 200 256 "https://auzdo.com/sitemap738.xml" "Mozilla/5.0 (Linux; Android 7.0;) AppleWebKit/537.36 (KHTML, like Gecko) Mobile Safari/537.36 (compatible; PetalBot;+https://webmaster.petalsearch.com/site/petalbot)"
114.119.136.146 - - [12/Mar/2026:23:48:59 +0800] "GET /?_z=141043989 HTTP/1.1" 200 256 "https://auzdo.com/sitemap997.xml" "Mozilla/5.0 (Linux; Android 7.0;) AppleWebKit/537.36 (KHTML, like Gecko) Mobile Safari/537.36 (compatible; PetalBot;+https://webmaster.petalsearch.com/site/petalbot)"
114.119.136.146 - - [12/Mar/2026:23:50:20 +0800] "GET /?_z=137032149 HTTP/1.1" 200 256 "https://auzdo.com/sitemap741.xml" "Mozilla/5.0 (Linux; Android 7.0;) AppleWebKit/537.36 (KHTML, like Gecko) Mobile Safari/537.36 (compatible; PetalBot;+https://webmaster.petalsearch.com/site/petalbot)"
114.119.136.146 - - [12/Mar/2026:23:53:00 +0800] "GET /?_z=114044090 HTTP/1.1" 200 256 "https://auzdo.com/sitemap948.xml" "Mozilla/5.0 (Linux; Android 7.0;) AppleWebKit/537.36 (KHTML, like Gecko) Mobile Safari/537.36 (compatible; PetalBot;+https://webmaster.petalsearch.com/site/petalbot)"
114.119.147.32 - - [12/Mar/2026:23:54:28 +0800] "GET /?_z=107007163 HTTP/1.1" 200 256 "https://auzdo.com/sitemap948.xml" "Mozilla/5.0 (Linux; Android 7.0;) AppleWebKit/537.36 (KHTML, like Gecko) Mobile Safari/537.36 (compatible; PetalBot;+https://webmaster.petalsearch.com/site/petalbot)"
114.119.165.226 - - [12/Mar/2026:23:55:30 +0800] "GET /?_z=104047496 HTTP/1.1" 200 256 "https://auzdo.com/sitemap997.xml" "Mozilla/5.0 (Linux; Android 7.0;) AppleWebKit/537.36 (KHTML, like Gecko) Mobile Safari/537.36 (compatible; PetalBot;+https://webmaster.petalsearch.com/site/petalbot)"
114.119.157.112 - - [12/Mar/2026:23:56:58 +0800] "GET /?_z=098030060 HTTP/1.1" 200 256 "https://auzdo.com/sitemap934.xml" "Mozilla/5.0 (Linux; Android 7.0;) AppleWebKit/537.36 (KHTML, like Gecko) Mobile Safari/537.36 (compatible; PetalBot;+https://webmaster.petalsearch.com/site/petalbot)"
114.119.132.57 - - [12/Mar/2026:23:58:23 +0800] "GET /?_z=085002817 HTTP/1.1" 200 256 "https://auzdo.com/sitemap848.xml" "Mozilla/5.0 (Linux; Android 7.0;) AppleWebKit/537.36 (KHTML, like Gecko) Mobile Safari/537.36 (compatible; PetalBot;+https://webmaster.petalsearch.com/site/petalbot)"
114.119.147.32 - - [13/Mar/2026:00:00:10 +0800] "GET /?_z=068049446 HTTP/1.1" 200 256 "https://auzdo.com/sitemap738.xml" "Mozilla/5.0 (Linux; Android 7.0;) AppleWebKit/537.36 (KHTML, like Gecko) Mobile Safari/537.36 (compatible; PetalBot;+https://webmaster.petalsearch.com/site/petalbot)"
114.119.155.118 - - [13/Mar/2026:00:02:41 +0800] "GET /?_z=043041707 HTTP/1.1" 200 256 "https://auzdo.com/sitemap788.xml" "Mozilla/5.0 (Linux; Android 7.0;) AppleWebKit/537.36 (KHTML, like Gecko) Mobile Safari/537.36 (compatible; PetalBot;+https://webmaster.petalsearch.com/site/petalbot)"
114.119.132.57 - - [13/Mar/2026:00:04:14 +0800] "GET /?_y=281022481 HTTP/1.1" 200 256 "https://auzdo.com/sitemap855.xml" "Mozilla/5.0 (Linux; Android 7.0;) AppleWebKit/537.36 (KHTML, like Gecko) Mobile Safari/537.36 (compatible; PetalBot;+https://webmaster.petalsearch.com/site/petalbot)"
114.119.165.226 - - [13/Mar/2026:00:05:37 +0800] "GET /?_y=236004654 HTTP/1.1" 200 256 "https://auzdo.com/sitemap741.xml" "Mozilla/5.0 (Linux; Android 7.0;) AppleWebKit/537.36 (KHTML, like Gecko) Mobile Safari/537.36 (compatible; PetalBot;+https://webmaster.petalsearch.com/site/petalbot)"
114.119.136.146 - - [13/Mar/2026:00:07:06 +0800] "GET /?_y=233013607 HTTP/1.1" 200 256 "https://auzdo.com/?sitemap891.xml" "Mozilla/5.0 (Linux; Android 7.0;) AppleWebKit/537.36 (KHTML, like Gecko) Mobile Safari/537.36 (compatible; PetalBot;+https://webmaster.petalsearch.com/site/petalbot)"
114.119.157.112 - - [13/Mar/2026:00:08:16 +0800] "GET /?_y=231010389 HTTP/1.1" 200 256 "https://auzdo.com/sitemap943.xml" "Mozilla/5.0 (Linux; Android 7.0;) AppleWebKit/537.36 (KHTML, like Gecko) Mobile Safari/537.36 (compatible; PetalBot;+https://webmaster.petalsearch.com/site/petalbot)"
66.249.74.167 - - [13/Mar/2026:00:08:34 +0800] "GET /?jp/010023539.html HTTP/1.1" 200 256 "-" "Mozilla/5.0 (Linux; Android 6.0.1; Nexus 5X Build/MMB29P) AppleWebKit/537.36 (KHTML, like Gecko) Chrome/145.0.7632.116 Mobile Safari/537.36 (compatible; Googlebot/2.1; +http://www.google.com/bot.html)"
114.119.155.118 - - [13/Mar/2026:00:09:26 +0800] "GET /?_y=213006681 HTTP/1.1" 200 256 "https://auzdo.com/sitemap741.xml" "Mozilla/5.0 (Linux; Android 7.0;) AppleWebKit/537.36 (KHTML, like Gecko) Mobile Safari/537.36 (compatible; PetalBot;+https://webmaster.petalsearch.com/site/petalbot)"
114.119.138.214 - - [13/Mar/2026:00:11:42 +0800] "GET /?_y=156033776 HTTP/1.1" 200 256 "https://auzdo.com/?sitemap595.xml" "Mozilla/5.0 (Linux; Android 7.0;) AppleWebKit/537.36 (KHTML, like Gecko) Mobile Safari/537.36 (compatible; PetalBot;+https://webmaster.petalsearch.com/site/petalbot)"
114.119.139.78 - - [13/Mar/2026:00:12:19 +0800] "GET /m119017220 HTTP/1.1" 404 138 "https://auzdo.com/?sitemap891.xml" "Mozilla/5.0 (Linux; Android 7.0;) AppleWebKit/537.36 (KHTML, like Gecko) Mobile Safari/537.36 (compatible; PetalBot;+https://webmaster.petalsearch.com/site/petalbot)"
114.119.147.32 - - [13/Mar/2026:00:17:13 +0800] "GET /m069038588 HTTP/1.1" 404 138 "https://auzdo.com/?sitemap595.xml" "Mozilla/5.0 (Linux; Android 7.0;) AppleWebKit/537.36 (KHTML, like Gecko) Mobile Safari/537.36 (compatible; PetalBot;+https://webmaster.petalsearch.com/site/petalbot)"
114.119.138.214 - - [13/Mar/2026:00:17:51 +0800] "GET /m068034305 HTTP/1.1" 404 138 "https://auzdo.com/?sitemap595.xml" "Mozilla/5.0 (Linux; Android 7.0;) AppleWebKit/537.36 (KHTML, like Gecko) Mobile Safari/537.36 (compatible; PetalBot;+https://webmaster.petalsearch.com/site/petalbot)"
114.119.157.112 - - [13/Mar/2026:00:19:19 +0800] "GET /m063047454 HTTP/1.1" 404 138 "https://auzdo.com/?sitemap891.xml" "Mozilla/5.0 (Linux; Android 7.0;) AppleWebKit/537.36 (KHTML, like Gecko) Mobile Safari/537.36 (compatible; PetalBot;+https://webmaster.petalsearch.com/site/petalbot)"
66.249.74.168 - - [13/Mar/2026:00:20:34 +0800] "GET /?_h=068047758 HTTP/1.1" 200 256 "-" "Mozilla/5.0 (Linux; Android 6.0.1; Nexus 5X Build/MMB29P) AppleWebKit/537.36 (KHTML, like Gecko) Chrome/145.0.7632.116 Mobile Safari/537.36 (compatible; Googlebot/2.1; +http://www.google.com/bot.html)"
114.119.157.112 - - [13/Mar/2026:00:21:23 +0800] "GET /m063041428 HTTP/1.1" 404 138 "https://auzdo.com/?sitemap595.xml" "Mozilla/5.0 (Linux; Android 7.0;) AppleWebKit/537.36 (KHTML, like Gecko) Mobile Safari/537.36 (compatible; PetalBot;+https://webmaster.petalsearch.com/site/petalbot)"
64.182.127.140 - - [13/Mar/2026:00:21:58 +0800] "POST /comp.php HTTP/2.0" 404 138 "-" "Mozilla/5.0 (Windows NT 10.0; Win64; x64) AppleWebKit/537.36 (KHTML, like Gecko) Chrome/101.0.4951.67 Safari/537.36"
114.119.138.214 - - [13/Mar/2026:00:22:41 +0800] "GET /m052002341 HTTP/1.1" 404 138 "https://auzdo.com/?sitemap595.xml" "Mozilla/5.0 (Linux; Android 7.0;) AppleWebKit/537.36 (KHTML, like Gecko) Mobile Safari/537.36 (compatible; PetalBot;+https://webmaster.petalsearch.com/site/petalbot)"
114.119.155.118 - - [13/Mar/2026:00:23:25 +0800] "GET /m047048046 HTTP/1.1" 404 138 "https://auzdo.com/?sitemap891.xml" "Mozilla/5.0 (Linux; Android 7.0;) AppleWebKit/537.36 (KHTML, like Gecko) Mobile Safari/537.36 (compatible; PetalBot;+https://webmaster.petalsearch.com/site/petalbot)"
66.249.74.167 - - [13/Mar/2026:00:23:35 +0800] "GET /?goods/018042864 HTTP/1.1" 200 256 "-" "Mozilla/5.0 (Linux; Android 6.0.1; Nexus 5X Build/MMB29P) AppleWebKit/537.36 (KHTML, like Gecko) Chrome/145.0.7632.116 Mobile Safari/537.36 (compatible; Googlebot/2.1; +http://www.google.com/bot.html)"
114.119.157.112 - - [13/Mar/2026:00:24:53 +0800] "GET /m046042155 HTTP/1.1" 404 138 "https://auzdo.com/?sitemap595.xml" "Mozilla/5.0 (Linux; Android 7.0;) AppleWebKit/537.36 (KHTML, like Gecko) Mobile Safari/537.36 (compatible; PetalBot;+https://webmaster.petalsearch.com/site/petalbot)"
114.119.157.112 - - [13/Mar/2026:00:28:27 +0800] "GET /m038038877 HTTP/1.1" 404 138 "https://auzdo.com/?sitemap891.xml" "Mozilla/5.0 (Linux; Android 7.0;) AppleWebKit/537.36 (KHTML, like Gecko) Mobile Safari/537.36 (compatible; PetalBot;+https://webmaster.petalsearch.com/site/petalbot)"
114.119.157.112 - - [13/Mar/2026:00:29:11 +0800] "GET /m036010873 HTTP/1.1" 404 138 "https://auzdo.com/?sitemap891.xml" "Mozilla/5.0 (Linux; Android 7.0;) AppleWebKit/537.36 (KHTML, like Gecko) Mobile Safari/537.36 (compatible; PetalBot;+https://webmaster.petalsearch.com/site/petalbot)"
114.119.138.214 - - [13/Mar/2026:00:30:22 +0800] "GET /m032044395 HTTP/1.1" 404 138 "https://auzdo.com/?sitemap854.xml" "Mozilla/5.0 (Linux; Android 7.0;) AppleWebKit/537.36 (KHTML, like Gecko) Mobile Safari/537.36 (compatible; PetalBot;+https://webmaster.petalsearch.com/site/petalbot)"
114.119.155.118 - - [13/Mar/2026:00:33:39 +0800] "GET /m006026975 HTTP/1.1" 404 138 "https://auzdo.com/?sitemap854.xml" "Mozilla/5.0 (Linux; Android 7.0;) AppleWebKit/537.36 (KHTML, like Gecko) Mobile Safari/537.36 (compatible; PetalBot;+https://webmaster.petalsearch.com/site/petalbot)"
114.119.132.57 - - [13/Mar/2026:00:36:30 +0800] "GET /m083020176 HTTP/1.1" 404 138 "https://auzdo.com/?sitemap891.xml" "Mozilla/5.0 (Linux; Android 7.0;) AppleWebKit/537.36 (KHTML, like Gecko) Mobile Safari/537.36 (compatible; PetalBot;+https://webmaster.petalsearch.com/site/petalbot)"
114.119.132.57 - - [13/Mar/2026:00:37:19 +0800] "GET /m074013927 HTTP/1.1" 404 138 "https://auzdo.com/?sitemap891.xml" "Mozilla/5.0 (Linux; Android 7.0;) AppleWebKit/537.36 (KHTML, like Gecko) Mobile Safari/537.36 (compatible; PetalBot;+https://webmaster.petalsearch.com/site/petalbot)"
50.6.224.234 - - [13/Mar/2026:00:38:23 +0800] "GET / HTTP/2.0" 200 245 "-" "Mozilla/5.0 (iPhone; CPU iPhone OS 17_2 like Mac OS X) AppleWebKit/605.1.15 (KHTML, like Gecko) Version/17.2 Mobile/15E148 Safari/604.1"
50.6.229.148 - - [13/Mar/2026:00:38:23 +0800] "GET / HTTP/2.0" 200 245 "-" "Mozilla/5.0 (iPhone; CPU iPhone OS 17_2 like Mac OS X) AppleWebKit/605.1.15 (KHTML, like Gecko) Version/17.2 Mobile/15E148 Safari/604.1"
114.119.165.226 - - [13/Mar/2026:00:39:22 +0800] "GET /m046020701 HTTP/1.1" 404 138 "https://auzdo.com/?sitemap854.xml" "Mozilla/5.0 (Linux; Android 7.0;) AppleWebKit/537.36 (KHTML, like Gecko) Mobile Safari/537.36 (compatible; PetalBot;+https://webmaster.petalsearch.com/site/petalbot)"
66.249.74.167 - - [13/Mar/2026:00:39:34 +0800] "GET /robots.txt HTTP/1.1" 404 138 "-" "Mozilla/5.0 (compatible; Googlebot/2.1; +http://www.google.com/bot.html)"
66.249.74.168 - - [13/Mar/2026:00:39:35 +0800] "GET /?detail/0260142622852 HTTP/1.1" 200 256 "-" "Mozilla/5.0 (Linux; Android 6.0.1; Nexus 5X Build/MMB29P) AppleWebKit/537.36 (KHTML, like Gecko) Chrome/145.0.7632.116 Mobile Safari/537.36 (compatible; Googlebot/2.1; +http://www.google.com/bot.html)"
114.119.157.112 - - [13/Mar/2026:00:42:02 +0800] "GET /m003029466 HTTP/1.1" 404 138 "https://auzdo.com/?sitemap891.xml" "Mozilla/5.0 (Linux; Android 7.0;) AppleWebKit/537.36 (KHTML, like Gecko) Mobile Safari/537.36 (compatible; PetalBot;+https://webmaster.petalsearch.com/site/petalbot)"
114.119.165.226 - - [13/Mar/2026:00:43:45 +0800] "GET /m002013929 HTTP/1.1" 404 138 "https://auzdo.com/?sitemap854.xml" "Mozilla/5.0 (Linux; Android 7.0;) AppleWebKit/537.36 (KHTML, like Gecko) Mobile Safari/537.36 (compatible; PetalBot;+https://webmaster.petalsearch.com/site/petalbot)"
114.119.155.118 - - [13/Mar/2026:00:45:41 +0800] "GET /?_z=273005581 HTTP/1.1" 200 256 "https://auzdo.com/sitemap997.xml" "Mozilla/5.0 (Linux; Android 7.0;) AppleWebKit/537.36 (KHTML, like Gecko) Mobile Safari/537.36 (compatible; PetalBot;+https://webmaster.petalsearch.com/site/petalbot)"
114.119.136.146 - - [13/Mar/2026:00:47:29 +0800] "GET /?_z=262019946 HTTP/1.1" 200 256 "https://auzdo.com/sitemap817.xml" "Mozilla/5.0 (Linux; Android 7.0;) AppleWebKit/537.36 (KHTML, like Gecko) Mobile Safari/537.36 (compatible; PetalBot;+https://webmaster.petalsearch.com/site/petalbot)"
114.119.147.32 - - [13/Mar/2026:00:49:02 +0800] "GET /?_z=255023147 HTTP/1.1" 499 0 "https://auzdo.com/sitemap855.xml" "Mozilla/5.0 (Linux; Android 7.0;) AppleWebKit/537.36 (KHTML, like Gecko) Mobile Safari/537.36 (compatible; PetalBot;+https://webmaster.petalsearch.com/site/petalbot)"
114.119.155.118 - - [13/Mar/2026:00:50:22 +0800] "GET /?_z=217017457 HTTP/1.1" 200 256 "https://auzdo.com/sitemap943.xml" "Mozilla/5.0 (Linux; Android 7.0;) AppleWebKit/537.36 (KHTML, like Gecko) Mobile Safari/537.36 (compatible; PetalBot;+https://webmaster.petalsearch.com/site/petalbot)"
114.119.138.214 - - [13/Mar/2026:00:54:03 +0800] "GET /?_z=212003142 HTTP/1.1" 200 256 "https://auzdo.com/sitemap943.xml" "Mozilla/5.0 (Linux; Android 7.0;) AppleWebKit/537.36 (KHTML, like Gecko) Mobile Safari/537.36 (compatible; PetalBot;+https://webmaster.petalsearch.com/site/petalbot)"
114.119.138.214 - - [13/Mar/2026:00:55:43 +0800] "GET /?_z=209002697 HTTP/1.1" 200 256 "https://auzdo.com/sitemap788.xml" "Mozilla/5.0 (Linux; Android 7.0;) AppleWebKit/537.36 (KHTML, like Gecko) Mobile Safari/537.36 (compatible; PetalBot;+https://webmaster.petalsearch.com/site/petalbot)"
43.157.62.101 - - [13/Mar/2026:00:57:49 +0800] "GET / HTTP/1.1" 301 162 "-" "Mozilla/5.0 (iPhone; CPU iPhone OS 13_2_3 like Mac OS X) AppleWebKit/605.1.15 (KHTML, like Gecko) Version/13.0.3 Mobile/15E148 Safari/604.1"
43.157.62.101 - - [13/Mar/2026:00:57:51 +0800] "GET / HTTP/1.1" 200 256 "http://auzdo.com" "Mozilla/5.0 (iPhone; CPU iPhone OS 13_2_3 like Mac OS X) AppleWebKit/605.1.15 (KHTML, like Gecko) Version/13.0.3 Mobile/15E148 Safari/604.1"
114.119.138.214 - - [13/Mar/2026:00:59:48 +0800] "GET /?_z=156021340 HTTP/1.1" 200 256 "https://auzdo.com/sitemap817.xml" "Mozilla/5.0 (Linux; Android 7.0;) AppleWebKit/537.36 (KHTML, like Gecko) Mobile Safari/537.36 (compatible; PetalBot;+https://webmaster.petalsearch.com/site/petalbot)"
114.119.165.226 - - [13/Mar/2026:01:01:53 +0800] "GET /?_z=137016279 HTTP/1.1" 200 256 "https://auzdo.com/sitemap817.xml" "Mozilla/5.0 (Linux; Android 7.0;) AppleWebKit/537.36 (KHTML, like Gecko) Mobile Safari/537.36 (compatible; PetalBot;+https://webmaster.petalsearch.com/site/petalbot)"
114.119.138.214 - - [13/Mar/2026:01:02:49 +0800] "GET /?_z=136010924 HTTP/1.1" 200 256 "https://auzdo.com/?sitemap595.xml" "Mozilla/5.0 (Linux; Android 7.0;) AppleWebKit/537.36 (KHTML, like Gecko) Mobile Safari/537.36 (compatible; PetalBot;+https://webmaster.petalsearch.com/site/petalbot)"
114.119.147.32 - - [13/Mar/2026:01:04:24 +0800] "GET /?_z=118029366 HTTP/1.1" 200 256 "https://auzdo.com/sitemap855.xml" "Mozilla/5.0 (Linux; Android 7.0;) AppleWebKit/537.36 (KHTML, like Gecko) Mobile Safari/537.36 (compatible; PetalBot;+https://webmaster.petalsearch.com/site/petalbot)"
114.119.147.32 - - [13/Mar/2026:01:05:39 +0800] "GET /?_z=112025512 HTTP/1.1" 200 256 "https://auzdo.com/sitemap997.xml" "Mozilla/5.0 (Linux; Android 7.0;) AppleWebKit/537.36 (KHTML, like Gecko) Mobile Safari/537.36 (compatible; PetalBot;+https://webmaster.petalsearch.com/site/petalbot)"
114.119.155.118 - - [13/Mar/2026:01:06:58 +0800] "GET /?_z=102030686 HTTP/1.1" 200 256 "https://auzdo.com/sitemap965.xml" "Mozilla/5.0 (Linux; Android 7.0;) AppleWebKit/537.36 (KHTML, like Gecko) Mobile Safari/537.36 (compatible; PetalBot;+https://webmaster.petalsearch.com/site/petalbot)"
114.119.157.112 - - [13/Mar/2026:01:09:52 +0800] "GET /?_z=096031954 HTTP/1.1" 200 256 "https://auzdo.com/sitemap934.xml" "Mozilla/5.0 (Linux; Android 7.0;) AppleWebKit/537.36 (KHTML, like Gecko) Mobile Safari/537.36 (compatible; PetalBot;+https://webmaster.petalsearch.com/site/petalbot)"
114.119.136.146 - - [13/Mar/2026:01:10:57 +0800] "GET /?_z=091000923 HTTP/1.1" 200 256 "https://auzdo.com/sitemap788.xml" "Mozilla/5.0 (Linux; Android 7.0;) AppleWebKit/537.36 (KHTML, like Gecko) Mobile Safari/537.36 (compatible; PetalBot;+https://webmaster.petalsearch.com/site/petalbot)"
114.119.136.146 - - [13/Mar/2026:01:14:18 +0800] "GET /?_z=020003094 HTTP/1.1" 200 256 "https://auzdo.com/sitemap943.xml" "Mozilla/5.0 (Linux; Android 7.0;) AppleWebKit/537.36 (KHTML, like Gecko) Mobile Safari/537.36 (compatible; PetalBot;+https://webmaster.petalsearch.com/site/petalbot)"
114.119.165.226 - - [13/Mar/2026:01:15:15 +0800] "GET /?_z=015004383 HTTP/1.1" 200 256 "https://auzdo.com/sitemap85.xml" "Mozilla/5.0 (Linux; Android 7.0;) AppleWebKit/537.36 (KHTML, like Gecko) Mobile Safari/537.36 (compatible; PetalBot;+https://webmaster.petalsearch.com/site/petalbot)"
66.249.74.167 - - [13/Mar/2026:01:18:35 +0800] "GET /?detail/153045266964 HTTP/1.1" 200 256 "-" "Mozilla/5.0 (Linux; Android 6.0.1; Nexus 5X Build/MMB29P) AppleWebKit/537.36 (KHTML, like Gecko) Chrome/145.0.7632.116 Mobile Safari/537.36 (compatible; Googlebot/2.1; +http://www.google.com/bot.html)"
151.240.248.91 - - [13/Mar/2026:01:18:56 +0800] "POST /xmlrpc.php HTTP/1.1" 404 138 "-" "Mozilla/5.0 (Windows NT 10.0; arm64) AppleWebKit/537.36 (KHTML, like Gecko) Opera/62.0.0.0 Safari/537.36"
114.119.155.118 - - [13/Mar/2026:01:20:07 +0800] "GET /?_y=112001134 HTTP/1.1" 200 256 "https://auzdo.com/sitemap986.xml" "Mozilla/5.0 (Linux; Android 7.0;) AppleWebKit/537.36 (KHTML, like Gecko) Mobile Safari/537.36 (compatible; PetalBot;+https://webmaster.petalsearch.com/site/petalbot)"
114.119.165.226 - - [13/Mar/2026:01:20:52 +0800] "GET /?_y=096009068 HTTP/1.1" 200 256 "https://auzdo.com/?sitemap595.xml" "Mozilla/5.0 (Linux; Android 7.0;) AppleWebKit/537.36 (KHTML, like Gecko) Mobile Safari/537.36 (compatible; PetalBot;+https://webmaster.petalsearch.com/site/petalbot)"
114.119.165.226 - - [13/Mar/2026:01:22:16 +0800] "GET /?_y=077043531 HTTP/1.1" 200 256 "https://auzdo.com/sitemap738.xml" "Mozilla/5.0 (Linux; Android 7.0;) AppleWebKit/537.36 (KHTML, like Gecko) Mobile Safari/537.36 (compatible; PetalBot;+https://webmaster.petalsearch.com/site/petalbot)"
114.119.138.214 - - [13/Mar/2026:01:24:47 +0800] "GET /?_x=291040893 HTTP/1.1" 200 256 "https://auzdo.com/?sitemap595.xml" "Mozilla/5.0 (Linux; Android 7.0;) AppleWebKit/537.36 (KHTML, like Gecko) Mobile Safari/537.36 (compatible; PetalBot;+https://webmaster.petalsearch.com/site/petalbot)"
114.119.147.32 - - [13/Mar/2026:01:26:25 +0800] "GET /?_x=267035177 HTTP/1.1" 200 256 "https://auzdo.com/sitemap855.xml" "Mozilla/5.0 (Linux; Android 7.0;) AppleWebKit/537.36 (KHTML, like Gecko) Mobile Safari/537.36 (compatible; PetalBot;+https://webmaster.petalsearch.com/site/petalbot)"
114.119.165.226 - - [13/Mar/2026:01:28:12 +0800] "GET /?_x=255013429 HTTP/1.1" 200 256 "https://auzdo.com/?sitemap854.xml" "Mozilla/5.0 (Linux; Android 7.0;) AppleWebKit/537.36 (KHTML, like Gecko) Mobile Safari/537.36 (compatible; PetalBot;+https://webmaster.petalsearch.com/site/petalbot)"
114.119.147.32 - - [13/Mar/2026:01:30:30 +0800] "GET /m025009764 HTTP/1.1" 404 138 "https://auzdo.com/?sitemap854.xml" "Mozilla/5.0 (Linux; Android 7.0;) AppleWebKit/537.36 (KHTML, like Gecko) Mobile Safari/537.36 (compatible; PetalBot;+https://webmaster.petalsearch.com/site/petalbot)"
114.119.139.78 - - [13/Mar/2026:01:32:06 +0800] "GET /?_z=214039608 HTTP/1.1" 200 256 "https://auzdo.com/sitemap997.xml" "Mozilla/5.0 (Linux; Android 7.0;) AppleWebKit/537.36 (KHTML, like Gecko) Mobile Safari/537.36 (compatible; PetalBot;+https://webmaster.petalsearch.com/site/petalbot)"
66.249.74.167 - - [13/Mar/2026:01:33:40 +0800] "GET /?jp/018042859.html HTTP/1.1" 200 256 "-" "Mozilla/5.0 (Linux; Android 6.0.1; Nexus 5X Build/MMB29P) AppleWebKit/537.36 (KHTML, like Gecko) Chrome/145.0.7632.116 Mobile Safari/537.36 (compatible; Googlebot/2.1; +http://www.google.com/bot.html)"
114.119.139.78 - - [13/Mar/2026:01:33:53 +0800] "GET /?_z=212003258 HTTP/1.1" 200 256 "https://auzdo.com/?sitemap854.xml" "Mozilla/5.0 (Linux; Android 7.0;) AppleWebKit/537.36 (KHTML, like Gecko) Mobile Safari/537.36 (compatible; PetalBot;+https://webmaster.petalsearch.com/site/petalbot)"
114.119.132.57 - - [13/Mar/2026:01:35:52 +0800] "GET /?_z=182035650 HTTP/1.1" 200 256 "https://auzdo.com/sitemap943.xml" "Mozilla/5.0 (Linux; Android 7.0;) AppleWebKit/537.36 (KHTML, like Gecko) Mobile Safari/537.36 (compatible; PetalBot;+https://webmaster.petalsearch.com/site/petalbot)"
173.252.87.8 - - [13/Mar/2026:01:36:33 +0800] "GET /robots.txt HTTP/2.0" 404 138 "-" "facebookexternalhit/1.1 (+http://www.facebook.com/externalhit_uatext.php)"
173.252.87.58 - - [13/Mar/2026:01:36:34 +0800] "GET /robots.txt HTTP/2.0" 404 138 "-" "facebookexternalhit/1.1 (+http://www.facebook.com/externalhit_uatext.php)"
57.141.16.34 - - [13/Mar/2026:01:36:36 +0800] "GET / HTTP/2.0" 200 574 "-" "meta-externalagent/1.1 (+https://developers.facebook.com/docs/sharing/webmasters/crawler)"
223.91.247.133 - - [13/Mar/2026:01:39:05 +0800] "GET / HTTP/1.1" 301 162 "-" "Mozilla/5.0 (iPhone; CPU iPhone OS 5_0 like Mac OS X) AppleWebKit/534.46 (KHTML,like Gecko) Version/5.1 Mobile/9A334 Safari/7534.48.3"
223.91.247.133 - - [13/Mar/2026:01:39:07 +0800] "GET / HTTP/1.1" 200 256 "-" "Mozilla/5.0 (iPhone; CPU iPhone OS 5_0 like Mac OS X) AppleWebKit/534.46 (KHTML,like Gecko) Version/5.1 Mobile/9A334 Safari/7534.48.3"
101.32.49.171 - - [13/Mar/2026:01:40:01 +0800] "GET / HTTP/1.1" 301 162 "-" "Mozilla/5.0 (iPhone; CPU iPhone OS 13_2_3 like Mac OS X) AppleWebKit/605.1.15 (KHTML, like Gecko) Version/13.0.3 Mobile/15E148 Safari/604.1"
101.32.49.171 - - [13/Mar/2026:01:40:03 +0800] "GET / HTTP/1.1" 200 256 "http://www.auzdo.com" "Mozilla/5.0 (iPhone; CPU iPhone OS 13_2_3 like Mac OS X) AppleWebKit/605.1.15 (KHTML, like Gecko) Version/13.0.3 Mobile/15E148 Safari/604.1"
114.119.136.146 - - [13/Mar/2026:01:42:01 +0800] "GET /?_y=144030438 HTTP/1.1" 200 256 "https://auzdo.com/sitemap85.xml" "Mozilla/5.0 (Linux; Android 7.0;) AppleWebKit/537.36 (KHTML, like Gecko) Mobile Safari/537.36 (compatible; PetalBot;+https://webmaster.petalsearch.com/site/petalbot)"
114.119.155.118 - - [13/Mar/2026:01:43:18 +0800] "GET /?_y=124006770 HTTP/1.1" 200 256 "https://auzdo.com/?sitemap595.xml" "Mozilla/5.0 (Linux; Android 7.0;) AppleWebKit/537.36 (KHTML, like Gecko) Mobile Safari/537.36 (compatible; PetalBot;+https://webmaster.petalsearch.com/site/petalbot)"
114.119.138.214 - - [13/Mar/2026:01:44:47 +0800] "GET /?_y=065011061 HTTP/1.1" 200 256 "https://auzdo.com/sitemap830.xml" "Mozilla/5.0 (Linux; Android 7.0;) AppleWebKit/537.36 (KHTML, like Gecko) Mobile Safari/537.36 (compatible; PetalBot;+https://webmaster.petalsearch.com/site/petalbot)"
114.119.147.32 - - [13/Mar/2026:01:46:34 +0800] "GET /?_z=099031205 HTTP/1.1" 200 256 "https://auzdo.com/sitemap830.xml" "Mozilla/5.0 (Linux; Android 7.0;) AppleWebKit/537.36 (KHTML, like Gecko) Mobile Safari/537.36 (compatible; PetalBot;+https://webmaster.petalsearch.com/site/petalbot)"
114.119.139.78 - - [13/Mar/2026:01:47:09 +0800] "GET /?_z=066010938 HTTP/1.1" 200 256 "https://auzdo.com/sitemap997.xml" "Mozilla/5.0 (Linux; Android 7.0;) AppleWebKit/537.36 (KHTML, like Gecko) Mobile Safari/537.36 (compatible; PetalBot;+https://webmaster.petalsearch.com/site/petalbot)"
114.119.165.226 - - [13/Mar/2026:01:48:50 +0800] "GET /?_y=154044380 HTTP/1.1" 200 256 "https://auzdo.com/?sitemap854.xml" "Mozilla/5.0 (Linux; Android 7.0;) AppleWebKit/537.36 (KHTML, like Gecko) Mobile Safari/537.36 (compatible; PetalBot;+https://webmaster.petalsearch.com/site/petalbot)"
114.119.147.32 - - [13/Mar/2026:01:51:29 +0800] "GET /?_x=191023325 HTTP/1.1" 200 256 "https://auzdo.com/?sitemap891.xml" "Mozilla/5.0 (Linux; Android 7.0;) AppleWebKit/537.36 (KHTML, like Gecko) Mobile Safari/537.36 (compatible; PetalBot;+https://webmaster.petalsearch.com/site/petalbot)"
114.119.136.146 - - [13/Mar/2026:01:53:01 +0800] "GET /?_x=243037871 HTTP/1.1" 200 256 "https://auzdo.com/sitemap817.xml" "Mozilla/5.0 (Linux; Android 7.0;) AppleWebKit/537.36 (KHTML, like Gecko) Mobile Safari/537.36 (compatible; PetalBot;+https://webmaster.petalsearch.com/site/petalbot)"
114.119.139.78 - - [13/Mar/2026:01:57:05 +0800] "GET /?_x=146027606 HTTP/1.1" 200 256 "https://auzdo.com/sitemap948.xml" "Mozilla/5.0 (Linux; Android 7.0;) AppleWebKit/537.36 (KHTML, like Gecko) Mobile Safari/537.36 (compatible; PetalBot;+https://webmaster.petalsearch.com/site/petalbot)"
114.119.132.57 - - [13/Mar/2026:01:58:15 +0800] "GET /?_x=121044655 HTTP/1.1" 200 256 "https://auzdo.com/sitemap788.xml" "Mozilla/5.0 (Linux; Android 7.0;) AppleWebKit/537.36 (KHTML, like Gecko) Mobile Safari/537.36 (compatible; PetalBot;+https://webmaster.petalsearch.com/site/petalbot)"
