20.78.168.104 - - [14/Mar/2026:09:24:58 +0800] "GET /wp-content/themes/theme/about.php HTTP/1.1" 404 138 "-" "Mozilla/5.0 (Windows NT 10.0; Win64; x64) AppleWebKit/537.36 (KHTML, like Gecko) Chrome/120.0.0.0 Safari/537.36"
20.78.168.104 - - [14/Mar/2026:09:24:58 +0800] "GET /wp-content/plugins/plugin/index.php HTTP/1.1" 404 138 "-" "Mozilla/5.0 (Windows NT 10.0; Win64; x64) AppleWebKit/537.36 (KHTML, like Gecko) Chrome/120.0.0.0 Safari/537.36"
20.78.168.104 - - [14/Mar/2026:09:24:58 +0800] "GET /xmr.php HTTP/1.1" 404 138 "-" "Mozilla/5.0 (Windows NT 10.0; Win64; x64) AppleWebKit/537.36 (KHTML, like Gecko) Chrome/120.0.0.0 Safari/537.36"
20.78.168.104 - - [14/Mar/2026:09:24:58 +0800] "GET /adminfuns.php HTTP/1.1" 404 138 "-" "Mozilla/5.0 (Windows NT 10.0; Win64; x64) AppleWebKit/537.36 (KHTML, like Gecko) Chrome/120.0.0.0 Safari/537.36"
20.78.168.104 - - [14/Mar/2026:09:24:58 +0800] "GET /as.php HTTP/1.1" 404 138 "-" "Mozilla/5.0 (Windows NT 10.0; Win64; x64) AppleWebKit/537.36 (KHTML, like Gecko) Chrome/120.0.0.0 Safari/537.36"
20.78.168.104 - - [14/Mar/2026:09:24:58 +0800] "GET /cgi-bin/ HTTP/1.1" 404 138 "-" "Mozilla/5.0 (Windows NT 10.0; Win64; x64) AppleWebKit/537.36 (KHTML, like Gecko) Chrome/120.0.0.0 Safari/537.36"
20.78.168.104 - - [14/Mar/2026:09:24:58 +0800] "GET /class-t.api.php HTTP/1.1" 404 138 "-" "Mozilla/5.0 (Windows NT 10.0; Win64; x64) AppleWebKit/537.36 (KHTML, like Gecko) Chrome/120.0.0.0 Safari/537.36"
20.78.168.104 - - [14/Mar/2026:09:24:59 +0800] "GET /edit.php HTTP/1.1" 404 138 "-" "Mozilla/5.0 (Windows NT 10.0; Win64; x64) AppleWebKit/537.36 (KHTML, like Gecko) Chrome/120.0.0.0 Safari/537.36"
20.78.168.104 - - [14/Mar/2026:09:24:59 +0800] "GET /fast.php HTTP/1.1" 404 138 "-" "Mozilla/5.0 (Windows NT 10.0; Win64; x64) AppleWebKit/537.36 (KHTML, like Gecko) Chrome/120.0.0.0 Safari/537.36"
20.78.168.104 - - [14/Mar/2026:09:24:59 +0800] "GET /atomlib.php HTTP/1.1" 404 138 "-" "Mozilla/5.0 (Windows NT 10.0; Win64; x64) AppleWebKit/537.36 (KHTML, like Gecko) Chrome/120.0.0.0 Safari/537.36"
20.78.168.104 - - [14/Mar/2026:09:24:59 +0800] "GET /vv.php HTTP/1.1" 404 138 "-" "Mozilla/5.0 (Windows NT 10.0; Win64; x64) AppleWebKit/537.36 (KHTML, like Gecko) Chrome/120.0.0.0 Safari/537.36"
20.78.168.104 - - [14/Mar/2026:09:24:59 +0800] "GET /fff.php HTTP/1.1" 404 138 "-" "Mozilla/5.0 (Windows NT 10.0; Win64; x64) AppleWebKit/537.36 (KHTML, like Gecko) Chrome/120.0.0.0 Safari/537.36"
20.78.168.104 - - [14/Mar/2026:09:24:59 +0800] "GET /inputs.php?p= HTTP/1.1" 404 138 "-" "Mozilla/5.0 (Windows NT 10.0; Win64; x64) AppleWebKit/537.36 (KHTML, like Gecko) Chrome/120.0.0.0 Safari/537.36"
20.78.168.104 - - [14/Mar/2026:09:24:59 +0800] "GET /ioxi-o.php HTTP/1.1" 404 138 "-" "Mozilla/5.0 (Windows NT 10.0; Win64; x64) AppleWebKit/537.36 (KHTML, like Gecko) Chrome/120.0.0.0 Safari/537.36"
20.78.168.104 - - [14/Mar/2026:09:24:59 +0800] "GET /ms-edit.php HTTP/1.1" 404 138 "-" "Mozilla/5.0 (Windows NT 10.0; Win64; x64) AppleWebKit/537.36 (KHTML, like Gecko) Chrome/120.0.0.0 Safari/537.36"
20.78.168.104 - - [14/Mar/2026:09:24:59 +0800] "GET /rip.php HTTP/1.1" 404 138 "-" "Mozilla/5.0 (Windows NT 10.0; Win64; x64) AppleWebKit/537.36 (KHTML, like Gecko) Chrome/120.0.0.0 Safari/537.36"
20.78.168.104 - - [14/Mar/2026:09:24:59 +0800] "GET /update/da222.php HTTP/1.1" 404 138 "-" "Mozilla/5.0 (Windows NT 10.0; Win64; x64) AppleWebKit/537.36 (KHTML, like Gecko) Chrome/120.0.0.0 Safari/537.36"
20.78.168.104 - - [14/Mar/2026:09:24:59 +0800] "GET /upload.php HTTP/1.1" 404 138 "-" "Mozilla/5.0 (Windows NT 10.0; Win64; x64) AppleWebKit/537.36 (KHTML, like Gecko) Chrome/120.0.0.0 Safari/537.36"
20.78.168.104 - - [14/Mar/2026:09:24:59 +0800] "GET /r.php HTTP/1.1" 404 138 "-" "Mozilla/5.0 (Windows NT 10.0; Win64; x64) AppleWebKit/537.36 (KHTML, like Gecko) Chrome/120.0.0.0 Safari/537.36"
20.78.168.104 - - [14/Mar/2026:09:24:59 +0800] "GET /wk/index.php HTTP/1.1" 404 138 "-" "Mozilla/5.0 (Windows NT 10.0; Win64; x64) AppleWebKit/537.36 (KHTML, like Gecko) Chrome/120.0.0.0 Safari/537.36"
20.78.168.104 - - [14/Mar/2026:09:24:59 +0800] "GET /wp-act.php HTTP/1.1" 404 138 "-" "Mozilla/5.0 (Windows NT 10.0; Win64; x64) AppleWebKit/537.36 (KHTML, like Gecko) Chrome/120.0.0.0 Safari/537.36"
20.78.168.104 - - [14/Mar/2026:09:24:59 +0800] "GET /wp-admin/css/bolt.php HTTP/1.1" 404 138 "-" "Mozilla/5.0 (Windows NT 10.0; Win64; x64) AppleWebKit/537.36 (KHTML, like Gecko) Chrome/120.0.0.0 Safari/537.36"
20.78.168.104 - - [14/Mar/2026:09:24:59 +0800] "GET /wp-admin/js/ HTTP/1.1" 404 138 "-" "Mozilla/5.0 (Windows NT 10.0; Win64; x64) AppleWebKit/537.36 (KHTML, like Gecko) Chrome/120.0.0.0 Safari/537.36"
20.78.168.104 - - [14/Mar/2026:09:25:00 +0800] "GET /wp-admin/js/widgets/ HTTP/1.1" 404 138 "-" "Mozilla/5.0 (Windows NT 10.0; Win64; x64) AppleWebKit/537.36 (KHTML, like Gecko) Chrome/120.0.0.0 Safari/537.36"
20.78.168.104 - - [14/Mar/2026:09:25:00 +0800] "GET /wp-admin/maint/ HTTP/1.1" 404 138 "-" "Mozilla/5.0 (Windows NT 10.0; Win64; x64) AppleWebKit/537.36 (KHTML, like Gecko) Chrome/120.0.0.0 Safari/537.36"
20.78.168.104 - - [14/Mar/2026:09:25:00 +0800] "GET /wp-admin/ HTTP/1.1" 404 138 "-" "Mozilla/5.0 (Windows NT 10.0; Win64; x64) AppleWebKit/537.36 (KHTML, like Gecko) Chrome/120.0.0.0 Safari/537.36"
20.78.168.104 - - [14/Mar/2026:09:25:00 +0800] "GET /wp-content/themes/ HTTP/1.1" 404 138 "-" "Mozilla/5.0 (Windows NT 10.0; Win64; x64) AppleWebKit/537.36 (KHTML, like Gecko) Chrome/120.0.0.0 Safari/537.36"
20.78.168.104 - - [14/Mar/2026:09:25:00 +0800] "GET /wp-content/themes/admin.php HTTP/1.1" 404 138 "-" "Mozilla/5.0 (Windows NT 10.0; Win64; x64) AppleWebKit/537.36 (KHTML, like Gecko) Chrome/120.0.0.0 Safari/537.36"
20.78.168.104 - - [14/Mar/2026:09:25:00 +0800] "GET /wp-content/uploads/ HTTP/1.1" 404 138 "-" "Mozilla/5.0 (Windows NT 10.0; Win64; x64) AppleWebKit/537.36 (KHTML, like Gecko) Chrome/120.0.0.0 Safari/537.36"
20.78.168.104 - - [14/Mar/2026:09:25:00 +0800] "GET /wp-content/uploads/admin.php HTTP/1.1" 404 138 "-" "Mozilla/5.0 (Windows NT 10.0; Win64; x64) AppleWebKit/537.36 (KHTML, like Gecko) Chrome/120.0.0.0 Safari/537.36"
20.78.168.104 - - [14/Mar/2026:09:25:00 +0800] "GET /wp-includes/ HTTP/1.1" 404 138 "-" "Mozilla/5.0 (Windows NT 10.0; Win64; x64) AppleWebKit/537.36 (KHTML, like Gecko) Chrome/120.0.0.0 Safari/537.36"
20.78.168.104 - - [14/Mar/2026:09:25:00 +0800] "GET /wp-includes/js/crop/ HTTP/1.1" 404 138 "-" "Mozilla/5.0 (Windows NT 10.0; Win64; x64) AppleWebKit/537.36 (KHTML, like Gecko) Chrome/120.0.0.0 Safari/537.36"
20.78.168.104 - - [14/Mar/2026:09:25:00 +0800] "GET /wp-links-opml.php HTTP/1.1" 404 138 "-" "Mozilla/5.0 (Windows NT 10.0; Win64; x64) AppleWebKit/537.36 (KHTML, like Gecko) Chrome/120.0.0.0 Safari/537.36"
114.119.165.226 - - [14/Mar/2026:09:28:14 +0800] "GET /?_x=132018780 HTTP/1.1" 200 256 "https://auzdo.com/sitemap738.xml" "Mozilla/5.0 (Linux; Android 7.0;) AppleWebKit/537.36 (KHTML, like Gecko) Mobile Safari/537.36 (compatible; PetalBot;+https://webmaster.petalsearch.com/site/petalbot)"
114.119.139.78 - - [14/Mar/2026:09:32:32 +0800] "GET /m105000242 HTTP/1.1" 404 138 "https://auzdo.com/?sitemap891.xml" "Mozilla/5.0 (Linux; Android 7.0;) AppleWebKit/537.36 (KHTML, like Gecko) Mobile Safari/537.36 (compatible; PetalBot;+https://webmaster.petalsearch.com/site/petalbot)"
114.119.157.112 - - [14/Mar/2026:09:34:10 +0800] "GET /?_z=218005708 HTTP/1.1" 200 256 "https://auzdo.com/sitemap848.xml" "Mozilla/5.0 (Linux; Android 7.0;) AppleWebKit/537.36 (KHTML, like Gecko) Mobile Safari/537.36 (compatible; PetalBot;+https://webmaster.petalsearch.com/site/petalbot)"
114.119.136.146 - - [14/Mar/2026:09:35:20 +0800] "GET /?_z=042045016 HTTP/1.1" 200 256 "https://auzdo.com/sitemap948.xml" "Mozilla/5.0 (Linux; Android 7.0;) AppleWebKit/537.36 (KHTML, like Gecko) Mobile Safari/537.36 (compatible; PetalBot;+https://webmaster.petalsearch.com/site/petalbot)"
114.119.147.32 - - [14/Mar/2026:09:37:09 +0800] "GET /?_z=001021491 HTTP/1.1" 200 256 "https://auzdo.com/sitemap855.xml" "Mozilla/5.0 (Linux; Android 7.0;) AppleWebKit/537.36 (KHTML, like Gecko) Mobile Safari/537.36 (compatible; PetalBot;+https://webmaster.petalsearch.com/site/petalbot)"
114.119.139.78 - - [14/Mar/2026:09:39:05 +0800] "GET /?_w=267045863 HTTP/1.1" 200 256 "https://auzdo.com/?sitemap595.xml" "Mozilla/5.0 (Linux; Android 7.0;) AppleWebKit/537.36 (KHTML, like Gecko) Mobile Safari/537.36 (compatible; PetalBot;+https://webmaster.petalsearch.com/site/petalbot)"
114.119.132.57 - - [14/Mar/2026:09:42:37 +0800] "GET /?_w=110008324 HTTP/1.1" 200 256 "https://auzdo.com/?sitemap595.xml" "Mozilla/5.0 (Linux; Android 7.0;) AppleWebKit/537.36 (KHTML, like Gecko) Mobile Safari/537.36 (compatible; PetalBot;+https://webmaster.petalsearch.com/site/petalbot)"
114.119.136.146 - - [14/Mar/2026:09:43:06 +0800] "GET /?_w=231046345 HTTP/1.1" 200 256 "https://auzdo.com/sitemap85.xml" "Mozilla/5.0 (Linux; Android 7.0;) AppleWebKit/537.36 (KHTML, like Gecko) Mobile Safari/537.36 (compatible; PetalBot;+https://webmaster.petalsearch.com/site/petalbot)"
114.119.147.32 - - [14/Mar/2026:09:47:29 +0800] "GET /?_x=007025247 HTTP/1.1" 200 256 "https://auzdo.com/?sitemap595.xml" "Mozilla/5.0 (Linux; Android 7.0;) AppleWebKit/537.36 (KHTML, like Gecko) Mobile Safari/537.36 (compatible; PetalBot;+https://webmaster.petalsearch.com/site/petalbot)"
66.249.74.167 - - [14/Mar/2026:09:48:55 +0800] "GET /?_b=007025069 HTTP/1.1" 200 256 "-" "Mozilla/5.0 (Linux; Android 6.0.1; Nexus 5X Build/MMB29P) AppleWebKit/537.36 (KHTML, like Gecko) Chrome/145.0.7632.116 Mobile Safari/537.36 (compatible; Googlebot/2.1; +http://www.google.com/bot.html)"
114.119.136.146 - - [14/Mar/2026:09:48:57 +0800] "GET /?_w=031019971 HTTP/1.1" 200 256 "https://auzdo.com/sitemap741.xml" "Mozilla/5.0 (Linux; Android 7.0;) AppleWebKit/537.36 (KHTML, like Gecko) Mobile Safari/537.36 (compatible; PetalBot;+https://webmaster.petalsearch.com/site/petalbot)"
66.249.74.169 - - [14/Mar/2026:09:49:56 +0800] "GET /?detail/085019807510 HTTP/1.1" 200 256 "-" "Mozilla/5.0 (Linux; Android 6.0.1; Nexus 5X Build/MMB29P) AppleWebKit/537.36 (KHTML, like Gecko) Chrome/145.0.7632.116 Mobile Safari/537.36 (compatible; Googlebot/2.1; +http://www.google.com/bot.html)"
114.119.147.32 - - [14/Mar/2026:09:50:53 +0800] "GET /?_v=276018814 HTTP/1.1" 200 256 "https://auzdo.com/?sitemap854.xml" "Mozilla/5.0 (Linux; Android 7.0;) AppleWebKit/537.36 (KHTML, like Gecko) Mobile Safari/537.36 (compatible; PetalBot;+https://webmaster.petalsearch.com/site/petalbot)"
157.20.108.114 - - [14/Mar/2026:09:52:49 +0800] "GET /zl.html HTTP/2.0" 200 1099 "-" "Mozilla/5.0 (Macintosh; Intel Mac OS X 10_15_7) AppleWebKit/605.1.15 (KHTML, like Gecko) Version/18.3 Safari/605.1.15"
114.119.138.214 - - [14/Mar/2026:09:53:51 +0800] "GET /?_v=156021030 HTTP/1.1" 200 256 "https://auzdo.com/?sitemap595.xml" "Mozilla/5.0 (Linux; Android 7.0;) AppleWebKit/537.36 (KHTML, like Gecko) Mobile Safari/537.36 (compatible; PetalBot;+https://webmaster.petalsearch.com/site/petalbot)"
114.119.139.78 - - [14/Mar/2026:09:58:43 +0800] "GET /?_z=237012031 HTTP/1.1" 200 256 "https://auzdo.com/sitemap965.xml" "Mozilla/5.0 (Linux; Android 7.0;) AppleWebKit/537.36 (KHTML, like Gecko) Mobile Safari/537.36 (compatible; PetalBot;+https://webmaster.petalsearch.com/site/petalbot)"
114.119.139.78 - - [14/Mar/2026:10:01:24 +0800] "GET /sitemap810.xml HTTP/1.1" 404 138 "-" "Mozilla/5.0 (Linux; Android 7.0;) AppleWebKit/537.36 (KHTML, like Gecko) Mobile Safari/537.36 (compatible; PetalBot;+https://webmaster.petalsearch.com/site/petalbot)"
157.20.108.114 - - [14/Mar/2026:10:01:35 +0800] "GET /favicon.ico HTTP/2.0" 404 138 "-" "Mozilla/5.0 (Windows NT 10.0; Win64; x64) AppleWebKit/537.36 (KHTML, like Gecko) Chrome/132.0.0.0 Safari/537.36"
157.20.108.114 - - [14/Mar/2026:10:01:36 +0800] "GET /favicon.ico HTTP/2.0" 404 138 "-" "Mozilla/5.0 (Windows NT 10.0; Win64; x64) AppleWebKit/537.36 (KHTML, like Gecko) Chrome/132.0.0.0 Safari/537.36"
157.20.108.114 - - [14/Mar/2026:10:01:37 +0800] "GET /hh/ HTTP/2.0" 200 889 "-" "Mozilla/5.0 (Windows NT 10.0; Win64; x64) AppleWebKit/537.36 (KHTML, like Gecko) Chrome/132.0.0.0 Safari/537.36"
157.20.108.114 - - [14/Mar/2026:10:01:37 +0800] "GET /hh/js/qq.php HTTP/2.0" 200 177 "https://www.auzdo.com/hh/" "Mozilla/5.0 (Windows NT 10.0; Win64; x64) AppleWebKit/537.36 (KHTML, like Gecko) Chrome/132.0.0.0 Safari/537.36"
114.119.157.112 - - [14/Mar/2026:10:03:11 +0800] "GET /?_v=252039332 HTTP/1.1" 200 256 "https://auzdo.com/?sitemap854.xml" "Mozilla/5.0 (Linux; Android 7.0;) AppleWebKit/537.36 (KHTML, like Gecko) Mobile Safari/537.36 (compatible; PetalBot;+https://webmaster.petalsearch.com/site/petalbot)"
114.119.138.214 - - [14/Mar/2026:10:05:37 +0800] "GET /m069044296 HTTP/1.1" 404 138 "https://auzdo.com/?sitemap891.xml" "Mozilla/5.0 (Linux; Android 7.0;) AppleWebKit/537.36 (KHTML, like Gecko) Mobile Safari/537.36 (compatible; PetalBot;+https://webmaster.petalsearch.com/site/petalbot)"
59.82.135.100 - - [14/Mar/2026:10:05:57 +0800] "GET / HTTP/1.1" 200 256 "-" "Mozilla/5.0 (Windows NT 10.0; WOW64; x64) AppleWebKit/537.36 (KHTML, like Gecko) Chrome/113.0.5666.197 Safari/537.36"
59.82.135.100 - - [14/Mar/2026:10:05:58 +0800] "GET / HTTP/1.1" 200 256 "-" "Mozilla/5.0 (Windows NT 10.0; WOW64; x64) AppleWebKit/537.36 (KHTML, like Gecko) Chrome/113.0.5666.197 Safari/537.36"
59.82.135.100 - - [14/Mar/2026:10:05:58 +0800] "GET /favicon.ico HTTP/1.1" 404 138 "-" "Mozilla/5.0 (Windows NT 10.0; WOW64; x64) AppleWebKit/537.36 (KHTML, like Gecko) Chrome/113.0.5666.197 Safari/537.36"
114.119.136.146 - - [14/Mar/2026:10:08:28 +0800] "GET /m064015887 HTTP/1.1" 404 138 "https://auzdo.com/?sitemap595.xml" "Mozilla/5.0 (Linux; Android 7.0;) AppleWebKit/537.36 (KHTML, like Gecko) Mobile Safari/537.36 (compatible; PetalBot;+https://webmaster.petalsearch.com/site/petalbot)"
66.249.74.167 - - [14/Mar/2026:10:08:57 +0800] "GET /?detail/055006471104 HTTP/1.1" 200 256 "-" "Mozilla/5.0 (Linux; Android 6.0.1; Nexus 5X Build/MMB29P) AppleWebKit/537.36 (KHTML, like Gecko) Chrome/145.0.7632.116 Mobile Safari/537.36 (compatible; Googlebot/2.1; +http://www.google.com/bot.html)"
66.249.74.169 - - [14/Mar/2026:10:09:58 +0800] "GET /?jp/026048621.html HTTP/1.1" 200 256 "-" "Mozilla/5.0 (Linux; Android 6.0.1; Nexus 5X Build/MMB29P) AppleWebKit/537.36 (KHTML, like Gecko) Chrome/145.0.7632.116 Mobile Safari/537.36 (compatible; Googlebot/2.1; +http://www.google.com/bot.html)"
114.119.139.78 - - [14/Mar/2026:10:11:15 +0800] "GET /?_z=071004469 HTTP/1.1" 200 256 "https://auzdo.com/sitemap830.xml" "Mozilla/5.0 (Linux; Android 7.0;) AppleWebKit/537.36 (KHTML, like Gecko) Mobile Safari/537.36 (compatible; PetalBot;+https://webmaster.petalsearch.com/site/petalbot)"
192.36.109.91 - - [14/Mar/2026:10:11:16 +0800] "GET / HTTP/1.1" 301 162 "-" "Mozilla/5.0 (Windows NT 10.0; Win64; x64) AppleWebKit/537.36 (KHTML, like Gecko) Chrome/122.0.0.0 Safari/537.36 Agency/93.8.2357.5"
192.36.109.116 - - [14/Mar/2026:10:11:17 +0800] "GET / HTTP/1.1" 200 256 "http://auzdo.com/" "Mozilla/5.0 (Windows NT 10.0; Win64; x64) AppleWebKit/537.36 (KHTML, like Gecko) Chrome/122.0.0.0 Safari/537.36 Agency/93.8.2357.5"
66.249.74.168 - - [14/Mar/2026:10:11:59 +0800] "GET /?detail/04700968803775 HTTP/1.1" 200 256 "-" "Mozilla/5.0 (Linux; Android 6.0.1; Nexus 5X Build/MMB29P) AppleWebKit/537.36 (KHTML, like Gecko) Chrome/145.0.7632.116 Mobile Safari/537.36 (compatible; Googlebot/2.1; +http://www.google.com/bot.html)"
114.119.132.57 - - [14/Mar/2026:10:13:20 +0800] "GET /?_z=221047659 HTTP/1.1" 200 256 "https://auzdo.com/?sitemap595.xml" "Mozilla/5.0 (Linux; Android 7.0;) AppleWebKit/537.36 (KHTML, like Gecko) Mobile Safari/537.36 (compatible; PetalBot;+https://webmaster.petalsearch.com/site/petalbot)"
59.82.83.84 - - [14/Mar/2026:10:13:55 +0800] "GET / HTTP/1.1" 301 162 "-" "Mozilla/5.0 (Windows NT 10.0; WOW64; x64) AppleWebKit/537.36 (KHTML, like Gecko) Chrome/113.0.5666.197 Safari/537.36"
59.82.83.242 - - [14/Mar/2026:10:13:56 +0800] "GET / HTTP/1.1" 200 256 "-" "Mozilla/5.0 (Windows NT 10.0; WOW64; x64) AppleWebKit/537.36 (KHTML, like Gecko) Chrome/113.0.5666.197 Safari/537.36"
59.82.83.242 - - [14/Mar/2026:10:13:57 +0800] "GET / HTTP/1.1" 200 256 "-" "Mozilla/5.0 (Windows NT 10.0; WOW64; x64) AppleWebKit/537.36 (KHTML, like Gecko) Chrome/113.0.5666.197 Safari/537.36"
59.82.83.242 - - [14/Mar/2026:10:13:57 +0800] "GET /favicon.ico HTTP/1.1" 404 138 "-" "Mozilla/5.0 (Windows NT 10.0; WOW64; x64) AppleWebKit/537.36 (KHTML, like Gecko) Chrome/113.0.5666.197 Safari/537.36"
114.119.157.112 - - [14/Mar/2026:10:16:55 +0800] "GET /m020019005 HTTP/1.1" 404 138 "https://auzdo.com/?sitemap854.xml" "Mozilla/5.0 (Linux; Android 7.0;) AppleWebKit/537.36 (KHTML, like Gecko) Mobile Safari/537.36 (compatible; PetalBot;+https://webmaster.petalsearch.com/site/petalbot)"
114.119.165.226 - - [14/Mar/2026:10:18:34 +0800] "GET /?_y=066006858 HTTP/1.1" 200 256 "https://auzdo.com/sitemap965.xml" "Mozilla/5.0 (Linux; Android 7.0;) AppleWebKit/537.36 (KHTML, like Gecko) Mobile Safari/537.36 (compatible; PetalBot;+https://webmaster.petalsearch.com/site/petalbot)"
66.249.74.167 - - [14/Mar/2026:10:19:54 +0800] "GET /?detail/09403312527969 HTTP/1.1" 200 256 "-" "Mozilla/5.0 (Linux; Android 6.0.1; Nexus 5X Build/MMB29P) AppleWebKit/537.36 (KHTML, like Gecko) Chrome/145.0.7632.116 Mobile Safari/537.36 (compatible; Googlebot/2.1; +http://www.google.com/bot.html)"
114.119.139.78 - - [14/Mar/2026:10:21:35 +0800] "GET /?_v=122008968 HTTP/1.1" 200 256 "https://auzdo.com/?sitemap891.xml" "Mozilla/5.0 (Linux; Android 7.0;) AppleWebKit/537.36 (KHTML, like Gecko) Mobile Safari/537.36 (compatible; PetalBot;+https://webmaster.petalsearch.com/site/petalbot)"
52.167.144.237 - - [14/Mar/2026:10:22:50 +0800] "GET /?sitemap646.xml HTTP/2.0" 200 245 "-" "Mozilla/5.0 AppleWebKit/537.36 (KHTML, like Gecko; compatible; bingbot/2.0; +http://www.bing.com/bingbot.htm) Chrome/116.0.1938.76 Safari/537.36"
114.119.157.112 - - [14/Mar/2026:10:24:07 +0800] "GET /m050036445 HTTP/1.1" 404 138 "https://auzdo.com/?sitemap854.xml" "Mozilla/5.0 (Linux; Android 7.0;) AppleWebKit/537.36 (KHTML, like Gecko) Mobile Safari/537.36 (compatible; PetalBot;+https://webmaster.petalsearch.com/site/petalbot)"
114.119.132.57 - - [14/Mar/2026:10:25:35 +0800] "GET /?_x=187039079 HTTP/1.1" 200 256 "https://auzdo.com/?sitemap854.xml" "Mozilla/5.0 (Linux; Android 7.0;) AppleWebKit/537.36 (KHTML, like Gecko) Mobile Safari/537.36 (compatible; PetalBot;+https://webmaster.petalsearch.com/site/petalbot)"
114.119.139.78 - - [14/Mar/2026:10:28:09 +0800] "GET /?_x=181018145 HTTP/1.1" 200 256 "https://auzdo.com/sitemap855.xml" "Mozilla/5.0 (Linux; Android 7.0;) AppleWebKit/537.36 (KHTML, like Gecko) Mobile Safari/537.36 (compatible; PetalBot;+https://webmaster.petalsearch.com/site/petalbot)"
114.119.155.118 - - [14/Mar/2026:10:29:40 +0800] "GET /?_x=105044507 HTTP/1.1" 200 256 "https://auzdo.com/sitemap85.xml" "Mozilla/5.0 (Linux; Android 7.0;) AppleWebKit/537.36 (KHTML, like Gecko) Mobile Safari/537.36 (compatible; PetalBot;+https://webmaster.petalsearch.com/site/petalbot)"
114.119.136.146 - - [14/Mar/2026:10:33:09 +0800] "GET /?_s=025010207 HTTP/1.1" 200 256 "https://auzdo.com/?sitemap595.xml" "Mozilla/5.0 (Linux; Android 7.0;) AppleWebKit/537.36 (KHTML, like Gecko) Mobile Safari/537.36 (compatible; PetalBot;+https://webmaster.petalsearch.com/site/petalbot)"
114.119.157.112 - - [14/Mar/2026:10:33:46 +0800] "GET /?_q=249020403 HTTP/1.1" 200 256 "https://auzdo.com/?sitemap595.xml" "Mozilla/5.0 (Linux; Android 7.0;) AppleWebKit/537.36 (KHTML, like Gecko) Mobile Safari/537.36 (compatible; PetalBot;+https://webmaster.petalsearch.com/site/petalbot)"
114.119.136.146 - - [14/Mar/2026:10:37:08 +0800] "GET /?_w=002047856 HTTP/1.1" 200 256 "https://auzdo.com/sitemap848.xml" "Mozilla/5.0 (Linux; Android 7.0;) AppleWebKit/537.36 (KHTML, like Gecko) Mobile Safari/537.36 (compatible; PetalBot;+https://webmaster.petalsearch.com/site/petalbot)"
114.119.136.146 - - [14/Mar/2026:10:37:55 +0800] "GET /?_q=076016086 HTTP/1.1" 200 256 "https://auzdo.com/?sitemap595.xml" "Mozilla/5.0 (Linux; Android 7.0;) AppleWebKit/537.36 (KHTML, like Gecko) Mobile Safari/537.36 (compatible; PetalBot;+https://webmaster.petalsearch.com/site/petalbot)"
157.20.108.114 - - [14/Mar/2026:10:39:21 +0800] "GET /favicon.ico HTTP/2.0" 404 138 "-" "Mozilla/5.0 (Windows NT 10.0; Win64; x64) AppleWebKit/537.36 (KHTML, like Gecko) Chrome/132.0.0.0 Safari/537.36"
157.20.108.114 - - [14/Mar/2026:10:39:21 +0800] "GET /yas/ HTTP/2.0" 200 887 "-" "Mozilla/5.0 (Windows NT 10.0; Win64; x64) AppleWebKit/537.36 (KHTML, like Gecko) Chrome/132.0.0.0 Safari/537.36"
157.20.108.114 - - [14/Mar/2026:10:39:21 +0800] "GET /yas/js/qq.php HTTP/2.0" 200 177 "https://www.auzdo.com/yas/" "Mozilla/5.0 (Windows NT 10.0; Win64; x64) AppleWebKit/537.36 (KHTML, like Gecko) Chrome/132.0.0.0 Safari/537.36"
103.122.92.125 - - [14/Mar/2026:10:39:44 +0800] "GET /yas/ HTTP/2.0" 200 887 "-" "Mozilla/5.0 (Windows NT 10.0; Win64; x64) AppleWebKit/537.36 (KHTML, like Gecko) Chrome/146.0.0.0 Safari/537.36"
103.122.92.125 - - [14/Mar/2026:10:39:44 +0800] "GET /yas/js/qq.php HTTP/2.0" 200 177 "https://www.auzdo.com/yas/" "Mozilla/5.0 (Windows NT 10.0; Win64; x64) AppleWebKit/537.36 (KHTML, like Gecko) Chrome/146.0.0.0 Safari/537.36"
103.122.92.125 - - [14/Mar/2026:10:39:48 +0800] "GET /favicon.ico HTTP/2.0" 404 138 "https://www.auzdo.com/yas/" "Mozilla/5.0 (Windows NT 10.0; Win64; x64) AppleWebKit/537.36 (KHTML, like Gecko) Chrome/146.0.0.0 Safari/537.36"
103.122.92.125 - - [14/Mar/2026:10:39:48 +0800] "GET /favicon.ico HTTP/2.0" 404 138 "https://www.auzdo.com/yas/" "Mozilla/5.0 (Windows NT 10.0; Win64; x64) AppleWebKit/537.36 (KHTML, like Gecko) Chrome/146.0.0.0 Safari/537.36"
103.122.92.125 - - [14/Mar/2026:10:40:30 +0800] "GET /yas/ HTTP/2.0" 200 887 "-" "Mozilla/5.0 (Linux; Android 6.0; Nexus 5 Build/MRA58N) AppleWebKit/537.36 (KHTML, like Gecko) Chrome/146.0.0.0 Mobile Safari/537.36"
103.122.92.125 - - [14/Mar/2026:10:40:30 +0800] "GET /yas/js/qq.php HTTP/2.0" 200 177 "https://www.auzdo.com/yas/" "Mozilla/5.0 (Linux; Android 6.0; Nexus 5 Build/MRA58N) AppleWebKit/537.36 (KHTML, like Gecko) Chrome/146.0.0.0 Mobile Safari/537.36"
103.122.92.125 - - [14/Mar/2026:10:40:33 +0800] "GET /favicon.ico HTTP/2.0" 404 138 "https://www.auzdo.com/yas/" "Mozilla/5.0 (Linux; Android 6.0; Nexus 5 Build/MRA58N) AppleWebKit/537.36 (KHTML, like Gecko) Chrome/146.0.0.0 Mobile Safari/537.36"
157.20.108.114 - - [14/Mar/2026:10:41:25 +0800] "GET /yas/ HTTP/2.0" 200 887 "-" "Mozilla/5.0 (iPhone; CPU iPhone OS 16_6 like Mac OS X) AppleWebKit/605.1.15 (KHTML, like Gecko) Version/16.6 Mobile/15E148 Safari/604.1"
157.20.108.114 - - [14/Mar/2026:10:41:25 +0800] "GET /yas/js/qq.php HTTP/2.0" 200 177 "https://www.auzdo.com/yas/" "Mozilla/5.0 (iPhone; CPU iPhone OS 16_6 like Mac OS X) AppleWebKit/605.1.15 (KHTML, like Gecko) Version/16.6 Mobile/15E148 Safari/604.1"
113.119.84.34 - - [14/Mar/2026:10:41:48 +0800] "GET /yas/ HTTP/2.0" 200 887 "-" "Mozilla/5.0 (Linux; Android 15; PHP110 Build/AP3A.240617.008; wv) AppleWebKit/537.36 (KHTML, like Gecko) Version/4.0 Chrome/142.0.7444.173 Mobile Safari/537.36 XWEB/1420273 MMWEBSDK/20260101 MMWEBID/4500 REV/e8b5a75ea1fe5faa39394e8444dabb644e9d4932 MicroMessenger/8.0.69.3040(0x28004530) WeChat/arm64 Weixin NetType/WIFI Language/zh_CN ABI/arm64"
113.119.84.34 - - [14/Mar/2026:10:41:49 +0800] "GET /yas/js/qq.php HTTP/2.0" 200 177 "https://www.auzdo.com/yas/" "Mozilla/5.0 (Linux; Android 15; PHP110 Build/AP3A.240617.008; wv) AppleWebKit/537.36 (KHTML, like Gecko) Version/4.0 Chrome/142.0.7444.173 Mobile Safari/537.36 XWEB/1420273 MMWEBSDK/20260101 MMWEBID/4500 REV/e8b5a75ea1fe5faa39394e8444dabb644e9d4932 MicroMessenger/8.0.69.3040(0x28004530) WeChat/arm64 Weixin NetType/WIFI Language/zh_CN ABI/arm64"
103.122.92.122 - - [14/Mar/2026:10:42:33 +0800] "GET /yas/ HTTP/2.0" 200 887 "-" "Mozilla/5.0 (Linux; Android 6.0; Nexus 5 Build/MRA58N) AppleWebKit/537.36 (KHTML, like Gecko) Chrome/146.0.0.0 Mobile Safari/537.36"
103.122.92.122 - - [14/Mar/2026:10:42:33 +0800] "GET /yas/js/qq.php HTTP/2.0" 200 177 "https://www.auzdo.com/yas/" "Mozilla/5.0 (Linux; Android 6.0; Nexus 5 Build/MRA58N) AppleWebKit/537.36 (KHTML, like Gecko) Chrome/146.0.0.0 Mobile Safari/537.36"
103.122.92.122 - - [14/Mar/2026:10:42:37 +0800] "GET /favicon.ico HTTP/2.0" 404 138 "https://www.auzdo.com/yas/" "Mozilla/5.0 (Linux; Android 6.0; Nexus 5 Build/MRA58N) AppleWebKit/537.36 (KHTML, like Gecko) Chrome/146.0.0.0 Mobile Safari/537.36"
113.119.84.34 - - [14/Mar/2026:10:42:41 +0800] "GET /favicon.ico HTTP/2.0" 404 138 "https://www.auzdo.com/yas/" "Mozilla/5.0 (Linux; Android 15; PHP110 Build/AP3A.240617.008; wv) AppleWebKit/537.36 (KHTML, like Gecko) Version/4.0 Chrome/142.0.7444.173 Mobile Safari/537.36 XWEB/1420273 MMWEBSDK/20260101 MMWEBID/4500 REV/e8b5a75ea1fe5faa39394e8444dabb644e9d4932 MicroMessenger/8.0.69.3040(0x28004530) WeChat/arm64 Weixin NetType/WIFI Language/zh_CN ABI/arm64"
103.122.92.122 - - [14/Mar/2026:10:42:45 +0800] "GET /yas/ HTTP/2.0" 200 887 "-" "Mozilla/5.0 (iPhone; CPU iPhone OS 18_5 like Mac OS X) AppleWebKit/605.1.15 (KHTML, like Gecko) Version/18.5 Mobile/15E148 Safari/604.1"
103.122.92.122 - - [14/Mar/2026:10:42:45 +0800] "GET /yas/js/qq.php HTTP/2.0" 200 177 "https://www.auzdo.com/yas/" "Mozilla/5.0 (iPhone; CPU iPhone OS 18_5 like Mac OS X) AppleWebKit/605.1.15 (KHTML, like Gecko) Version/18.5 Mobile/15E148 Safari/604.1"
103.122.92.122 - - [14/Mar/2026:10:42:49 +0800] "GET /favicon.ico HTTP/2.0" 404 138 "https://www.auzdo.com/yas/" "Mozilla/5.0 (iPhone; CPU iPhone OS 18_5 like Mac OS X) AppleWebKit/605.1.15 (KHTML, like Gecko) Version/18.5 Mobile/15E148 Safari/604.1"
157.20.108.114 - - [14/Mar/2026:10:42:59 +0800] "GET /yas/ HTTP/2.0" 200 887 "-" "Mozilla/5.0 (iPhone; CPU iPhone OS 18_5 like Mac OS X) AppleWebKit/605.1.15 (KHTML, like Gecko) Version/18.5 Mobile/15E148 Safari/604.1"
157.20.108.114 - - [14/Mar/2026:10:42:59 +0800] "GET /yas/js/qq.php HTTP/2.0" 200 177 "https://www.auzdo.com/yas/" "Mozilla/5.0 (iPhone; CPU iPhone OS 18_5 like Mac OS X) AppleWebKit/605.1.15 (KHTML, like Gecko) Version/18.5 Mobile/15E148 Safari/604.1"
157.20.108.114 - - [14/Mar/2026:10:43:00 +0800] "GET /favicon.ico HTTP/2.0" 404 138 "https://www.auzdo.com/yas/" "Mozilla/5.0 (iPhone; CPU iPhone OS 18_5 like Mac OS X) AppleWebKit/605.1.15 (KHTML, like Gecko) Version/18.5 Mobile/15E148 Safari/604.1"
103.122.92.124 - - [14/Mar/2026:10:43:09 +0800] "GET /yas/ HTTP/2.0" 200 887 "-" "Mozilla/5.0 (Windows NT 10.0; Win64; x64) AppleWebKit/537.36 (KHTML, like Gecko) Chrome/146.0.0.0 Safari/537.36"
103.122.92.124 - - [14/Mar/2026:10:43:09 +0800] "GET /yas/js/qq.php HTTP/2.0" 200 177 "https://www.auzdo.com/yas/" "Mozilla/5.0 (Windows NT 10.0; Win64; x64) AppleWebKit/537.36 (KHTML, like Gecko) Chrome/146.0.0.0 Safari/537.36"
103.122.92.124 - - [14/Mar/2026:10:43:10 +0800] "GET /favicon.ico HTTP/2.0" 404 138 "https://www.auzdo.com/yas/" "Mozilla/5.0 (Windows NT 10.0; Win64; x64) AppleWebKit/537.36 (KHTML, like Gecko) Chrome/146.0.0.0 Safari/537.36"
103.122.92.124 - - [14/Mar/2026:10:43:15 +0800] "GET /yas/ HTTP/2.0" 200 887 "-" "Mozilla/5.0 (iPhone; CPU iPhone OS 18_5 like Mac OS X) AppleWebKit/605.1.15 (KHTML, like Gecko) Version/18.5 Mobile/15E148 Safari/604.1"
103.122.92.124 - - [14/Mar/2026:10:43:15 +0800] "GET /yas/js/qq.php HTTP/2.0" 200 177 "https://www.auzdo.com/yas/" "Mozilla/5.0 (iPhone; CPU iPhone OS 18_5 like Mac OS X) AppleWebKit/605.1.15 (KHTML, like Gecko) Version/18.5 Mobile/15E148 Safari/604.1"
183.9.64.114 - - [14/Mar/2026:10:44:14 +0800] "GET /yas/ HTTP/2.0" 200 887 "-" "Mozilla/5.0 (iPhone; CPU iPhone OS 18_7 like Mac OS X) AppleWebKit/605.1.15 (KHTML, like Gecko) Version/18.7 Mobile/15E148 Safari/604.1"
183.9.64.114 - - [14/Mar/2026:10:44:14 +0800] "GET /yas/js/qq.php HTTP/2.0" 200 177 "https://www.auzdo.com/yas/" "Mozilla/5.0 (iPhone; CPU iPhone OS 18_7 like Mac OS X) AppleWebKit/605.1.15 (KHTML, like Gecko) Version/18.7 Mobile/15E148 Safari/604.1"
141.98.11.171 - - [14/Mar/2026:10:46:18 +0800] "GET /.env HTTP/1.1" 301 162 "-" "Mozilla/5.0 (Windows NT 10.0; Win64; x64) AppleWebKit/537.36"
141.98.11.171 - - [14/Mar/2026:10:46:19 +0800] "GET /.env HTTP/1.1" 404 138 "-" "Mozilla/5.0 (Windows NT 10.0; Win64; x64) AppleWebKit/537.36"
141.98.11.171 - - [14/Mar/2026:10:46:19 +0800] "GET /.env HTTP/1.1" 404 138 "-" "Mozilla/5.0 (Windows NT 10.0; Win64; x64) AppleWebKit/537.36"
103.122.92.121 - - [14/Mar/2026:10:46:33 +0800] "GET /yas/ HTTP/2.0" 200 887 "-" "Mozilla/5.0 (Macintosh; Intel Mac OS X 10_15_7) AppleWebKit/605.1.15 (KHTML, like Gecko) Version/18.5 Safari/605.1.15"
103.122.92.121 - - [14/Mar/2026:10:46:33 +0800] "GET /yas/js/qq.php HTTP/2.0" 200 177 "https://www.auzdo.com/yas/" "Mozilla/5.0 (Macintosh; Intel Mac OS X 10_15_7) AppleWebKit/605.1.15 (KHTML, like Gecko) Version/18.5 Safari/605.1.15"
183.9.64.114 - - [14/Mar/2026:10:46:54 +0800] "GET /yas/ HTTP/2.0" 200 887 "-" "Mozilla/5.0 (iPhone; CPU iPhone OS 18_7 like Mac OS X) AppleWebKit/605.1.15 (KHTML, like Gecko) Version/18.7 Mobile/15E148 Safari/604.1"
183.9.64.114 - - [14/Mar/2026:10:46:57 +0800] "GET /yas/js/qq.php HTTP/2.0" 200 177 "https://www.auzdo.com/yas/" "Mozilla/5.0 (iPhone; CPU iPhone OS 18_7 like Mac OS X) AppleWebKit/605.1.15 (KHTML, like Gecko) Version/18.7 Mobile/15E148 Safari/604.1"
183.9.64.114 - - [14/Mar/2026:10:47:35 +0800] "GET /yas/ HTTP/2.0" 200 887 "-" "Mozilla/5.0 (iPhone; CPU iPhone OS 18_7 like Mac OS X) AppleWebKit/605.1.15 (KHTML, like Gecko) Version/18.7 Mobile/15E148 Safari/604.1"
183.9.64.114 - - [14/Mar/2026:10:47:36 +0800] "GET /yas/js/qq.php HTTP/2.0" 200 177 "https://www.auzdo.com/yas/" "Mozilla/5.0 (iPhone; CPU iPhone OS 18_7 like Mac OS X) AppleWebKit/605.1.15 (KHTML, like Gecko) Version/18.7 Mobile/15E148 Safari/604.1"
66.249.74.167 - - [14/Mar/2026:10:47:54 +0800] "GET /?goods/061006389 HTTP/1.1" 200 256 "-" "Mozilla/5.0 (Linux; Android 6.0.1; Nexus 5X Build/MMB29P) AppleWebKit/537.36 (KHTML, like Gecko) Chrome/145.0.7632.116 Mobile Safari/537.36 (compatible; Googlebot/2.1; +http://www.google.com/bot.html)"
113.119.84.34 - - [14/Mar/2026:10:48:02 +0800] "GET /yas/ HTTP/2.0" 200 887 "-" "Mozilla/5.0 (Linux; Android 15; PHP110 Build/AP3A.240617.008; wv) AppleWebKit/537.36 (KHTML, like Gecko) Version/4.0 Chrome/142.0.7444.173 Mobile Safari/537.36 XWEB/1420273 MMWEBSDK/20260101 MMWEBID/4500 REV/e8b5a75ea1fe5faa39394e8444dabb644e9d4932 MicroMessenger/8.0.69.3040(0x28004530) WeChat/arm64 Weixin NetType/WIFI Language/zh_CN ABI/arm64"
113.119.84.34 - - [14/Mar/2026:10:48:02 +0800] "GET /yas/js/qq.php HTTP/2.0" 200 177 "https://www.auzdo.com/yas/" "Mozilla/5.0 (Linux; Android 15; PHP110 Build/AP3A.240617.008; wv) AppleWebKit/537.36 (KHTML, like Gecko) Version/4.0 Chrome/142.0.7444.173 Mobile Safari/537.36 XWEB/1420273 MMWEBSDK/20260101 MMWEBID/4500 REV/e8b5a75ea1fe5faa39394e8444dabb644e9d4932 MicroMessenger/8.0.69.3040(0x28004530) WeChat/arm64 Weixin NetType/WIFI Language/zh_CN ABI/arm64"
113.119.84.34 - - [14/Mar/2026:10:48:17 +0800] "GET /yas/ HTTP/2.0" 200 887 "-" "Mozilla/5.0 (Linux; Android 15; PHP110 Build/AP3A.240617.008; wv) AppleWebKit/537.36 (KHTML, like Gecko) Version/4.0 Chrome/142.0.7444.173 Mobile Safari/537.36 XWEB/1420273 MMWEBSDK/20260101 MMWEBID/4500 REV/e8b5a75ea1fe5faa39394e8444dabb644e9d4932 MicroMessenger/8.0.69.3040(0x28004530) WeChat/arm64 Weixin NetType/WIFI Language/zh_CN ABI/arm64"
113.119.84.34 - - [14/Mar/2026:10:48:18 +0800] "GET /yas/js/qq.php HTTP/2.0" 200 177 "https://www.auzdo.com/yas/" "Mozilla/5.0 (Linux; Android 15; PHP110 Build/AP3A.240617.008; wv) AppleWebKit/537.36 (KHTML, like Gecko) Version/4.0 Chrome/142.0.7444.173 Mobile Safari/537.36 XWEB/1420273 MMWEBSDK/20260101 MMWEBID/4500 REV/e8b5a75ea1fe5faa39394e8444dabb644e9d4932 MicroMessenger/8.0.69.3040(0x28004530) WeChat/arm64 Weixin NetType/WIFI Language/zh_CN ABI/arm64"
113.119.84.34 - - [14/Mar/2026:10:48:37 +0800] "GET /favicon.ico HTTP/2.0" 404 138 "https://www.auzdo.com/yas/" "Mozilla/5.0 (Linux; Android 15; PHP110 Build/AP3A.240617.008; wv) AppleWebKit/537.36 (KHTML, like Gecko) Version/4.0 Chrome/142.0.7444.173 Mobile Safari/537.36 XWEB/1420273 MMWEBSDK/20260101 MMWEBID/4500 REV/e8b5a75ea1fe5faa39394e8444dabb644e9d4932 MicroMessenger/8.0.69.3040(0x28004530) WeChat/arm64 Weixin NetType/WIFI Language/zh_CN ABI/arm64"
157.20.108.114 - - [14/Mar/2026:10:49:54 +0800] "GET /yas/ HTTP/2.0" 200 887 "-" "Mozilla/5.0 (iPhone; CPU iPhone OS 16_6 like Mac OS X) AppleWebKit/605.1.15 (KHTML, like Gecko) Version/16.6 Mobile/15E148 Safari/604.1"
157.20.108.114 - - [14/Mar/2026:10:49:54 +0800] "GET /yas/js/qq.php HTTP/2.0" 200 177 "https://www.auzdo.com/yas/" "Mozilla/5.0 (iPhone; CPU iPhone OS 16_6 like Mac OS X) AppleWebKit/605.1.15 (KHTML, like Gecko) Version/16.6 Mobile/15E148 Safari/604.1"
157.20.108.114 - - [14/Mar/2026:10:50:37 +0800] "GET /yas/ HTTP/2.0" 200 887 "-" "Mozilla/5.0 (iPhone; CPU iPhone OS 16_6 like Mac OS X) AppleWebKit/605.1.15 (KHTML, like Gecko) Version/16.6 Mobile/15E148 Safari/604.1"
157.20.108.114 - - [14/Mar/2026:10:50:37 +0800] "GET /yas/js/qq.php HTTP/2.0" 200 177 "https://www.auzdo.com/yas/" "Mozilla/5.0 (iPhone; CPU iPhone OS 16_6 like Mac OS X) AppleWebKit/605.1.15 (KHTML, like Gecko) Version/16.6 Mobile/15E148 Safari/604.1"
113.119.84.34 - - [14/Mar/2026:10:50:42 +0800] "GET /yas/ HTTP/2.0" 200 887 "-" "Mozilla/5.0 (Linux; Android 15; PHP110 Build/AP3A.240617.008; wv) AppleWebKit/537.36 (KHTML, like Gecko) Version/4.0 Chrome/142.0.7444.173 Mobile Safari/537.36 XWEB/1420273 MMWEBSDK/20260101 MMWEBID/4500 REV/e8b5a75ea1fe5faa39394e8444dabb644e9d4932 MicroMessenger/8.0.69.3040(0x28004530) WeChat/arm64 Weixin NetType/WIFI Language/zh_CN ABI/arm64"
113.119.84.34 - - [14/Mar/2026:10:50:43 +0800] "GET /yas/js/qq.php HTTP/2.0" 200 177 "https://www.auzdo.com/yas/" "Mozilla/5.0 (Linux; Android 15; PHP110 Build/AP3A.240617.008; wv) AppleWebKit/537.36 (KHTML, like Gecko) Version/4.0 Chrome/142.0.7444.173 Mobile Safari/537.36 XWEB/1420273 MMWEBSDK/20260101 MMWEBID/4500 REV/e8b5a75ea1fe5faa39394e8444dabb644e9d4932 MicroMessenger/8.0.69.3040(0x28004530) WeChat/arm64 Weixin NetType/WIFI Language/zh_CN ABI/arm64"
66.249.74.168 - - [14/Mar/2026:10:52:56 +0800] "GET /?jp/218042082.html HTTP/1.1" 200 256 "-" "Mozilla/5.0 (Linux; Android 6.0.1; Nexus 5X Build/MMB29P) AppleWebKit/537.36 (KHTML, like Gecko) Chrome/145.0.7632.116 Mobile Safari/537.36 (compatible; Googlebot/2.1; +http://www.google.com/bot.html)"
183.9.64.114 - - [14/Mar/2026:10:56:29 +0800] "GET /yas/ HTTP/2.0" 200 887 "-" "Mozilla/5.0 (iPhone; CPU iPhone OS 18_7 like Mac OS X) AppleWebKit/605.1.15 (KHTML, like Gecko) Version/18.7 Mobile/15E148 Safari/604.1"
183.9.64.114 - - [14/Mar/2026:10:56:31 +0800] "GET /yas/js/qq.php HTTP/2.0" 200 177 "https://www.auzdo.com/yas/" "Mozilla/5.0 (iPhone; CPU iPhone OS 18_7 like Mac OS X) AppleWebKit/605.1.15 (KHTML, like Gecko) Version/18.7 Mobile/15E148 Safari/604.1"
103.122.92.124 - - [14/Mar/2026:10:56:53 +0800] "GET /yas/%E5%85%AC%E7%9B%8A%E5%9C%8B%E5%AD%B8%E9%A4%8A%E7%94%9F%E8%AA%B2 HTTP/2.0" 404 138 "-" "Mozilla/5.0 (Windows NT 10.0; Win64; x64) AppleWebKit/537.36 (KHTML, like Gecko) Chrome/146.0.0.0 Safari/537.36"
103.122.92.124 - - [14/Mar/2026:10:56:57 +0800] "GET /yas/ HTTP/2.0" 200 887 "-" "Mozilla/5.0 (Windows NT 10.0; Win64; x64) AppleWebKit/537.36 (KHTML, like Gecko) Chrome/146.0.0.0 Safari/537.36"
103.122.92.124 - - [14/Mar/2026:10:56:57 +0800] "GET /yas/js/qq.php HTTP/2.0" 200 177 "https://www.auzdo.com/yas/" "Mozilla/5.0 (Windows NT 10.0; Win64; x64) AppleWebKit/537.36 (KHTML, like Gecko) Chrome/146.0.0.0 Safari/537.36"
66.249.74.169 - - [14/Mar/2026:11:00:57 +0800] "GET /?detail/264003112233 HTTP/1.1" 200 256 "-" "Mozilla/5.0 (Linux; Android 6.0.1; Nexus 5X Build/MMB29P) AppleWebKit/537.36 (KHTML, like Gecko) Chrome/145.0.7632.116 Mobile Safari/537.36 (compatible; Googlebot/2.1; +http://www.google.com/bot.html)"
66.249.74.169 - - [14/Mar/2026:11:00:57 +0800] "GET /?goods/050040642 HTTP/1.1" 200 256 "-" "Mozilla/5.0 (Linux; Android 6.0.1; Nexus 5X Build/MMB29P) AppleWebKit/537.36 (KHTML, like Gecko) Chrome/145.0.7632.116 Mobile Safari/537.36 (compatible; Googlebot/2.1; +http://www.google.com/bot.html)"
114.119.165.226 - - [14/Mar/2026:11:01:25 +0800] "GET /m019043728 HTTP/1.1" 404 138 "https://auzdo.com/?sitemap854.xml" "Mozilla/5.0 (Linux; Android 7.0;) AppleWebKit/537.36 (KHTML, like Gecko) Mobile Safari/537.36 (compatible; PetalBot;+https://webmaster.petalsearch.com/site/petalbot)"
114.119.136.146 - - [14/Mar/2026:11:02:50 +0800] "GET /?_z=140038500 HTTP/1.1" 200 256 "https://auzdo.com/sitemap788.xml" "Mozilla/5.0 (Linux; Android 7.0;) AppleWebKit/537.36 (KHTML, like Gecko) Mobile Safari/537.36 (compatible; PetalBot;+https://webmaster.petalsearch.com/site/petalbot)"
45.149.173.227 - - [14/Mar/2026:11:03:10 +0800] "GET / HTTP/1.1" 301 162 "-" "Mozilla/5.0 (Windows NT 10.0; Win64; x64) AppleWebKit/537.36 (KHTML, like Gecko) Chrome/78.0.3904.108 Safari/537.36"
45.149.173.227 - - [14/Mar/2026:11:03:11 +0800] "GET / HTTP/1.1" 200 586 "-" "Mozilla/5.0 (Windows NT 10.0; Win64; x64) AppleWebKit/537.36 (KHTML, like Gecko) Chrome/78.0.3904.108 Safari/537.36"
45.149.173.227 - - [14/Mar/2026:11:03:11 +0800] "GET //wp-includes/wlwmanifest.xml HTTP/1.1" 404 138 "-" "Mozilla/5.0 (Windows NT 10.0; Win64; x64) AppleWebKit/537.36 (KHTML, like Gecko) Chrome/78.0.3904.108 Safari/537.36"
45.149.173.227 - - [14/Mar/2026:11:03:11 +0800] "GET //xmlrpc.php?rsd HTTP/1.1" 404 138 "-" "Mozilla/5.0 (Windows NT 10.0; Win64; x64) AppleWebKit/537.36 (KHTML, like Gecko) Chrome/78.0.3904.108 Safari/537.36"
45.149.173.227 - - [14/Mar/2026:11:03:12 +0800] "GET / HTTP/1.1" 200 586 "-" "Mozilla/5.0 (Windows NT 10.0; Win64; x64) AppleWebKit/537.36 (KHTML, like Gecko) Chrome/78.0.3904.108 Safari/537.36"
45.149.173.227 - - [14/Mar/2026:11:03:12 +0800] "GET //blog/wp-includes/wlwmanifest.xml HTTP/1.1" 404 138 "-" "Mozilla/5.0 (Windows NT 10.0; Win64; x64) AppleWebKit/537.36 (KHTML, like Gecko) Chrome/78.0.3904.108 Safari/537.36"
45.149.173.227 - - [14/Mar/2026:11:03:12 +0800] "GET //web/wp-includes/wlwmanifest.xml HTTP/1.1" 404 138 "-" "Mozilla/5.0 (Windows NT 10.0; Win64; x64) AppleWebKit/537.36 (KHTML, like Gecko) Chrome/78.0.3904.108 Safari/537.36"
45.149.173.227 - - [14/Mar/2026:11:03:12 +0800] "GET //wordpress/wp-includes/wlwmanifest.xml HTTP/1.1" 404 138 "-" "Mozilla/5.0 (Windows NT 10.0; Win64; x64) AppleWebKit/537.36 (KHTML, like Gecko) Chrome/78.0.3904.108 Safari/537.36"
45.149.173.227 - - [14/Mar/2026:11:03:12 +0800] "GET //website/wp-includes/wlwmanifest.xml HTTP/1.1" 404 138 "-" "Mozilla/5.0 (Windows NT 10.0; Win64; x64) AppleWebKit/537.36 (KHTML, like Gecko) Chrome/78.0.3904.108 Safari/537.36"
45.149.173.227 - - [14/Mar/2026:11:03:12 +0800] "GET //wp/wp-includes/wlwmanifest.xml HTTP/1.1" 404 138 "-" "Mozilla/5.0 (Windows NT 10.0; Win64; x64) AppleWebKit/537.36 (KHTML, like Gecko) Chrome/78.0.3904.108 Safari/537.36"
45.149.173.227 - - [14/Mar/2026:11:03:13 +0800] "GET //news/wp-includes/wlwmanifest.xml HTTP/1.1" 404 138 "-" "Mozilla/5.0 (Windows NT 10.0; Win64; x64) AppleWebKit/537.36 (KHTML, like Gecko) Chrome/78.0.3904.108 Safari/537.36"
45.149.173.227 - - [14/Mar/2026:11:03:13 +0800] "GET //2018/wp-includes/wlwmanifest.xml HTTP/1.1" 404 138 "-" "Mozilla/5.0 (Windows NT 10.0; Win64; x64) AppleWebKit/537.36 (KHTML, like Gecko) Chrome/78.0.3904.108 Safari/537.36"
45.149.173.227 - - [14/Mar/2026:11:03:13 +0800] "GET //2019/wp-includes/wlwmanifest.xml HTTP/1.1" 404 138 "-" "Mozilla/5.0 (Windows NT 10.0; Win64; x64) AppleWebKit/537.36 (KHTML, like Gecko) Chrome/78.0.3904.108 Safari/537.36"
45.149.173.227 - - [14/Mar/2026:11:03:13 +0800] "GET //shop/wp-includes/wlwmanifest.xml HTTP/1.1" 404 138 "-" "Mozilla/5.0 (Windows NT 10.0; Win64; x64) AppleWebKit/537.36 (KHTML, like Gecko) Chrome/78.0.3904.108 Safari/537.36"
45.149.173.227 - - [14/Mar/2026:11:03:13 +0800] "GET //wp1/wp-includes/wlwmanifest.xml HTTP/1.1" 404 138 "-" "Mozilla/5.0 (Windows NT 10.0; Win64; x64) AppleWebKit/537.36 (KHTML, like Gecko) Chrome/78.0.3904.108 Safari/537.36"
45.149.173.227 - - [14/Mar/2026:11:03:13 +0800] "GET //test/wp-includes/wlwmanifest.xml HTTP/1.1" 404 138 "-" "Mozilla/5.0 (Windows NT 10.0; Win64; x64) AppleWebKit/537.36 (KHTML, like Gecko) Chrome/78.0.3904.108 Safari/537.36"
45.149.173.227 - - [14/Mar/2026:11:03:13 +0800] "GET //media/wp-includes/wlwmanifest.xml HTTP/1.1" 404 138 "-" "Mozilla/5.0 (Windows NT 10.0; Win64; x64) AppleWebKit/537.36 (KHTML, like Gecko) Chrome/78.0.3904.108 Safari/537.36"
45.149.173.227 - - [14/Mar/2026:11:03:14 +0800] "GET //wp2/wp-includes/wlwmanifest.xml HTTP/1.1" 404 138 "-" "Mozilla/5.0 (Windows NT 10.0; Win64; x64) AppleWebKit/537.36 (KHTML, like Gecko) Chrome/78.0.3904.108 Safari/537.36"
45.149.173.227 - - [14/Mar/2026:11:03:14 +0800] "GET //site/wp-includes/wlwmanifest.xml HTTP/1.1" 404 138 "-" "Mozilla/5.0 (Windows NT 10.0; Win64; x64) AppleWebKit/537.36 (KHTML, like Gecko) Chrome/78.0.3904.108 Safari/537.36"
45.149.173.227 - - [14/Mar/2026:11:03:14 +0800] "GET //cms/wp-includes/wlwmanifest.xml HTTP/1.1" 404 138 "-" "Mozilla/5.0 (Windows NT 10.0; Win64; x64) AppleWebKit/537.36 (KHTML, like Gecko) Chrome/78.0.3904.108 Safari/537.36"
45.149.173.227 - - [14/Mar/2026:11:03:14 +0800] "GET //sito/wp-includes/wlwmanifest.xml HTTP/1.1" 404 138 "-" "Mozilla/5.0 (Windows NT 10.0; Win64; x64) AppleWebKit/537.36 (KHTML, like Gecko) Chrome/78.0.3904.108 Safari/537.36"
45.149.173.227 - - [14/Mar/2026:11:03:14 +0800] "" 400 0 "-" "-"
157.20.108.114 - - [14/Mar/2026:11:03:49 +0800] "GET /ff/js/qq.php HTTP/2.0" 200 166 "https://www.auzdo.com/ff/?ldtag_cl" "Mozilla/5.0 (iPhone; CPU iPhone OS 18_6 like Mac OS X) AppleWebKit/605.1.15 (KHTML, like Gecko) Version/26.0 Mobile/15E148 Safari/604.1"
114.119.157.112 - - [14/Mar/2026:11:05:18 +0800] "GET /?_x=274005804 HTTP/1.1" 200 256 "https://auzdo.com/sitemap965.xml" "Mozilla/5.0 (Linux; Android 7.0;) AppleWebKit/537.36 (KHTML, like Gecko) Mobile Safari/537.36 (compatible; PetalBot;+https://webmaster.petalsearch.com/site/petalbot)"
114.119.139.78 - - [14/Mar/2026:11:07:14 +0800] "GET /?_x=268002944 HTTP/1.1" 200 256 "https://auzdo.com/?sitemap891.xml" "Mozilla/5.0 (Linux; Android 7.0;) AppleWebKit/537.36 (KHTML, like Gecko) Mobile Safari/537.36 (compatible; PetalBot;+https://webmaster.petalsearch.com/site/petalbot)"
66.249.74.167 - - [14/Mar/2026:11:07:59 +0800] "GET /?goods/077036139 HTTP/1.1" 200 256 "-" "Mozilla/5.0 (Linux; Android 6.0.1; Nexus 5X Build/MMB29P) AppleWebKit/537.36 (KHTML, like Gecko) Chrome/145.0.7632.116 Mobile Safari/537.36 (compatible; Googlebot/2.1; +http://www.google.com/bot.html)"
114.119.165.226 - - [14/Mar/2026:11:08:15 +0800] "GET /?_x=221005767 HTTP/1.1" 200 256 "https://auzdo.com/sitemap943.xml" "Mozilla/5.0 (Linux; Android 7.0;) AppleWebKit/537.36 (KHTML, like Gecko) Mobile Safari/537.36 (compatible; PetalBot;+https://webmaster.petalsearch.com/site/petalbot)"
66.249.74.169 - - [14/Mar/2026:11:08:59 +0800] "GET /?detail/189022301505 HTTP/1.1" 200 256 "-" "Mozilla/5.0 (Linux; Android 6.0.1; Nexus 5X Build/MMB29P) AppleWebKit/537.36 (KHTML, like Gecko) Chrome/145.0.7632.116 Mobile Safari/537.36 (compatible; Googlebot/2.1; +http://www.google.com/bot.html)"
66.249.74.167 - - [14/Mar/2026:11:13:00 +0800] "GET /?_q=054004870 HTTP/1.1" 200 256 "-" "Mozilla/5.0 (Linux; Android 6.0.1; Nexus 5X Build/MMB29P) AppleWebKit/537.36 (KHTML, like Gecko) Chrome/145.0.7632.116 Mobile Safari/537.36 (compatible; Googlebot/2.1; +http://www.google.com/bot.html)"
66.249.74.169 - - [14/Mar/2026:11:17:54 +0800] "GET /?detail/2510385069483 HTTP/1.1" 200 256 "-" "Mozilla/5.0 (Linux; Android 6.0.1; Nexus 5X Build/MMB29P) AppleWebKit/537.36 (KHTML, like Gecko) Chrome/145.0.7632.116 Mobile Safari/537.36 (compatible; Googlebot/2.1; +http://www.google.com/bot.html)"
114.119.165.226 - - [14/Mar/2026:11:28:42 +0800] "GET /?_z=044016436 HTTP/1.1" 200 256 "https://auzdo.com/sitemap934.xml" "Mozilla/5.0 (Linux; Android 7.0;) AppleWebKit/537.36 (KHTML, like Gecko) Mobile Safari/537.36 (compatible; PetalBot;+https://webmaster.petalsearch.com/site/petalbot)"
45.135.193.11 - - [14/Mar/2026:11:28:48 +0800] "GET /.env HTTP/1.1" 301 162 "-" "Mozilla/5.0 (Windows NT 6.3; WOW64; Trident/7.0; Touch; LCJB; rv:11.0) like Gecko"
45.135.193.11 - - [14/Mar/2026:11:28:48 +0800] "GET /.env HTTP/1.1" 301 162 "-" "Mozilla/5.0 (Windows NT 6.1; WOW64; rv:46.0) Gecko/20120121 Firefox/46.0"
45.135.193.11 - - [14/Mar/2026:11:28:49 +0800] "GET /.env HTTP/1.1" 404 138 "-" "Mozilla/4.0 (compatible; MSIE 6.0; Windows NT 5.1)"
45.135.193.11 - - [14/Mar/2026:11:28:49 +0800] "GET /.env HTTP/1.1" 404 138 "-" "Mozilla/5.0 (X11; U; Linux i686; en-US; rv:1.9.0.10) Gecko/2009042513 Linux Mint/5 (Elyssa) Firefox/3.0.10"
114.119.136.146 - - [14/Mar/2026:11:32:04 +0800] "GET /?_z=015003401 HTTP/1.1" 200 256 "https://auzdo.com/sitemap855.xml" "Mozilla/5.0 (Linux; Android 7.0;) AppleWebKit/537.36 (KHTML, like Gecko) Mobile Safari/537.36 (compatible; PetalBot;+https://webmaster.petalsearch.com/site/petalbot)"
114.119.157.112 - - [14/Mar/2026:11:33:43 +0800] "GET /m083044304 HTTP/1.1" 404 138 "https://auzdo.com/?sitemap595.xml" "Mozilla/5.0 (Linux; Android 7.0;) AppleWebKit/537.36 (KHTML, like Gecko) Mobile Safari/537.36 (compatible; PetalBot;+https://webmaster.petalsearch.com/site/petalbot)"
114.119.132.57 - - [14/Mar/2026:11:34:48 +0800] "GET /?_w=158003812 HTTP/1.1" 200 256 "https://auzdo.com/?sitemap595.xml" "Mozilla/5.0 (Linux; Android 7.0;) AppleWebKit/537.36 (KHTML, like Gecko) Mobile Safari/537.36 (compatible; PetalBot;+https://webmaster.petalsearch.com/site/petalbot)"
114.119.147.32 - - [14/Mar/2026:11:36:50 +0800] "GET /?_v=279000415 HTTP/1.1" 200 256 "https://auzdo.com/sitemap830.xml" "Mozilla/5.0 (Linux; Android 7.0;) AppleWebKit/537.36 (KHTML, like Gecko) Mobile Safari/537.36 (compatible; PetalBot;+https://webmaster.petalsearch.com/site/petalbot)"
114.119.139.78 - - [14/Mar/2026:11:37:40 +0800] "GET /?_u=200012544 HTTP/1.1" 200 256 "https://auzdo.com/?sitemap595.xml" "Mozilla/5.0 (Linux; Android 7.0;) AppleWebKit/537.36 (KHTML, like Gecko) Mobile Safari/537.36 (compatible; PetalBot;+https://webmaster.petalsearch.com/site/petalbot)"
66.249.74.169 - - [14/Mar/2026:11:38:55 +0800] "GET /?detail/1990092994913 HTTP/1.1" 200 256 "-" "Mozilla/5.0 (Linux; Android 6.0.1; Nexus 5X Build/MMB29P) AppleWebKit/537.36 (KHTML, like Gecko) Chrome/145.0.7632.116 Mobile Safari/537.36 (compatible; Googlebot/2.1; +http://www.google.com/bot.html)"
66.249.74.168 - - [14/Mar/2026:11:48:55 +0800] "GET /?detail/2800380593357 HTTP/1.1" 200 256 "-" "Mozilla/5.0 (Linux; Android 6.0.1; Nexus 5X Build/MMB29P) AppleWebKit/537.36 (KHTML, like Gecko) Chrome/145.0.7632.116 Mobile Safari/537.36 (compatible; Googlebot/2.1; +http://www.google.com/bot.html)"
114.119.155.118 - - [14/Mar/2026:11:50:52 +0800] "GET /?_x=076035054 HTTP/1.1" 200 256 "https://auzdo.com/sitemap943.xml" "Mozilla/5.0 (Linux; Android 7.0;) AppleWebKit/537.36 (KHTML, like Gecko) Mobile Safari/537.36 (compatible; PetalBot;+https://webmaster.petalsearch.com/site/petalbot)"
114.119.132.57 - - [14/Mar/2026:11:52:17 +0800] "GET /?_x=176047954 HTTP/1.1" 200 256 "https://auzdo.com/sitemap965.xml" "Mozilla/5.0 (Linux; Android 7.0;) AppleWebKit/537.36 (KHTML, like Gecko) Mobile Safari/537.36 (compatible; PetalBot;+https://webmaster.petalsearch.com/site/petalbot)"
114.119.155.118 - - [14/Mar/2026:12:05:39 +0800] "GET /m052022435 HTTP/1.1" 404 138 "https://auzdo.com/?sitemap854.xml" "Mozilla/5.0 (Linux; Android 7.0;) AppleWebKit/537.36 (KHTML, like Gecko) Mobile Safari/537.36 (compatible; PetalBot;+https://webmaster.petalsearch.com/site/petalbot)"
114.119.155.118 - - [14/Mar/2026:12:06:49 +0800] "GET /?_w=139013757 HTTP/1.1" 200 256 "https://auzdo.com/?sitemap854.xml" "Mozilla/5.0 (Linux; Android 7.0;) AppleWebKit/537.36 (KHTML, like Gecko) Mobile Safari/537.36 (compatible; PetalBot;+https://webmaster.petalsearch.com/site/petalbot)"
66.249.74.168 - - [14/Mar/2026:12:07:58 +0800] "GET /?detail/1210189741885 HTTP/1.1" 200 256 "-" "Mozilla/5.0 (Linux; Android 6.0.1; Nexus 5X Build/MMB29P) AppleWebKit/537.36 (KHTML, like Gecko) Chrome/145.0.7632.116 Mobile Safari/537.36 (compatible; Googlebot/2.1; +http://www.google.com/bot.html)"
45.148.10.238 - - [14/Mar/2026:12:08:02 +0800] "GET /.env.production HTTP/1.1" 404 138 "-" "Opera/9.80 (X11; Linux i686) Presto/2.12.388 Version/12.16"
45.148.10.238 - - [14/Mar/2026:12:08:02 +0800] "GET /awsconfig.js HTTP/1.1" 404 138 "-" "Mozilla/5.0 (Windows NT 6.1; Win64; x64) AppleWebKit/537.36 (KHTML, like Gecko) Chrome/66.0.3359.170 Safari/537.36"
45.148.10.238 - - [14/Mar/2026:12:08:02 +0800] "GET /.env.prod HTTP/1.1" 404 138 "-" "Mozilla/5.0 (Windows NT 6.1; Win64; x64) AppleWebKit/537.36 (KHTML, like Gecko) Chrome/72.0.3626.81 Safari/537.36"
45.148.10.238 - - [14/Mar/2026:12:08:02 +0800] "GET /.env.bak HTTP/1.1" 404 138 "-" "Mediapartners-Google"
45.148.10.238 - - [14/Mar/2026:12:08:02 +0800] "GET /.env HTTP/1.1" 404 138 "-" "Mozilla/5.0 (compatible; MSIE 9.0; Windows Phone OS 7.5; Trident/5.0; IEMobile/9.0)"
45.148.10.238 - - [14/Mar/2026:12:08:02 +0800] "GET /awstats/.env HTTP/1.1" 404 138 "-" "Mozilla/5.0 (Linux; Android 9; ONEPLUS A6000) AppleWebKit/537.36 (KHTML, like Gecko) Chrome/76.0.3809.111 Mobile Safari/537.36"
45.148.10.238 - - [14/Mar/2026:12:08:02 +0800] "GET /config.env HTTP/1.1" 404 138 "-" "Mozilla/5.0 (Linux; Android 9; ONEPLUS A6013) AppleWebKit/537.36 (KHTML, like Gecko) Chrome/78.0.3880.5 Mobile Safari/537.36"
45.148.10.238 - - [14/Mar/2026:12:08:02 +0800] "GET /.aws/credentials HTTP/1.1" 404 138 "-" "Mozilla/5.0 (Linux; Android 5.1.1; SM-J111F) AppleWebKit/537.36 (KHTML, like Gecko) Chrome/76.0.3809.111 Mobile Safari/537.36"
