File: //www/wwwlogs/www.auzdo.com.log
114.119.138.214 - - [12/Mar/2026:15:16:34 +0800] "GET /m063041500 HTTP/1.1" 404 138 "https://auzdo.com/?sitemap595.xml" "Mozilla/5.0 (Linux; Android 7.0;) AppleWebKit/537.36 (KHTML, like Gecko) Mobile Safari/537.36 (compatible; PetalBot;+https://webmaster.petalsearch.com/site/petalbot)"
162.252.198.25 - - [12/Mar/2026:15:17:01 +0800] "GET / HTTP/1.1" 200 256 "-" "Mozilla/5.0 (Windows NT 10.0; Win64; x64; rv:124.0) Gecko/20100101 Firefox/124.0"
114.119.157.112 - - [12/Mar/2026:15:17:59 +0800] "GET /m033007384 HTTP/1.1" 404 138 "https://auzdo.com/?sitemap854.xml" "Mozilla/5.0 (Linux; Android 7.0;) AppleWebKit/537.36 (KHTML, like Gecko) Mobile Safari/537.36 (compatible; PetalBot;+https://webmaster.petalsearch.com/site/petalbot)"
208.109.188.137 - - [12/Mar/2026:15:19:39 +0800] "GET /dable/js/css/menuleft.php HTTP/2.0" 404 138 "-" "Mozilla/5.0 (Windows NT 10.0; Win64; x64) AppleWebKit/537.36 (KHTML, like Gecko) Chrome/101.0.4951.67 Safari/537.36"
114.119.138.214 - - [12/Mar/2026:15:22:05 +0800] "GET /?_z=277009273 HTTP/1.1" 200 256 "https://auzdo.com/sitemap741.xml" "Mozilla/5.0 (Linux; Android 7.0;) AppleWebKit/537.36 (KHTML, like Gecko) Mobile Safari/537.36 (compatible; PetalBot;+https://webmaster.petalsearch.com/site/petalbot)"
114.119.138.214 - - [12/Mar/2026:15:23:18 +0800] "GET /?_z=187005633 HTTP/1.1" 200 256 "https://auzdo.com/sitemap997.xml" "Mozilla/5.0 (Linux; Android 7.0;) AppleWebKit/537.36 (KHTML, like Gecko) Mobile Safari/537.36 (compatible; PetalBot;+https://webmaster.petalsearch.com/site/petalbot)"
72.167.150.128 - - [12/Mar/2026:15:23:26 +0800] "GET /cgi-bin/archiver.php HTTP/2.0" 404 138 "-" "Mozilla/5.0 (Windows NT 10.0; Win64; x64) AppleWebKit/537.36 (KHTML, like Gecko) Chrome/99.0.4844.51 Safari/537.36 Edg/99.0.1150.30"
54.170.89.1 - - [12/Mar/2026:15:26:02 +0800] "GET / HTTP/1.0" 200 574 "-" "Mozilla/5.0 (compatible; NetcraftSurveyAgent/1.0; +info@netcraft.com)"
114.119.136.146 - - [12/Mar/2026:15:26:53 +0800] "GET /?_z=026013316 HTTP/1.1" 200 256 "https://auzdo.com/?sitemap854.xml" "Mozilla/5.0 (Linux; Android 7.0;) AppleWebKit/537.36 (KHTML, like Gecko) Mobile Safari/537.36 (compatible; PetalBot;+https://webmaster.petalsearch.com/site/petalbot)"
66.249.74.167 - - [12/Mar/2026:15:28:53 +0800] "GET /?goods/249023190 HTTP/1.1" 200 256 "-" "Mozilla/5.0 (Linux; Android 6.0.1; Nexus 5X Build/MMB29P) AppleWebKit/537.36 (KHTML, like Gecko) Chrome/145.0.7632.116 Mobile Safari/537.36 (compatible; Googlebot/2.1; +http://www.google.com/bot.html)"
114.119.132.57 - - [12/Mar/2026:15:30:17 +0800] "GET /?_y=181015387 HTTP/1.1" 200 256 "https://auzdo.com/?sitemap595.xml" "Mozilla/5.0 (Linux; Android 7.0;) AppleWebKit/537.36 (KHTML, like Gecko) Mobile Safari/537.36 (compatible; PetalBot;+https://webmaster.petalsearch.com/site/petalbot)"
114.119.136.146 - - [12/Mar/2026:15:33:05 +0800] "GET /?_y=070001300 HTTP/1.1" 200 256 "https://auzdo.com/sitemap943.xml" "Mozilla/5.0 (Linux; Android 7.0;) AppleWebKit/537.36 (KHTML, like Gecko) Mobile Safari/537.36 (compatible; PetalBot;+https://webmaster.petalsearch.com/site/petalbot)"
114.119.165.226 - - [12/Mar/2026:15:34:40 +0800] "GET /?_x=270000706 HTTP/1.1" 200 256 "https://auzdo.com/sitemap948.xml" "Mozilla/5.0 (Linux; Android 7.0;) AppleWebKit/537.36 (KHTML, like Gecko) Mobile Safari/537.36 (compatible; PetalBot;+https://webmaster.petalsearch.com/site/petalbot)"
114.119.139.78 - - [12/Mar/2026:15:35:35 +0800] "GET /?_x=195044597 HTTP/1.1" 200 256 "https://auzdo.com/sitemap943.xml" "Mozilla/5.0 (Linux; Android 7.0;) AppleWebKit/537.36 (KHTML, like Gecko) Mobile Safari/537.36 (compatible; PetalBot;+https://webmaster.petalsearch.com/site/petalbot)"
114.119.147.32 - - [12/Mar/2026:15:38:57 +0800] "GET /?_x=079006265 HTTP/1.1" 200 256 "https://auzdo.com/?sitemap854.xml" "Mozilla/5.0 (Linux; Android 7.0;) AppleWebKit/537.36 (KHTML, like Gecko) Mobile Safari/537.36 (compatible; PetalBot;+https://webmaster.petalsearch.com/site/petalbot)"
114.119.136.146 - - [12/Mar/2026:15:39:38 +0800] "GET /?_x=049009741 HTTP/1.1" 200 256 "https://auzdo.com/sitemap986.xml" "Mozilla/5.0 (Linux; Android 7.0;) AppleWebKit/537.36 (KHTML, like Gecko) Mobile Safari/537.36 (compatible; PetalBot;+https://webmaster.petalsearch.com/site/petalbot)"
203.168.240.214 - - [12/Mar/2026:15:40:51 +0800] "GET /favicon.ico HTTP/2.0" 404 138 "-" "Mozilla/5.0 (Windows NT 10.0; WOW64) AppleWebKit/537.36 (KHTML, like Gecko) Chrome/116.0.5845.97 Safari/537.36 Core/1.116.622.400 QQBrowser/20.1.7292.400"
114.119.132.57 - - [12/Mar/2026:15:41:37 +0800] "GET /?_x=018042286 HTTP/1.1" 200 256 "https://auzdo.com/?sitemap854.xml" "Mozilla/5.0 (Linux; Android 7.0;) AppleWebKit/537.36 (KHTML, like Gecko) Mobile Safari/537.36 (compatible; PetalBot;+https://webmaster.petalsearch.com/site/petalbot)"
66.249.74.168 - - [12/Mar/2026:15:42:58 +0800] "GET /?goods/267011440 HTTP/1.1" 200 256 "-" "Mozilla/5.0 (Linux; Android 6.0.1; Nexus 5X Build/MMB29P) AppleWebKit/537.36 (KHTML, like Gecko) Chrome/145.0.7632.116 Mobile Safari/537.36 (compatible; Googlebot/2.1; +http://www.google.com/bot.html)"
114.119.132.57 - - [12/Mar/2026:15:44:03 +0800] "GET /m022020029 HTTP/1.1" 404 138 "https://auzdo.com/?sitemap891.xml" "Mozilla/5.0 (Linux; Android 7.0;) AppleWebKit/537.36 (KHTML, like Gecko) Mobile Safari/537.36 (compatible; PetalBot;+https://webmaster.petalsearch.com/site/petalbot)"
114.119.157.112 - - [12/Mar/2026:15:45:51 +0800] "GET /m005037862 HTTP/1.1" 404 138 "https://auzdo.com/?sitemap854.xml" "Mozilla/5.0 (Linux; Android 7.0;) AppleWebKit/537.36 (KHTML, like Gecko) Mobile Safari/537.36 (compatible; PetalBot;+https://webmaster.petalsearch.com/site/petalbot)"
203.168.240.215 - - [12/Mar/2026:15:46:26 +0800] "GET /xk/ HTTP/2.0" 200 914 "-" "Mozilla/5.0 (Windows NT 10.0; Win64; x64) AppleWebKit/537.36 (KHTML, like Gecko) Chrome/146.0.0.0 Safari/537.36"
203.168.240.215 - - [12/Mar/2026:15:46:27 +0800] "GET /xk/js/qq.php HTTP/2.0" 200 177 "https://www.auzdo.com/xk/" "Mozilla/5.0 (Windows NT 10.0; Win64; x64) AppleWebKit/537.36 (KHTML, like Gecko) Chrome/146.0.0.0 Safari/537.36"
203.168.240.215 - - [12/Mar/2026:15:46:33 +0800] "GET /favicon.ico HTTP/2.0" 404 138 "https://www.auzdo.com/xk/" "Mozilla/5.0 (Windows NT 10.0; Win64; x64) AppleWebKit/537.36 (KHTML, like Gecko) Chrome/146.0.0.0 Safari/537.36"
57.182.157.157 - - [12/Mar/2026:15:46:37 +0800] "GET /xk/ HTTP/2.0" 200 914 "-" "Mozilla/5.0 (Windows NT 10.0; Win64; x64) AppleWebKit/537.36 (KHTML, like Gecko) Chrome/146.0.0.0 Safari/537.36"
57.182.157.157 - - [12/Mar/2026:15:46:37 +0800] "GET /xk/js/qq.php HTTP/2.0" 200 177 "https://www.auzdo.com/xk/" "Mozilla/5.0 (Windows NT 10.0; Win64; x64) AppleWebKit/537.36 (KHTML, like Gecko) Chrome/146.0.0.0 Safari/537.36"
203.168.240.215 - - [12/Mar/2026:15:46:54 +0800] "GET /hh/ HTTP/2.0" 200 889 "-" "Mozilla/5.0 (Windows NT 10.0; Win64; x64) AppleWebKit/537.36 (KHTML, like Gecko) Chrome/146.0.0.0 Safari/537.36"
203.168.240.215 - - [12/Mar/2026:15:46:54 +0800] "GET /hh/js/qq.php HTTP/2.0" 200 177 "https://www.auzdo.com/hh/" "Mozilla/5.0 (Windows NT 10.0; Win64; x64) AppleWebKit/537.36 (KHTML, like Gecko) Chrome/146.0.0.0 Safari/537.36"
203.168.240.215 - - [12/Mar/2026:15:46:57 +0800] "GET /favicon.ico HTTP/2.0" 404 138 "https://www.auzdo.com/hh/" "Mozilla/5.0 (Windows NT 10.0; Win64; x64) AppleWebKit/537.36 (KHTML, like Gecko) Chrome/146.0.0.0 Safari/537.36"
204.12.208.18 - - [12/Mar/2026:15:47:31 +0800] "GET /wp-content/wpbcb5c7/edit.php HTTP/1.1" 404 138 "https://auzdo.com/wp-content/wpbcb5c7/edit.php" "Mozilla/5.0 (compatible; MSIE 10.0; Windows NT 6.2; WOW64; Trident/6.0)"
114.119.155.118 - - [12/Mar/2026:15:47:44 +0800] "GET /?_z=203002327 HTTP/1.1" 200 256 "https://auzdo.com/sitemap986.xml" "Mozilla/5.0 (Linux; Android 7.0;) AppleWebKit/537.36 (KHTML, like Gecko) Mobile Safari/537.36 (compatible; PetalBot;+https://webmaster.petalsearch.com/site/petalbot)"
114.119.165.226 - - [12/Mar/2026:15:51:11 +0800] "GET /?_z=043022949 HTTP/1.1" 200 256 "https://auzdo.com/sitemap855.xml" "Mozilla/5.0 (Linux; Android 7.0;) AppleWebKit/537.36 (KHTML, like Gecko) Mobile Safari/537.36 (compatible; PetalBot;+https://webmaster.petalsearch.com/site/petalbot)"
114.119.132.57 - - [12/Mar/2026:15:52:22 +0800] "GET /?_z=020020164 HTTP/1.1" 200 256 "https://auzdo.com/sitemap943.xml" "Mozilla/5.0 (Linux; Android 7.0;) AppleWebKit/537.36 (KHTML, like Gecko) Mobile Safari/537.36 (compatible; PetalBot;+https://webmaster.petalsearch.com/site/petalbot)"
66.249.74.168 - - [12/Mar/2026:15:53:02 +0800] "GET /?jp/063033833.html HTTP/1.1" 200 256 "-" "Mozilla/5.0 (Linux; Android 6.0.1; Nexus 5X Build/MMB29P) AppleWebKit/537.36 (KHTML, like Gecko) Chrome/145.0.7632.116 Mobile Safari/537.36 (compatible; Googlebot/2.1; +http://www.google.com/bot.html)"
114.119.165.226 - - [12/Mar/2026:15:53:49 +0800] "GET /?_y=086039452 HTTP/1.1" 200 256 "https://auzdo.com/sitemap830.xml" "Mozilla/5.0 (Linux; Android 7.0;) AppleWebKit/537.36 (KHTML, like Gecko) Mobile Safari/537.36 (compatible; PetalBot;+https://webmaster.petalsearch.com/site/petalbot)"
114.119.132.57 - - [12/Mar/2026:15:54:48 +0800] "GET /?_x=091014643 HTTP/1.1" 200 256 "https://auzdo.com/sitemap830.xml" "Mozilla/5.0 (Linux; Android 7.0;) AppleWebKit/537.36 (KHTML, like Gecko) Mobile Safari/537.36 (compatible; PetalBot;+https://webmaster.petalsearch.com/site/petalbot)"
114.119.157.112 - - [12/Mar/2026:15:56:23 +0800] "GET /?_x=044011484 HTTP/1.1" 200 256 "https://auzdo.com/sitemap855.xml" "Mozilla/5.0 (Linux; Android 7.0;) AppleWebKit/537.36 (KHTML, like Gecko) Mobile Safari/537.36 (compatible; PetalBot;+https://webmaster.petalsearch.com/site/petalbot)"
114.119.139.78 - - [12/Mar/2026:15:59:36 +0800] "GET /?_z=227022485 HTTP/1.1" 200 256 "https://auzdo.com/sitemap817.xml" "Mozilla/5.0 (Linux; Android 7.0;) AppleWebKit/537.36 (KHTML, like Gecko) Mobile Safari/537.36 (compatible; PetalBot;+https://webmaster.petalsearch.com/site/petalbot)"
114.119.139.78 - - [12/Mar/2026:16:03:05 +0800] "GET /?_x=018014938 HTTP/1.1" 200 256 "https://auzdo.com/sitemap934.xml" "Mozilla/5.0 (Linux; Android 7.0;) AppleWebKit/537.36 (KHTML, like Gecko) Mobile Safari/537.36 (compatible; PetalBot;+https://webmaster.petalsearch.com/site/petalbot)"
114.119.157.112 - - [12/Mar/2026:16:05:02 +0800] "GET /m005009818 HTTP/1.1" 404 138 "https://auzdo.com/?sitemap891.xml" "Mozilla/5.0 (Linux; Android 7.0;) AppleWebKit/537.36 (KHTML, like Gecko) Mobile Safari/537.36 (compatible; PetalBot;+https://webmaster.petalsearch.com/site/petalbot)"
66.249.74.169 - - [12/Mar/2026:16:05:25 +0800] "GET /?detail/032016179129 HTTP/1.1" 200 256 "-" "Mozilla/5.0 (Linux; Android 6.0.1; Nexus 5X Build/MMB29P) AppleWebKit/537.36 (KHTML, like Gecko) Chrome/145.0.7632.116 Mobile Safari/537.36 (compatible; Googlebot/2.1; +http://www.google.com/bot.html)"
114.119.157.112 - - [12/Mar/2026:16:06:13 +0800] "GET /?_z=248027264 HTTP/1.1" 200 256 "https://auzdo.com/sitemap948.xml" "Mozilla/5.0 (Linux; Android 7.0;) AppleWebKit/537.36 (KHTML, like Gecko) Mobile Safari/537.36 (compatible; PetalBot;+https://webmaster.petalsearch.com/site/petalbot)"
45.227.253.15 - - [12/Mar/2026:16:06:17 +0800] "GET /index.php/jk HTTP/1.1" 200 256 "-" "Mozilla/5.0 (Windows NT 6.1; Win64; x64) AppleWebKit/537.36 (KHTML, like Gecko) Chrome/86.0.4240.111 Safari/537.36"
114.119.157.112 - - [12/Mar/2026:16:07:30 +0800] "GET /?_z=054013396 HTTP/1.1" 200 256 "https://auzdo.com/sitemap741.xml" "Mozilla/5.0 (Linux; Android 7.0;) AppleWebKit/537.36 (KHTML, like Gecko) Mobile Safari/537.36 (compatible; PetalBot;+https://webmaster.petalsearch.com/site/petalbot)"
114.119.139.78 - - [12/Mar/2026:16:09:34 +0800] "GET /?_x=011010511 HTTP/1.1" 200 256 "https://auzdo.com/sitemap934.xml" "Mozilla/5.0 (Linux; Android 7.0;) AppleWebKit/537.36 (KHTML, like Gecko) Mobile Safari/537.36 (compatible; PetalBot;+https://webmaster.petalsearch.com/site/petalbot)"
114.119.139.78 - - [12/Mar/2026:16:10:37 +0800] "GET /?_x=002006164 HTTP/1.1" 200 256 "https://auzdo.com/sitemap741.xml" "Mozilla/5.0 (Linux; Android 7.0;) AppleWebKit/537.36 (KHTML, like Gecko) Mobile Safari/537.36 (compatible; PetalBot;+https://webmaster.petalsearch.com/site/petalbot)"
114.119.155.118 - - [12/Mar/2026:16:11:29 +0800] "GET /?_w=271028911 HTTP/1.1" 200 256 "https://auzdo.com/sitemap817.xml" "Mozilla/5.0 (Linux; Android 7.0;) AppleWebKit/537.36 (KHTML, like Gecko) Mobile Safari/537.36 (compatible; PetalBot;+https://webmaster.petalsearch.com/site/petalbot)"
66.249.74.168 - - [12/Mar/2026:16:12:37 +0800] "GET /?jp/276043029.html HTTP/1.1" 200 256 "-" "Mozilla/5.0 (Linux; Android 6.0.1; Nexus 5X Build/MMB29P) AppleWebKit/537.36 (KHTML, like Gecko) Chrome/145.0.7632.116 Mobile Safari/537.36 (compatible; Googlebot/2.1; +http://www.google.com/bot.html)"
114.119.132.57 - - [12/Mar/2026:16:12:56 +0800] "GET /?_w=172023560 HTTP/1.1" 200 256 "https://auzdo.com/sitemap741.xml" "Mozilla/5.0 (Linux; Android 7.0;) AppleWebKit/537.36 (KHTML, like Gecko) Mobile Safari/537.36 (compatible; PetalBot;+https://webmaster.petalsearch.com/site/petalbot)"
114.119.136.146 - - [12/Mar/2026:16:15:42 +0800] "GET /?_z=001027733 HTTP/1.1" 200 256 "https://auzdo.com/sitemap965.xml" "Mozilla/5.0 (Linux; Android 7.0;) AppleWebKit/537.36 (KHTML, like Gecko) Mobile Safari/537.36 (compatible; PetalBot;+https://webmaster.petalsearch.com/site/petalbot)"
114.119.138.214 - - [12/Mar/2026:16:18:03 +0800] "GET /?_z=162005084 HTTP/1.1" 200 256 "https://auzdo.com/sitemap912.xml" "Mozilla/5.0 (Linux; Android 7.0;) AppleWebKit/537.36 (KHTML, like Gecko) Mobile Safari/537.36 (compatible; PetalBot;+https://webmaster.petalsearch.com/site/petalbot)"
114.119.165.226 - - [12/Mar/2026:16:19:55 +0800] "GET /?_w=166039220 HTTP/1.1" 200 256 "https://auzdo.com/sitemap738.xml" "Mozilla/5.0 (Linux; Android 7.0;) AppleWebKit/537.36 (KHTML, like Gecko) Mobile Safari/537.36 (compatible; PetalBot;+https://webmaster.petalsearch.com/site/petalbot)"
114.119.139.78 - - [12/Mar/2026:16:21:29 +0800] "GET /?_x=040027330 HTTP/1.1" 200 256 "https://auzdo.com/sitemap830.xml" "Mozilla/5.0 (Linux; Android 7.0;) AppleWebKit/537.36 (KHTML, like Gecko) Mobile Safari/537.36 (compatible; PetalBot;+https://webmaster.petalsearch.com/site/petalbot)"
114.119.132.57 - - [12/Mar/2026:16:23:31 +0800] "GET /?_w=166020384 HTTP/1.1" 200 256 "https://auzdo.com/?sitemap595.xml" "Mozilla/5.0 (Linux; Android 7.0;) AppleWebKit/537.36 (KHTML, like Gecko) Mobile Safari/537.36 (compatible; PetalBot;+https://webmaster.petalsearch.com/site/petalbot)"
114.119.147.32 - - [12/Mar/2026:16:24:06 +0800] "GET /?_z=239003177 HTTP/1.1" 200 256 "https://auzdo.com/sitemap741.xml" "Mozilla/5.0 (Linux; Android 7.0;) AppleWebKit/537.36 (KHTML, like Gecko) Mobile Safari/537.36 (compatible; PetalBot;+https://webmaster.petalsearch.com/site/petalbot)"
59.173.89.226 - - [12/Mar/2026:16:25:53 +0800] "GET / HTTP/1.1" 301 162 "-" "Mozilla/5.0 (iPhone; CPU iPhone OS 11_1_1 like Mac OS X) AppleWebKit/604.3.5 (KHTML,like Gecko) Version/11.0 Mobile/15B150 Safari/604.1"
59.173.89.226 - - [12/Mar/2026:16:25:55 +0800] "GET / HTTP/1.1" 200 256 "-" "Mozilla/5.0 (iPhone; CPU iPhone OS 11_1_1 like Mac OS X) AppleWebKit/604.3.5 (KHTML,like Gecko) Version/11.0 Mobile/15B150 Safari/604.1"
114.119.147.32 - - [12/Mar/2026:16:26:15 +0800] "GET /?_w=163014745 HTTP/1.1" 200 256 "https://auzdo.com/?sitemap891.xml" "Mozilla/5.0 (Linux; Android 7.0;) AppleWebKit/537.36 (KHTML, like Gecko) Mobile Safari/537.36 (compatible; PetalBot;+https://webmaster.petalsearch.com/site/petalbot)"
114.119.147.32 - - [12/Mar/2026:16:27:13 +0800] "GET /?_w=153038461 HTTP/1.1" 200 256 "https://auzdo.com/sitemap948.xml" "Mozilla/5.0 (Linux; Android 7.0;) AppleWebKit/537.36 (KHTML, like Gecko) Mobile Safari/537.36 (compatible; PetalBot;+https://webmaster.petalsearch.com/site/petalbot)"
114.119.165.226 - - [12/Mar/2026:16:30:28 +0800] "GET /?_w=084030604 HTTP/1.1" 200 256 "https://auzdo.com/sitemap85.xml" "Mozilla/5.0 (Linux; Android 7.0;) AppleWebKit/537.36 (KHTML, like Gecko) Mobile Safari/537.36 (compatible; PetalBot;+https://webmaster.petalsearch.com/site/petalbot)"
66.249.74.169 - - [12/Mar/2026:16:31:09 +0800] "GET /?detail/10003700674446 HTTP/1.1" 200 256 "-" "Mozilla/5.0 (Linux; Android 6.0.1; Nexus 5X Build/MMB29P) AppleWebKit/537.36 (KHTML, like Gecko) Chrome/145.0.7632.116 Mobile Safari/537.36 (compatible; Googlebot/2.1; +http://www.google.com/bot.html)"
204.12.208.18 - - [12/Mar/2026:16:31:54 +0800] "GET /wp-content/wpbcb5c7/edit.php HTTP/1.1" 404 138 "https://auzdo.com/wp-content/wpbcb5c7/edit.php" "Mozilla/5.0 (Windows NT 6.1; WOW64) AppleWebKit/535.7 (KHTML, like Gecko) Chrome/16.0.912.75 Safari/535.7"
114.119.138.214 - - [12/Mar/2026:16:32:57 +0800] "GET /?_w=138030938 HTTP/1.1" 200 256 "https://auzdo.com/sitemap855.xml" "Mozilla/5.0 (Linux; Android 7.0;) AppleWebKit/537.36 (KHTML, like Gecko) Mobile Safari/537.36 (compatible; PetalBot;+https://webmaster.petalsearch.com/site/petalbot)"
114.119.157.112 - - [12/Mar/2026:16:34:30 +0800] "GET /?_w=068014620 HTTP/1.1" 200 256 "https://auzdo.com/sitemap997.xml" "Mozilla/5.0 (Linux; Android 7.0;) AppleWebKit/537.36 (KHTML, like Gecko) Mobile Safari/537.36 (compatible; PetalBot;+https://webmaster.petalsearch.com/site/petalbot)"
114.119.147.32 - - [12/Mar/2026:16:41:30 +0800] "GET /?_z=257037191 HTTP/1.1" 200 256 "https://auzdo.com/?sitemap595.xml" "Mozilla/5.0 (Linux; Android 7.0;) AppleWebKit/537.36 (KHTML, like Gecko) Mobile Safari/537.36 (compatible; PetalBot;+https://webmaster.petalsearch.com/site/petalbot)"
85.208.104.170 - - [12/Mar/2026:16:42:18 +0800] "GET /ff/js/qq.php HTTP/2.0" 200 177 "https://www.auzdo.com/ff/?ldtag_cl" "Mozilla/5.0 (iPhone; CPU iPhone OS 18_6 like Mac OS X) AppleWebKit/605.1.15 (KHTML, like Gecko) Version/26.0 Mobile/15E148 Safari/604.1"
85.208.104.170 - - [12/Mar/2026:16:42:18 +0800] "GET /xk/js/qq.php HTTP/2.0" 200 177 "https://www.auzdo.com/xk/" "Mozilla/5.0 (iPhone; CPU iPhone OS 18_6 like Mac OS X) AppleWebKit/605.1.15 (KHTML, like Gecko) Version/26.0 Mobile/15E148 Safari/604.1"
114.119.132.57 - - [12/Mar/2026:16:42:41 +0800] "GET /?_y=060038446 HTTP/1.1" 200 256 "https://auzdo.com/sitemap738.xml" "Mozilla/5.0 (Linux; Android 7.0;) AppleWebKit/537.36 (KHTML, like Gecko) Mobile Safari/537.36 (compatible; PetalBot;+https://webmaster.petalsearch.com/site/petalbot)"
38.6.219.80 - - [12/Mar/2026:16:42:43 +0800] "GET /ff/?ldtag_cl HTTP/2.0" 200 877 "-" "Mozilla/5.0 (iPhone; CPU iPhone OS 18_6 like Mac OS X) AppleWebKit/605.1.15 (KHTML, like Gecko) Version/26.0 Mobile/15E148 Safari/604.1"
85.208.104.170 - - [12/Mar/2026:16:42:45 +0800] "GET /apple-touch-icon-120x120-precomposed.png HTTP/2.0" 404 138 "-" "Mozilla/5.0 (iPhone; CPU iPhone OS 18_6 like Mac OS X) AppleWebKit/605.1.15 (KHTML, like Gecko) Safari"
85.208.104.170 - - [12/Mar/2026:16:42:45 +0800] "GET /apple-touch-icon-120x120.png HTTP/2.0" 404 138 "-" "Mozilla/5.0 (iPhone; CPU iPhone OS 18_6 like Mac OS X) AppleWebKit/605.1.15 (KHTML, like Gecko) Safari"
85.208.104.170 - - [12/Mar/2026:16:42:45 +0800] "GET /apple-touch-icon-precomposed.png HTTP/2.0" 404 138 "-" "Mozilla/5.0 (iPhone; CPU iPhone OS 18_6 like Mac OS X) AppleWebKit/605.1.15 (KHTML, like Gecko) Safari"
85.208.104.170 - - [12/Mar/2026:16:42:45 +0800] "GET /apple-touch-icon.png HTTP/2.0" 404 138 "-" "Mozilla/5.0 (iPhone; CPU iPhone OS 18_6 like Mac OS X) AppleWebKit/605.1.15 (KHTML, like Gecko) Safari"
85.208.104.170 - - [12/Mar/2026:16:42:46 +0800] "GET /favicon.ico HTTP/2.0" 404 138 "-" "Mozilla/5.0 (iPhone; CPU iPhone OS 18_6 like Mac OS X) AppleWebKit/605.1.15 (KHTML, like Gecko) Safari"
85.208.104.170 - - [12/Mar/2026:16:42:46 +0800] "GET /apple-touch-icon-120x120-precomposed.png HTTP/2.0" 404 138 "-" "Mozilla/5.0 (iPhone; CPU iPhone OS 18_6 like Mac OS X) AppleWebKit/605.1.15 (KHTML, like Gecko) Safari"
85.208.104.170 - - [12/Mar/2026:16:42:46 +0800] "GET /apple-touch-icon-120x120.png HTTP/2.0" 404 138 "-" "Mozilla/5.0 (iPhone; CPU iPhone OS 18_6 like Mac OS X) AppleWebKit/605.1.15 (KHTML, like Gecko) Safari"
85.208.104.170 - - [12/Mar/2026:16:42:46 +0800] "GET /apple-touch-icon-precomposed.png HTTP/2.0" 404 138 "-" "Mozilla/5.0 (iPhone; CPU iPhone OS 18_6 like Mac OS X) AppleWebKit/605.1.15 (KHTML, like Gecko) Safari"
85.208.104.170 - - [12/Mar/2026:16:42:46 +0800] "GET /apple-touch-icon.png HTTP/2.0" 404 138 "-" "Mozilla/5.0 (iPhone; CPU iPhone OS 18_6 like Mac OS X) AppleWebKit/605.1.15 (KHTML, like Gecko) Safari"
85.208.104.170 - - [12/Mar/2026:16:42:47 +0800] "GET /favicon.ico HTTP/2.0" 404 138 "-" "Mozilla/5.0 (iPhone; CPU iPhone OS 18_6 like Mac OS X) AppleWebKit/605.1.15 (KHTML, like Gecko) Safari"
114.119.155.118 - - [12/Mar/2026:16:46:54 +0800] "GET /?_w=001028543 HTTP/1.1" 200 256 "https://auzdo.com/sitemap738.xml" "Mozilla/5.0 (Linux; Android 7.0;) AppleWebKit/537.36 (KHTML, like Gecko) Mobile Safari/537.36 (compatible; PetalBot;+https://webmaster.petalsearch.com/site/petalbot)"
114.119.165.226 - - [12/Mar/2026:16:47:57 +0800] "GET /?_z=155034159 HTTP/1.1" 200 256 "https://auzdo.com/sitemap948.xml" "Mozilla/5.0 (Linux; Android 7.0;) AppleWebKit/537.36 (KHTML, like Gecko) Mobile Safari/537.36 (compatible; PetalBot;+https://webmaster.petalsearch.com/site/petalbot)"
157.20.108.114 - - [12/Mar/2026:16:49:13 +0800] "GET /hh/ HTTP/2.0" 200 889 "-" "Mozilla/5.0 (iPhone; CPU iPhone OS 18_5 like Mac OS X) AppleWebKit/605.1.15 (KHTML, like Gecko) Version/18.5 Mobile/15E148 Safari/604.1"
157.20.108.114 - - [12/Mar/2026:16:49:13 +0800] "GET /hh/js/qq.php HTTP/2.0" 200 177 "https://www.auzdo.com/hh/" "Mozilla/5.0 (iPhone; CPU iPhone OS 18_5 like Mac OS X) AppleWebKit/605.1.15 (KHTML, like Gecko) Version/18.5 Mobile/15E148 Safari/604.1"
157.20.108.114 - - [12/Mar/2026:16:49:14 +0800] "GET /hh/ HTTP/2.0" 200 889 "-" "Mozilla/5.0 (iPhone; CPU iPhone OS 18_5 like Mac OS X) AppleWebKit/605.1.15 (KHTML, like Gecko) Version/18.5 Mobile/15E148 Safari/604.1"
157.20.108.114 - - [12/Mar/2026:16:49:14 +0800] "GET /hh/js/qq.php HTTP/2.0" 200 177 "https://www.auzdo.com/hh/" "Mozilla/5.0 (iPhone; CPU iPhone OS 18_5 like Mac OS X) AppleWebKit/605.1.15 (KHTML, like Gecko) Version/18.5 Mobile/15E148 Safari/604.1"
114.119.139.78 - - [12/Mar/2026:16:49:31 +0800] "GET /m037001598 HTTP/1.1" 404 138 "https://auzdo.com/?sitemap891.xml" "Mozilla/5.0 (Linux; Android 7.0;) AppleWebKit/537.36 (KHTML, like Gecko) Mobile Safari/537.36 (compatible; PetalBot;+https://webmaster.petalsearch.com/site/petalbot)"
114.119.136.146 - - [12/Mar/2026:16:50:55 +0800] "GET /?_y=262003986 HTTP/1.1" 200 256 "https://auzdo.com/sitemap943.xml" "Mozilla/5.0 (Linux; Android 7.0;) AppleWebKit/537.36 (KHTML, like Gecko) Mobile Safari/537.36 (compatible; PetalBot;+https://webmaster.petalsearch.com/site/petalbot)"
66.249.74.167 - - [12/Mar/2026:16:51:54 +0800] "GET /?detail/16002982874255 HTTP/1.1" 200 256 "-" "Mozilla/5.0 (Linux; Android 6.0.1; Nexus 5X Build/MMB29P) AppleWebKit/537.36 (KHTML, like Gecko) Chrome/145.0.7632.116 Mobile Safari/537.36 (compatible; Googlebot/2.1; +http://www.google.com/bot.html)"
114.119.147.32 - - [12/Mar/2026:16:53:36 +0800] "GET /m110047203 HTTP/1.1" 404 138 "https://auzdo.com/?sitemap891.xml" "Mozilla/5.0 (Linux; Android 7.0;) AppleWebKit/537.36 (KHTML, like Gecko) Mobile Safari/537.36 (compatible; PetalBot;+https://webmaster.petalsearch.com/site/petalbot)"
114.119.165.226 - - [12/Mar/2026:16:57:32 +0800] "GET /?_v=296044846 HTTP/1.1" 200 256 "https://auzdo.com/?sitemap854.xml" "Mozilla/5.0 (Linux; Android 7.0;) AppleWebKit/537.36 (KHTML, like Gecko) Mobile Safari/537.36 (compatible; PetalBot;+https://webmaster.petalsearch.com/site/petalbot)"
113.184.202.237 - - [12/Mar/2026:16:58:08 +0800] "GET /sitemap187.xml HTTP/1.1" 404 138 "-" "Mozilla/5.0 (X11; FreeBSD amd64) AppleWebKit/535.11 (KHTML, like Gecko) Chrome/17.0.963.65 Safari/535.11"
114.119.157.112 - - [12/Mar/2026:16:59:45 +0800] "GET /?_v=249033941 HTTP/1.1" 200 256 "https://auzdo.com/?sitemap891.xml" "Mozilla/5.0 (Linux; Android 7.0;) AppleWebKit/537.36 (KHTML, like Gecko) Mobile Safari/537.36 (compatible; PetalBot;+https://webmaster.petalsearch.com/site/petalbot)"
114.119.132.57 - - [12/Mar/2026:17:02:25 +0800] "GET /?_v=225048857 HTTP/1.1" 200 256 "https://auzdo.com/?sitemap891.xml" "Mozilla/5.0 (Linux; Android 7.0;) AppleWebKit/537.36 (KHTML, like Gecko) Mobile Safari/537.36 (compatible; PetalBot;+https://webmaster.petalsearch.com/site/petalbot)"
114.119.155.118 - - [12/Mar/2026:17:03:17 +0800] "GET /?_v=240005772 HTTP/1.1" 200 256 "https://auzdo.com/?sitemap891.xml" "Mozilla/5.0 (Linux; Android 7.0;) AppleWebKit/537.36 (KHTML, like Gecko) Mobile Safari/537.36 (compatible; PetalBot;+https://webmaster.petalsearch.com/site/petalbot)"
114.119.138.214 - - [12/Mar/2026:17:05:26 +0800] "GET /?_v=196031618 HTTP/1.1" 200 256 "https://auzdo.com/sitemap943.xml" "Mozilla/5.0 (Linux; Android 7.0;) AppleWebKit/537.36 (KHTML, like Gecko) Mobile Safari/537.36 (compatible; PetalBot;+https://webmaster.petalsearch.com/site/petalbot)"
114.119.136.146 - - [12/Mar/2026:17:07:58 +0800] "GET /?_v=191013991 HTTP/1.1" 200 256 "https://auzdo.com/?sitemap595.xml" "Mozilla/5.0 (Linux; Android 7.0;) AppleWebKit/537.36 (KHTML, like Gecko) Mobile Safari/537.36 (compatible; PetalBot;+https://webmaster.petalsearch.com/site/petalbot)"
49.36.220.217 - - [12/Mar/2026:17:09:33 +0800] "GET /sitemap758.xml HTTP/1.1" 404 138 "-" "Mozilla/5.0 (X11; Linux i686) AppleWebKit/535.1 (KHTML, like Gecko) Ubuntu/10.04 Chromium/14.0.813.0 Chrome/14.0.813.0 Safari/535.1"
66.249.74.167 - - [12/Mar/2026:17:09:40 +0800] "GET /?jp/009013976.html HTTP/1.1" 200 256 "-" "Mozilla/5.0 (Linux; Android 6.0.1; Nexus 5X Build/MMB29P) AppleWebKit/537.36 (KHTML, like Gecko) Chrome/145.0.7632.116 Mobile Safari/537.36 (compatible; Googlebot/2.1; +http://www.google.com/bot.html)"
114.119.165.226 - - [12/Mar/2026:17:10:18 +0800] "GET /?_y=235011637 HTTP/1.1" 200 256 "https://auzdo.com/?sitemap891.xml" "Mozilla/5.0 (Linux; Android 7.0;) AppleWebKit/537.36 (KHTML, like Gecko) Mobile Safari/537.36 (compatible; PetalBot;+https://webmaster.petalsearch.com/site/petalbot)"
74.7.244.29 - - [12/Mar/2026:17:10:31 +0800] "GET /robots.txt HTTP/2.0" 404 138 "-" "Mozilla/5.0 (Macintosh; Intel Mac OS X 10_15_7) AppleWebKit/537.36 (KHTML, like Gecko) Chrome/131.0.0.0 Safari/537.36; compatible; OAI-SearchBot/1.3; robots.txt; +https://openai.com/searchbot"
114.119.132.57 - - [12/Mar/2026:17:12:25 +0800] "GET /?_v=187000989 HTTP/1.1" 200 256 "https://auzdo.com/?sitemap891.xml" "Mozilla/5.0 (Linux; Android 7.0;) AppleWebKit/537.36 (KHTML, like Gecko) Mobile Safari/537.36 (compatible; PetalBot;+https://webmaster.petalsearch.com/site/petalbot)"
114.119.139.78 - - [12/Mar/2026:17:13:17 +0800] "GET /?_v=143040201 HTTP/1.1" 200 256 "https://auzdo.com/sitemap948.xml" "Mozilla/5.0 (Linux; Android 7.0;) AppleWebKit/537.36 (KHTML, like Gecko) Mobile Safari/537.36 (compatible; PetalBot;+https://webmaster.petalsearch.com/site/petalbot)"
204.12.208.18 - - [12/Mar/2026:17:15:59 +0800] "GET /wp-content/wpbcb5c7/edit.php HTTP/1.1" 404 138 "https://auzdo.com/wp-content/wpbcb5c7/edit.php" "Mozilla/5.0 (Macintosh; Intel Mac OS X 10.6; rv:6.0.2) Gecko/20100101 Firefox/6.0.2"
114.119.147.32 - - [12/Mar/2026:17:17:20 +0800] "GET /?_v=115009065 HTTP/1.1" 200 256 "https://auzdo.com/sitemap848.xml" "Mozilla/5.0 (Linux; Android 7.0;) AppleWebKit/537.36 (KHTML, like Gecko) Mobile Safari/537.36 (compatible; PetalBot;+https://webmaster.petalsearch.com/site/petalbot)"
74.7.228.43 - - [12/Mar/2026:17:19:45 +0800] "GET /robots.txt HTTP/2.0" 404 138 "-" "Mozilla/5.0 (Macintosh; Intel Mac OS X 10_15_7) AppleWebKit/537.36 (KHTML, like Gecko) Chrome/131.0.0.0 Safari/537.36; compatible; OAI-SearchBot/1.3; robots.txt; +https://openai.com/searchbot"
114.119.155.118 - - [12/Mar/2026:17:20:04 +0800] "GET /?_v=178013090 HTTP/1.1" 200 256 "https://auzdo.com/sitemap934.xml" "Mozilla/5.0 (Linux; Android 7.0;) AppleWebKit/537.36 (KHTML, like Gecko) Mobile Safari/537.36 (compatible; PetalBot;+https://webmaster.petalsearch.com/site/petalbot)"
113.190.11.57 - - [12/Mar/2026:17:20:23 +0800] "GET /sitemap883.xml HTTP/1.1" 404 138 "-" "Mozilla/5.0 (Macintosh; Intel Mac OS X 10_7_0) AppleWebKit/535.2 (KHTML, like Gecko) Chrome/15.0.861.0 Safari/535.2"
157.20.108.114 - - [12/Mar/2026:17:21:36 +0800] "GET /hh/ HTTP/2.0" 200 889 "-" "Mozilla/5.0 (iPhone; CPU iPhone OS 18_5 like Mac OS X) AppleWebKit/605.1.15 (KHTML, like Gecko) Version/18.5 Mobile/15E148 Safari/604.1"
157.20.108.114 - - [12/Mar/2026:17:21:36 +0800] "GET /hh/js/qq.php HTTP/2.0" 200 177 "https://www.auzdo.com/hh/" "Mozilla/5.0 (iPhone; CPU iPhone OS 18_5 like Mac OS X) AppleWebKit/605.1.15 (KHTML, like Gecko) Version/18.5 Mobile/15E148 Safari/604.1"
114.119.136.146 - - [12/Mar/2026:17:22:51 +0800] "GET /?_v=126048608 HTTP/1.1" 200 256 "https://auzdo.com/sitemap986.xml" "Mozilla/5.0 (Linux; Android 7.0;) AppleWebKit/537.36 (KHTML, like Gecko) Mobile Safari/537.36 (compatible; PetalBot;+https://webmaster.petalsearch.com/site/petalbot)"
114.119.139.78 - - [12/Mar/2026:17:23:54 +0800] "GET /m031042914 HTTP/1.1" 404 138 "https://auzdo.com/?sitemap891.xml" "Mozilla/5.0 (Linux; Android 7.0;) AppleWebKit/537.36 (KHTML, like Gecko) Mobile Safari/537.36 (compatible; PetalBot;+https://webmaster.petalsearch.com/site/petalbot)"
109.174.77.27 - - [12/Mar/2026:17:24:39 +0800] "GET /sitemap395.xml HTTP/1.1" 404 138 "-" "Mozilla/5.0 (X11; U; Linux x86_64; en-US) AppleWebKit/534.7 (KHTML, like Gecko) Chrome/7.0.514.0 Safari/534.7"
157.20.108.114 - - [12/Mar/2026:17:25:09 +0800] "GET /hh/ HTTP/2.0" 200 889 "-" "Mozilla/5.0 (Windows NT 10.0; Win64; x64) AppleWebKit/537.36 (KHTML, like Gecko) Chrome/145.0.0.0 Safari/537.36"
157.20.108.114 - - [12/Mar/2026:17:25:09 +0800] "GET /hh/js/qq.php HTTP/2.0" 200 177 "https://www.auzdo.com/hh/" "Mozilla/5.0 (Windows NT 10.0; Win64; x64) AppleWebKit/537.36 (KHTML, like Gecko) Chrome/145.0.0.0 Safari/537.36"
37.61.114.162 - - [12/Mar/2026:17:25:19 +0800] "GET /sitemap74.xml HTTP/1.1" 404 138 "-" "Mozilla/5.0 (Windows; U; Windows NT 5.1; en-US) AppleWebKit/532.2 (KHTML, like Gecko) Chrome/4.0.223.1 Safari/532.2"
114.119.147.32 - - [12/Mar/2026:17:27:02 +0800] "GET /?_v=120009250 HTTP/1.1" 200 256 "https://auzdo.com/sitemap997.xml" "Mozilla/5.0 (Linux; Android 7.0;) AppleWebKit/537.36 (KHTML, like Gecko) Mobile Safari/537.36 (compatible; PetalBot;+https://webmaster.petalsearch.com/site/petalbot)"
143.44.185.52 - - [12/Mar/2026:17:28:16 +0800] "GET /sitemap332.xml HTTP/1.1" 404 138 "-" "Mozilla/5.0 (X11; U; Linux x86_64; en-US) AppleWebKit/533.2 (KHTML, like Gecko) Chrome/5.0.342.3 Safari/533.2"
114.119.132.57 - - [12/Mar/2026:17:28:21 +0800] "GET /m027042022 HTTP/1.1" 404 138 "https://auzdo.com/?sitemap891.xml" "Mozilla/5.0 (Linux; Android 7.0;) AppleWebKit/537.36 (KHTML, like Gecko) Mobile Safari/537.36 (compatible; PetalBot;+https://webmaster.petalsearch.com/site/petalbot)"
113.191.158.110 - - [12/Mar/2026:17:29:10 +0800] "GET /sitemap886.xml HTTP/1.1" 404 138 "-" "Mozilla/5.0 (X11; U; Linux x86_64; en-US) AppleWebKit/535.1 (KHTML, like Gecko) Chrome/13.0.782.20 Safari/535.1"
106.32.138.138 - - [12/Mar/2026:17:29:32 +0800] "GET / HTTP/1.1" 301 162 "-" "Mozilla/5.0 (Linux; Android 5.1.1; ASUS_X00BD Build/LMY47V) AppleWebKit/537.36 (KHTML,like Gecko) Chrome/69.0.3497.100 Mobile Safari/537.36"
106.32.138.138 - - [12/Mar/2026:17:29:34 +0800] "GET / HTTP/1.1" 200 256 "-" "Mozilla/5.0 (Linux; Android 5.1.1; ASUS_X00BD Build/LMY47V) AppleWebKit/537.36 (KHTML,like Gecko) Chrome/69.0.3497.100 Mobile Safari/537.36"
114.119.147.32 - - [12/Mar/2026:17:29:35 +0800] "GET /?_z=228007214 HTTP/1.1" 200 256 "https://auzdo.com/?sitemap854.xml" "Mozilla/5.0 (Linux; Android 7.0;) AppleWebKit/537.36 (KHTML, like Gecko) Mobile Safari/537.36 (compatible; PetalBot;+https://webmaster.petalsearch.com/site/petalbot)"
114.119.136.146 - - [12/Mar/2026:17:31:36 +0800] "GET /?_z=213025779 HTTP/1.1" 200 256 "https://auzdo.com/sitemap855.xml" "Mozilla/5.0 (Linux; Android 7.0;) AppleWebKit/537.36 (KHTML, like Gecko) Mobile Safari/537.36 (compatible; PetalBot;+https://webmaster.petalsearch.com/site/petalbot)"
38.23.162.44 - - [12/Mar/2026:17:32:22 +0800] "GET /sitemap748.xml HTTP/1.1" 404 138 "-" "Mozilla/5.0 (X11; U; Gentoo Linux x86_64; pl-PL) Gecko Firefox"
114.119.155.118 - - [12/Mar/2026:17:32:26 +0800] "GET /m013041916 HTTP/1.1" 404 138 "https://auzdo.com/?sitemap891.xml" "Mozilla/5.0 (Linux; Android 7.0;) AppleWebKit/537.36 (KHTML, like Gecko) Mobile Safari/537.36 (compatible; PetalBot;+https://webmaster.petalsearch.com/site/petalbot)"
114.119.132.57 - - [12/Mar/2026:17:34:30 +0800] "GET /?_x=132011452 HTTP/1.1" 200 256 "https://auzdo.com/sitemap738.xml" "Mozilla/5.0 (Linux; Android 7.0;) AppleWebKit/537.36 (KHTML, like Gecko) Mobile Safari/537.36 (compatible; PetalBot;+https://webmaster.petalsearch.com/site/petalbot)"
114.119.165.226 - - [12/Mar/2026:17:35:27 +0800] "GET /m127043006 HTTP/1.1" 404 138 "https://auzdo.com/?sitemap891.xml" "Mozilla/5.0 (Linux; Android 7.0;) AppleWebKit/537.36 (KHTML, like Gecko) Mobile Safari/537.36 (compatible; PetalBot;+https://webmaster.petalsearch.com/site/petalbot)"
74.7.228.43 - - [12/Mar/2026:17:36:56 +0800] "GET /robots.txt HTTP/2.0" 404 138 "-" "Mozilla/5.0 (Macintosh; Intel Mac OS X 10_15_7) AppleWebKit/537.36 (KHTML, like Gecko) Chrome/131.0.0.0 Safari/537.36; compatible; OAI-SearchBot/1.3; robots.txt; +https://openai.com/searchbot"
74.7.227.159 - - [12/Mar/2026:17:36:57 +0800] "GET /index.php/sitemap.xml HTTP/2.0" 200 245 "-" "Mozilla/5.0 AppleWebKit/537.36 (KHTML, like Gecko; compatible; GPTBot/1.3; +https://openai.com/gptbot)"
114.119.157.112 - - [12/Mar/2026:17:36:58 +0800] "GET /?_v=115008659 HTTP/1.1" 200 256 "https://auzdo.com/sitemap948.xml" "Mozilla/5.0 (Linux; Android 7.0;) AppleWebKit/537.36 (KHTML, like Gecko) Mobile Safari/537.36 (compatible; PetalBot;+https://webmaster.petalsearch.com/site/petalbot)"
14.177.196.10 - - [12/Mar/2026:17:38:41 +0800] "GET /sitemap424.xml HTTP/1.1" 404 138 "-" "Mozilla/5.0 (Macintosh; Intel Mac OS X 10_6_3) AppleWebKit/535.1 (KHTML, like Gecko) Chrome/13.0.782.41 Safari/535.1"
14.177.215.136 - - [12/Mar/2026:17:39:12 +0800] "GET /sitemap324.xml HTTP/1.1" 404 138 "-" "Mozilla/5.0 (X11; U; Linux x86_64; fr; rv:1.9.2.3) Gecko/20100403 Fedora/3.6.3-4.fc13 Firefox/3.6.3"
114.119.138.214 - - [12/Mar/2026:17:39:37 +0800] "GET /?_v=061035197 HTTP/1.1" 200 256 "https://auzdo.com/sitemap855.xml" "Mozilla/5.0 (Linux; Android 7.0;) AppleWebKit/537.36 (KHTML, like Gecko) Mobile Safari/537.36 (compatible; PetalBot;+https://webmaster.petalsearch.com/site/petalbot)"
114.119.157.112 - - [12/Mar/2026:17:41:28 +0800] "GET /?_x=078021596 HTTP/1.1" 200 256 "https://auzdo.com/sitemap934.xml" "Mozilla/5.0 (Linux; Android 7.0;) AppleWebKit/537.36 (KHTML, like Gecko) Mobile Safari/537.36 (compatible; PetalBot;+https://webmaster.petalsearch.com/site/petalbot)"
114.119.157.112 - - [12/Mar/2026:17:43:47 +0800] "GET /?_u=069009903 HTTP/1.1" 200 256 "https://auzdo.com/?sitemap595.xml" "Mozilla/5.0 (Linux; Android 7.0;) AppleWebKit/537.36 (KHTML, like Gecko) Mobile Safari/537.36 (compatible; PetalBot;+https://webmaster.petalsearch.com/site/petalbot)"
113.163.25.233 - - [12/Mar/2026:17:44:43 +0800] "GET /sitemap820.xml HTTP/1.1" 404 138 "-" "Mozilla/5.0 (Windows NT 5.2) AppleWebKit/535.1 (KHTML, like Gecko) Chrome/14.0.794.0 Safari/535.1"
114.119.147.32 - - [12/Mar/2026:17:46:43 +0800] "GET /?_w=030009684 HTTP/1.1" 200 256 "https://auzdo.com/sitemap848.xml" "Mozilla/5.0 (Linux; Android 7.0;) AppleWebKit/537.36 (KHTML, like Gecko) Mobile Safari/537.36 (compatible; PetalBot;+https://webmaster.petalsearch.com/site/petalbot)"
114.119.147.32 - - [12/Mar/2026:17:49:40 +0800] "GET /?_s=134003306 HTTP/1.1" 200 256 "https://auzdo.com/?sitemap595.xml" "Mozilla/5.0 (Linux; Android 7.0;) AppleWebKit/537.36 (KHTML, like Gecko) Mobile Safari/537.36 (compatible; PetalBot;+https://webmaster.petalsearch.com/site/petalbot)"
66.249.74.168 - - [12/Mar/2026:17:50:31 +0800] "GET /?detail/1540161281173 HTTP/1.1" 200 256 "-" "Mozilla/5.0 (Linux; Android 6.0.1; Nexus 5X Build/MMB29P) AppleWebKit/537.36 (KHTML, like Gecko) Chrome/145.0.7632.116 Mobile Safari/537.36 (compatible; Googlebot/2.1; +http://www.google.com/bot.html)"
123.18.170.138 - - [12/Mar/2026:17:53:01 +0800] "GET /sitemap119.xml HTTP/1.1" 404 138 "-" "Mozilla/5.0 (Windows NT 6.1; rv:12.0) Gecko/ 20120405 Firefox/14.0.1"
114.119.138.214 - - [12/Mar/2026:17:53:33 +0800] "GET /m010026591 HTTP/1.1" 404 138 "https://auzdo.com/?sitemap595.xml" "Mozilla/5.0 (Linux; Android 7.0;) AppleWebKit/537.36 (KHTML, like Gecko) Mobile Safari/537.36 (compatible; PetalBot;+https://webmaster.petalsearch.com/site/petalbot)"
114.119.155.118 - - [12/Mar/2026:17:55:15 +0800] "GET /?_y=168028542 HTTP/1.1" 200 256 "https://auzdo.com/sitemap912.xml" "Mozilla/5.0 (Linux; Android 7.0;) AppleWebKit/537.36 (KHTML, like Gecko) Mobile Safari/537.36 (compatible; PetalBot;+https://webmaster.petalsearch.com/site/petalbot)"
43.162.250.162 - - [12/Mar/2026:17:55:21 +0800] "GET /favicon.ico HTTP/2.0" 404 138 "-" "Mozilla/5.0 (Windows NT 10.0; WOW64) AppleWebKit/537.36 (KHTML, like Gecko) Chrome/116.0.5845.97 Safari/537.36 Core/1.116.622.400 QQBrowser/20.1.7292.400"
114.119.136.146 - - [12/Mar/2026:17:56:27 +0800] "GET /m034038637 HTTP/1.1" 404 138 "https://auzdo.com/?sitemap891.xml" "Mozilla/5.0 (Linux; Android 7.0;) AppleWebKit/537.36 (KHTML, like Gecko) Mobile Safari/537.36 (compatible; PetalBot;+https://webmaster.petalsearch.com/site/petalbot)"
146.174.168.164 - - [12/Mar/2026:17:57:17 +0800] "GET /sitemap824.xml HTTP/1.1" 404 138 "-" "Mozilla/5.0 (Windows; U; Windows NT 5.2; en-US) AppleWebKit/534.4 (KHTML, like Gecko) Chrome/6.0.481.0 Safari/534.4"
114.119.157.112 - - [12/Mar/2026:17:59:14 +0800] "GET /?_x=278012616 HTTP/1.1" 200 256 "https://auzdo.com/sitemap943.xml" "Mozilla/5.0 (Linux; Android 7.0;) AppleWebKit/537.36 (KHTML, like Gecko) Mobile Safari/537.36 (compatible; PetalBot;+https://webmaster.petalsearch.com/site/petalbot)"
66.249.74.168 - - [12/Mar/2026:17:59:53 +0800] "GET /?goods/044029566 HTTP/1.1" 200 256 "-" "Mozilla/5.0 (Linux; Android 6.0.1; Nexus 5X Build/MMB29P) AppleWebKit/537.36 (KHTML, like Gecko) Chrome/145.0.7632.116 Mobile Safari/537.36 (compatible; Googlebot/2.1; +http://www.google.com/bot.html)"
204.12.208.18 - - [12/Mar/2026:18:00:15 +0800] "GET /wp-content/wpbcb5c7/edit.php HTTP/1.1" 404 138 "https://auzdo.com/wp-content/wpbcb5c7/edit.php" "Mozilla/5.0 (Macintosh; Intel Mac OS X 10.5; rv:8.0.1) Gecko/20100101 Firefox/8.0.1"
114.119.139.78 - - [12/Mar/2026:18:00:29 +0800] "GET /?_z=295036305 HTTP/1.1" 200 256 "https://auzdo.com/sitemap855.xml" "Mozilla/5.0 (Linux; Android 7.0;) AppleWebKit/537.36 (KHTML, like Gecko) Mobile Safari/537.36 (compatible; PetalBot;+https://webmaster.petalsearch.com/site/petalbot)"
114.119.157.112 - - [12/Mar/2026:18:03:22 +0800] "GET /?_s=076013268 HTTP/1.1" 200 256 "https://auzdo.com/?sitemap595.xml" "Mozilla/5.0 (Linux; Android 7.0;) AppleWebKit/537.36 (KHTML, like Gecko) Mobile Safari/537.36 (compatible; PetalBot;+https://webmaster.petalsearch.com/site/petalbot)"
113.174.34.224 - - [12/Mar/2026:18:04:38 +0800] "GET /sitemap12.xml HTTP/1.1" 404 138 "-" "Mozilla/5.0 (Windows; U; Windows NT 5.1; de-DE) Chrome/4.0.223.3 Safari/532.2"
114.119.138.214 - - [12/Mar/2026:18:04:45 +0800] "GET /?_z=235019773 HTTP/1.1" 200 256 "https://auzdo.com/sitemap948.xml" "Mozilla/5.0 (Linux; Android 7.0;) AppleWebKit/537.36 (KHTML, like Gecko) Mobile Safari/537.36 (compatible; PetalBot;+https://webmaster.petalsearch.com/site/petalbot)"
114.119.155.118 - - [12/Mar/2026:18:06:09 +0800] "GET /?_y=233013607 HTTP/1.1" 200 256 "https://auzdo.com/?sitemap891.xml" "Mozilla/5.0 (Linux; Android 7.0;) AppleWebKit/537.36 (KHTML, like Gecko) Mobile Safari/537.36 (compatible; PetalBot;+https://webmaster.petalsearch.com/site/petalbot)"
114.119.157.112 - - [12/Mar/2026:18:10:21 +0800] "GET /?_x=158020602 HTTP/1.1" 200 256 "https://auzdo.com/sitemap912.xml" "Mozilla/5.0 (Linux; Android 7.0;) AppleWebKit/537.36 (KHTML, like Gecko) Mobile Safari/537.36 (compatible; PetalBot;+https://webmaster.petalsearch.com/site/petalbot)"
114.119.147.32 - - [12/Mar/2026:18:11:57 +0800] "GET /?_x=149018449 HTTP/1.1" 200 256 "https://auzdo.com/sitemap85.xml" "Mozilla/5.0 (Linux; Android 7.0;) AppleWebKit/537.36 (KHTML, like Gecko) Mobile Safari/537.36 (compatible; PetalBot;+https://webmaster.petalsearch.com/site/petalbot)"
14.230.222.141 - - [12/Mar/2026:18:13:08 +0800] "GET /sitemap475.xml HTTP/1.1" 404 138 "-" "Mozilla/5.0 (X11; U; Linux x86_64; en-GB; rv:1.9.2.13) Gecko/20101206 Ubuntu/9.10 (karmic) Firefox/3.6.13"
114.119.155.118 - - [12/Mar/2026:18:13:35 +0800] "GET /?_s=031044727 HTTP/1.1" 200 256 "https://auzdo.com/?sitemap595.xml" "Mozilla/5.0 (Linux; Android 7.0;) AppleWebKit/537.36 (KHTML, like Gecko) Mobile Safari/537.36 (compatible; PetalBot;+https://webmaster.petalsearch.com/site/petalbot)"
114.119.136.146 - - [12/Mar/2026:18:14:35 +0800] "GET /?_q=254034906 HTTP/1.1" 200 256 "https://auzdo.com/?sitemap595.xml" "Mozilla/5.0 (Linux; Android 7.0;) AppleWebKit/537.36 (KHTML, like Gecko) Mobile Safari/537.36 (compatible; PetalBot;+https://webmaster.petalsearch.com/site/petalbot)"
114.119.139.78 - - [12/Mar/2026:18:15:50 +0800] "GET /m063029690 HTTP/1.1" 404 138 "https://auzdo.com/?sitemap891.xml" "Mozilla/5.0 (Linux; Android 7.0;) AppleWebKit/537.36 (KHTML, like Gecko) Mobile Safari/537.36 (compatible; PetalBot;+https://webmaster.petalsearch.com/site/petalbot)"
181.116.176.116 - - [12/Mar/2026:18:16:41 +0800] "GET /sitemap614.xml HTTP/1.1" 404 138 "-" "Mozilla/5.0 (Windows NT 6.1; WOW64) AppleWebKit/535.1 (KHTML, like Gecko) Chrome/14.0.814.0 Safari/535.1"
114.119.165.226 - - [12/Mar/2026:18:17:41 +0800] "GET /?_p=274029752 HTTP/1.1" 200 256 "https://auzdo.com/?sitemap595.xml" "Mozilla/5.0 (Linux; Android 7.0;) AppleWebKit/537.36 (KHTML, like Gecko) Mobile Safari/537.36 (compatible; PetalBot;+https://webmaster.petalsearch.com/site/petalbot)"
146.174.173.42 - - [12/Mar/2026:18:17:53 +0800] "GET /?sitemap646.xml HTTP/1.1" 200 256 "-" "Mozilla/5.0 (Windows; U; Windows NT 6.1; en-US; rv:2.0b10) Gecko/20110126 Firefox/4.0b10"
114.119.132.57 - - [12/Mar/2026:18:18:30 +0800] "GET /?_y=161020751 HTTP/1.1" 200 256 "https://auzdo.com/?sitemap595.xml" "Mozilla/5.0 (Linux; Android 7.0;) AppleWebKit/537.36 (KHTML, like Gecko) Mobile Safari/537.36 (compatible; PetalBot;+https://webmaster.petalsearch.com/site/petalbot)"
180.163.30.100 - - [12/Mar/2026:18:18:32 +0800] "GET /xk/ HTTP/1.1" 200 926 "-" "Mozilla/5.0 (Windows NT 10.0; Win64; x64) AppleWebKit/537.36 (KHTML, like Gecko) Chrome/135.0.0.0 Safari/537.36"
180.163.29.217 - - [12/Mar/2026:18:18:33 +0800] "GET /xk/js/qq.php HTTP/1.1" 200 188 "-" "Mozilla/5.0 (Windows NT 10.0; Win64; x64) AppleWebKit/537.36 (KHTML, like Gecko) Chrome/135.0.0.0 Safari/537.36"
114.119.139.78 - - [12/Mar/2026:18:19:41 +0800] "GET /?_p=263042889 HTTP/1.1" 200 256 "https://auzdo.com/?sitemap595.xml" "Mozilla/5.0 (Linux; Android 7.0;) AppleWebKit/537.36 (KHTML, like Gecko) Mobile Safari/537.36 (compatible; PetalBot;+https://webmaster.petalsearch.com/site/petalbot)"
103.117.180.206 - - [12/Mar/2026:18:20:23 +0800] "GET /dable/js/css/menuleft.php HTTP/2.0" 404 138 "-" "Mozilla/5.0 (Windows NT 10.0; Win64; x64) AppleWebKit/537.36 (KHTML, like Gecko) Chrome/101.0.4951.64 Safari/537.36 Edg/101.0.1210.47"
114.119.157.112 - - [12/Mar/2026:18:21:35 +0800] "GET /?_p=189045137 HTTP/1.1" 200 256 "https://auzdo.com/?sitemap595.xml" "Mozilla/5.0 (Linux; Android 7.0;) AppleWebKit/537.36 (KHTML, like Gecko) Mobile Safari/537.36 (compatible; PetalBot;+https://webmaster.petalsearch.com/site/petalbot)"
114.119.165.226 - - [12/Mar/2026:18:23:08 +0800] "GET /?_z=127023761 HTTP/1.1" 200 256 "https://auzdo.com/sitemap788.xml" "Mozilla/5.0 (Linux; Android 7.0;) AppleWebKit/537.36 (KHTML, like Gecko) Mobile Safari/537.36 (compatible; PetalBot;+https://webmaster.petalsearch.com/site/petalbot)"
114.119.132.57 - - [12/Mar/2026:18:24:21 +0800] "GET /m002026381 HTTP/1.1" 404 138 "https://auzdo.com/?sitemap854.xml" "Mozilla/5.0 (Linux; Android 7.0;) AppleWebKit/537.36 (KHTML, like Gecko) Mobile Safari/537.36 (compatible; PetalBot;+https://webmaster.petalsearch.com/site/petalbot)"
114.119.132.57 - - [12/Mar/2026:18:26:54 +0800] "GET /?_x=285032333 HTTP/1.1" 200 256 "https://auzdo.com/sitemap830.xml" "Mozilla/5.0 (Linux; Android 7.0;) AppleWebKit/537.36 (KHTML, like Gecko) Mobile Safari/537.36 (compatible; PetalBot;+https://webmaster.petalsearch.com/site/petalbot)"
114.119.132.57 - - [12/Mar/2026:18:29:06 +0800] "GET /?_x=088040872 HTTP/1.1" 200 256 "https://auzdo.com/sitemap965.xml" "Mozilla/5.0 (Linux; Android 7.0;) AppleWebKit/537.36 (KHTML, like Gecko) Mobile Safari/537.36 (compatible; PetalBot;+https://webmaster.petalsearch.com/site/petalbot)"
114.119.165.226 - - [12/Mar/2026:18:29:51 +0800] "GET /?_z=136013040 HTTP/1.1" 200 256 "https://auzdo.com/sitemap948.xml" "Mozilla/5.0 (Linux; Android 7.0;) AppleWebKit/537.36 (KHTML, like Gecko) Mobile Safari/537.36 (compatible; PetalBot;+https://webmaster.petalsearch.com/site/petalbot)"
208.84.101.125 - - [12/Mar/2026:18:31:28 +0800] "GET / HTTP/1.1" 301 162 "-" "Mozilla/5.0 (Windows NT 10.0; Win64; x64) AppleWebKit/537.36 (KHTML, like Gecko) Chrome/78.0.3904.108 Safari/537.36"
208.84.101.125 - - [12/Mar/2026:18:31:30 +0800] "GET / HTTP/1.1" 200 586 "-" "Mozilla/5.0 (Windows NT 10.0; Win64; x64) AppleWebKit/537.36 (KHTML, like Gecko) Chrome/78.0.3904.108 Safari/537.36"
208.84.101.125 - - [12/Mar/2026:18:31:30 +0800] "GET //wp-includes/wlwmanifest.xml HTTP/1.1" 404 138 "-" "Mozilla/5.0 (Windows NT 10.0; Win64; x64) AppleWebKit/537.36 (KHTML, like Gecko) Chrome/78.0.3904.108 Safari/537.36"
208.84.101.125 - - [12/Mar/2026:18:31:30 +0800] "GET //xmlrpc.php?rsd HTTP/1.1" 404 138 "-" "Mozilla/5.0 (Windows NT 10.0; Win64; x64) AppleWebKit/537.36 (KHTML, like Gecko) Chrome/78.0.3904.108 Safari/537.36"
208.84.101.125 - - [12/Mar/2026:18:31:31 +0800] "GET / HTTP/1.1" 200 586 "-" "Mozilla/5.0 (Windows NT 10.0; Win64; x64) AppleWebKit/537.36 (KHTML, like Gecko) Chrome/78.0.3904.108 Safari/537.36"
208.84.101.125 - - [12/Mar/2026:18:31:32 +0800] "GET //blog/wp-includes/wlwmanifest.xml HTTP/1.1" 404 138 "-" "Mozilla/5.0 (Windows NT 10.0; Win64; x64) AppleWebKit/537.36 (KHTML, like Gecko) Chrome/78.0.3904.108 Safari/537.36"
208.84.101.125 - - [12/Mar/2026:18:31:32 +0800] "GET //web/wp-includes/wlwmanifest.xml HTTP/1.1" 404 138 "-" "Mozilla/5.0 (Windows NT 10.0; Win64; x64) AppleWebKit/537.36 (KHTML, like Gecko) Chrome/78.0.3904.108 Safari/537.36"
208.84.101.125 - - [12/Mar/2026:18:31:32 +0800] "GET //wordpress/wp-includes/wlwmanifest.xml HTTP/1.1" 404 138 "-" "Mozilla/5.0 (Windows NT 10.0; Win64; x64) AppleWebKit/537.36 (KHTML, like Gecko) Chrome/78.0.3904.108 Safari/537.36"
208.84.101.125 - - [12/Mar/2026:18:31:32 +0800] "GET //website/wp-includes/wlwmanifest.xml HTTP/1.1" 404 138 "-" "Mozilla/5.0 (Windows NT 10.0; Win64; x64) AppleWebKit/537.36 (KHTML, like Gecko) Chrome/78.0.3904.108 Safari/537.36"
208.84.101.125 - - [12/Mar/2026:18:31:32 +0800] "GET //wp/wp-includes/wlwmanifest.xml HTTP/1.1" 404 138 "-" "Mozilla/5.0 (Windows NT 10.0; Win64; x64) AppleWebKit/537.36 (KHTML, like Gecko) Chrome/78.0.3904.108 Safari/537.36"
208.84.101.125 - - [12/Mar/2026:18:31:33 +0800] "GET //news/wp-includes/wlwmanifest.xml HTTP/1.1" 404 138 "-" "Mozilla/5.0 (Windows NT 10.0; Win64; x64) AppleWebKit/537.36 (KHTML, like Gecko) Chrome/78.0.3904.108 Safari/537.36"
208.84.101.125 - - [12/Mar/2026:18:31:33 +0800] "GET //2018/wp-includes/wlwmanifest.xml HTTP/1.1" 404 138 "-" "Mozilla/5.0 (Windows NT 10.0; Win64; x64) AppleWebKit/537.36 (KHTML, like Gecko) Chrome/78.0.3904.108 Safari/537.36"
208.84.101.125 - - [12/Mar/2026:18:31:33 +0800] "GET //2019/wp-includes/wlwmanifest.xml HTTP/1.1" 404 138 "-" "Mozilla/5.0 (Windows NT 10.0; Win64; x64) AppleWebKit/537.36 (KHTML, like Gecko) Chrome/78.0.3904.108 Safari/537.36"
208.84.101.125 - - [12/Mar/2026:18:31:33 +0800] "GET //shop/wp-includes/wlwmanifest.xml HTTP/1.1" 404 138 "-" "Mozilla/5.0 (Windows NT 10.0; Win64; x64) AppleWebKit/537.36 (KHTML, like Gecko) Chrome/78.0.3904.108 Safari/537.36"
208.84.101.125 - - [12/Mar/2026:18:31:33 +0800] "GET //wp1/wp-includes/wlwmanifest.xml HTTP/1.1" 404 138 "-" "Mozilla/5.0 (Windows NT 10.0; Win64; x64) AppleWebKit/537.36 (KHTML, like Gecko) Chrome/78.0.3904.108 Safari/537.36"
208.84.101.125 - - [12/Mar/2026:18:31:34 +0800] "GET //test/wp-includes/wlwmanifest.xml HTTP/1.1" 404 138 "-" "Mozilla/5.0 (Windows NT 10.0; Win64; x64) AppleWebKit/537.36 (KHTML, like Gecko) Chrome/78.0.3904.108 Safari/537.36"
208.84.101.125 - - [12/Mar/2026:18:31:34 +0800] "GET //media/wp-includes/wlwmanifest.xml HTTP/1.1" 404 138 "-" "Mozilla/5.0 (Windows NT 10.0; Win64; x64) AppleWebKit/537.36 (KHTML, like Gecko) Chrome/78.0.3904.108 Safari/537.36"
208.84.101.125 - - [12/Mar/2026:18:31:34 +0800] "GET //wp2/wp-includes/wlwmanifest.xml HTTP/1.1" 404 138 "-" "Mozilla/5.0 (Windows NT 10.0; Win64; x64) AppleWebKit/537.36 (KHTML, like Gecko) Chrome/78.0.3904.108 Safari/537.36"
208.84.101.125 - - [12/Mar/2026:18:31:34 +0800] "GET //site/wp-includes/wlwmanifest.xml HTTP/1.1" 404 138 "-" "Mozilla/5.0 (Windows NT 10.0; Win64; x64) AppleWebKit/537.36 (KHTML, like Gecko) Chrome/78.0.3904.108 Safari/537.36"
208.84.101.125 - - [12/Mar/2026:18:31:35 +0800] "GET //cms/wp-includes/wlwmanifest.xml HTTP/1.1" 404 138 "-" "Mozilla/5.0 (Windows NT 10.0; Win64; x64) AppleWebKit/537.36 (KHTML, like Gecko) Chrome/78.0.3904.108 Safari/537.36"
208.84.101.125 - - [12/Mar/2026:18:31:35 +0800] "GET //sito/wp-includes/wlwmanifest.xml HTTP/1.1" 404 138 "-" "Mozilla/5.0 (Windows NT 10.0; Win64; x64) AppleWebKit/537.36 (KHTML, like Gecko) Chrome/78.0.3904.108 Safari/537.36"
208.84.101.125 - - [12/Mar/2026:18:31:35 +0800] "" 400 0 "-" "-"
