185.177.72.38 - - [14/Mar/2026:04:20:15 +0800] "GET /services/.env HTTP/1.1" 404 138 "-" "curl/8.7.1"
185.177.72.38 - - [14/Mar/2026:04:20:15 +0800] "GET /services/environments.ini HTTP/1.1" 404 138 "-" "curl/8.7.1"
185.177.72.38 - - [14/Mar/2026:04:20:15 +0800] "GET /settings.ini HTTP/1.1" 404 138 "-" "curl/8.7.1"
185.177.72.38 - - [14/Mar/2026:04:20:16 +0800] "GET /settings.json HTTP/1.1" 404 138 "-" "curl/8.7.1"
185.177.72.38 - - [14/Mar/2026:04:20:16 +0800] "GET /settings.py HTTP/1.1" 404 138 "-" "curl/8.7.1"
185.177.72.38 - - [14/Mar/2026:04:20:16 +0800] "GET /settings.yaml HTTP/1.1" 404 138 "-" "curl/8.7.1"
185.177.72.38 - - [14/Mar/2026:04:20:17 +0800] "GET /shared/.env HTTP/1.1" 404 138 "-" "curl/8.7.1"
185.177.72.38 - - [14/Mar/2026:04:20:17 +0800] "GET /shop/.env HTTP/1.1" 404 138 "-" "curl/8.7.1"
185.177.72.38 - - [14/Mar/2026:04:20:17 +0800] "GET /src/.env HTTP/1.1" 404 138 "-" "curl/8.7.1"
185.177.72.38 - - [14/Mar/2026:04:20:17 +0800] "GET /src/FileUpload.js HTTP/1.1" 404 138 "-" "curl/8.7.1"
185.177.72.38 - - [14/Mar/2026:04:20:18 +0800] "GET /src/app.js HTTP/1.1" 404 138 "-" "curl/8.7.1"
185.177.72.38 - - [14/Mar/2026:04:20:18 +0800] "GET /src/config/common.js HTTP/1.1" 404 138 "-" "curl/8.7.1"
185.177.72.38 - - [14/Mar/2026:04:20:18 +0800] "GET /src/config/config.json HTTP/1.1" 404 138 "-" "curl/8.7.1"
185.177.72.38 - - [14/Mar/2026:04:20:18 +0800] "GET /src/config/constants.js HTTP/1.1" 404 138 "-" "curl/8.7.1"
185.177.72.38 - - [14/Mar/2026:04:20:19 +0800] "GET /src/config/environment.json HTTP/1.1" 404 138 "-" "curl/8.7.1"
185.177.72.38 - - [14/Mar/2026:04:20:19 +0800] "GET /src/constant.js HTTP/1.1" 404 138 "-" "curl/8.7.1"
185.177.72.38 - - [14/Mar/2026:04:20:20 +0800] "GET /src/constants.js HTTP/1.1" 404 138 "-" "curl/8.7.1"
185.177.72.38 - - [14/Mar/2026:04:20:20 +0800] "GET /src/env.js HTTP/1.1" 404 138 "-" "curl/8.7.1"
185.177.72.38 - - [14/Mar/2026:04:20:20 +0800] "GET /stage/.env HTTP/1.1" 404 138 "-" "curl/8.7.1"
185.177.72.38 - - [14/Mar/2026:04:20:21 +0800] "GET /staging/.env HTTP/1.1" 404 138 "-" "curl/8.7.1"
185.177.72.38 - - [14/Mar/2026:04:20:21 +0800] "GET /staging/config.js HTTP/1.1" 404 138 "-" "curl/8.7.1"
185.177.72.38 - - [14/Mar/2026:04:20:21 +0800] "GET /staging/config/common.js HTTP/1.1" 404 138 "-" "curl/8.7.1"
185.177.72.38 - - [14/Mar/2026:04:20:21 +0800] "GET /staging/config/config.js HTTP/1.1" 404 138 "-" "curl/8.7.1"
185.177.72.38 - - [14/Mar/2026:04:20:22 +0800] "GET /staging/config/constants.js HTTP/1.1" 404 138 "-" "curl/8.7.1"
185.177.72.38 - - [14/Mar/2026:04:20:22 +0800] "GET /stg/.env HTTP/1.1" 404 138 "-" "curl/8.7.1"
185.177.72.38 - - [14/Mar/2026:04:20:22 +0800] "GET /symfony/_profiler/phpinfo HTTP/1.1" 404 138 "-" "curl/8.7.1"
185.177.72.38 - - [14/Mar/2026:04:20:22 +0800] "GET /test.php HTTP/1.1" 404 138 "-" "curl/8.7.1"
185.177.72.38 - - [14/Mar/2026:04:20:23 +0800] "GET /test/.env HTTP/1.1" 404 138 "-" "curl/8.7.1"
185.177.72.38 - - [14/Mar/2026:04:20:23 +0800] "GET /user/.env HTTP/1.1" 404 138 "-" "curl/8.7.1"
185.177.72.38 - - [14/Mar/2026:04:20:23 +0800] "GET /v1/.env HTTP/1.1" 404 138 "-" "curl/8.7.1"
185.177.72.38 - - [14/Mar/2026:04:20:24 +0800] "GET /v2/.env HTTP/1.1" 404 138 "-" "curl/8.7.1"
185.177.72.38 - - [14/Mar/2026:04:20:24 +0800] "GET /v3/.env HTTP/1.1" 404 138 "-" "curl/8.7.1"
185.177.72.38 - - [14/Mar/2026:04:20:24 +0800] "GET /web/.env HTTP/1.1" 404 138 "-" "curl/8.7.1"
185.177.72.38 - - [14/Mar/2026:04:20:24 +0800] "GET /web/app.js HTTP/1.1" 404 138 "-" "curl/8.7.1"
185.177.72.38 - - [14/Mar/2026:04:20:25 +0800] "GET /web/config/common.js HTTP/1.1" 404 138 "-" "curl/8.7.1"
185.177.72.38 - - [14/Mar/2026:04:20:25 +0800] "GET /web/config/constants.js HTTP/1.1" 404 138 "-" "curl/8.7.1"
185.177.72.38 - - [14/Mar/2026:04:20:25 +0800] "GET /web/constant.js HTTP/1.1" 404 138 "-" "curl/8.7.1"
185.177.72.38 - - [14/Mar/2026:04:20:25 +0800] "GET /web/constants.js HTTP/1.1" 404 138 "-" "curl/8.7.1"
185.177.72.38 - - [14/Mar/2026:04:20:26 +0800] "GET /web/env.js HTTP/1.1" 404 138 "-" "curl/8.7.1"
185.177.72.38 - - [14/Mar/2026:04:20:26 +0800] "GET /website/.env HTTP/1.1" 404 138 "-" "curl/8.7.1"
185.177.72.38 - - [14/Mar/2026:04:20:26 +0800] "GET /wp-config.php.bak HTTP/1.1" 404 138 "-" "curl/8.7.1"
185.177.72.38 - - [14/Mar/2026:04:20:27 +0800] "GET /wp-config.php.new HTTP/1.1" 404 138 "-" "curl/8.7.1"
185.177.72.38 - - [14/Mar/2026:04:20:27 +0800] "GET /wp-config.php.old HTTP/1.1" 404 138 "-" "curl/8.7.1"
185.177.72.38 - - [14/Mar/2026:04:20:27 +0800] "GET /wp-content/mysql.sql HTTP/1.1" 404 138 "-" "curl/8.7.1"
185.177.72.38 - - [14/Mar/2026:04:20:27 +0800] "GET /wp_mail_smtp.ini HTTP/1.1" 404 138 "-" "curl/8.7.1"
185.177.72.38 - - [14/Mar/2026:04:20:28 +0800] "POST / HTTP/1.1" 301 162 "-" "Mozilla/5.0 (Windows NT 10.0; Win64; x64) AppleWebKit/537.36"
185.177.72.38 - - [14/Mar/2026:04:20:30 +0800] "POST / HTTP/1.1" 200 256 "-" "Mozilla/5.0 (Windows NT 10.0; Win64; x64) AppleWebKit/537.36"
114.119.157.112 - - [14/Mar/2026:04:20:54 +0800] "GET /?_z=059041567 HTTP/1.1" 200 256 "https://auzdo.com/?sitemap595.xml" "Mozilla/5.0 (Linux; Android 7.0;) AppleWebKit/537.36 (KHTML, like Gecko) Mobile Safari/537.36 (compatible; PetalBot;+https://webmaster.petalsearch.com/site/petalbot)"
114.119.132.57 - - [14/Mar/2026:04:28:05 +0800] "GET /?_w=067045329 HTTP/1.1" 200 256 "https://auzdo.com/sitemap830.xml" "Mozilla/5.0 (Linux; Android 7.0;) AppleWebKit/537.36 (KHTML, like Gecko) Mobile Safari/537.36 (compatible; PetalBot;+https://webmaster.petalsearch.com/site/petalbot)"
114.119.155.118 - - [14/Mar/2026:04:28:58 +0800] "GET /m040029803 HTTP/1.1" 404 138 "https://auzdo.com/?sitemap891.xml" "Mozilla/5.0 (Linux; Android 7.0;) AppleWebKit/537.36 (KHTML, like Gecko) Mobile Safari/537.36 (compatible; PetalBot;+https://webmaster.petalsearch.com/site/petalbot)"
66.249.74.169 - - [14/Mar/2026:04:29:39 +0800] "GET /?detail/0480355680484 HTTP/1.1" 200 256 "-" "Mozilla/5.0 (Linux; Android 6.0.1; Nexus 5X Build/MMB29P) AppleWebKit/537.36 (KHTML, like Gecko) Chrome/145.0.7632.116 Mobile Safari/537.36 (compatible; Googlebot/2.1; +http://www.google.com/bot.html)"
66.249.74.169 - - [14/Mar/2026:04:29:40 +0800] "GET /?jp/080025934.html HTTP/1.1" 200 256 "-" "Mozilla/5.0 (Linux; Android 6.0.1; Nexus 5X Build/MMB29P) AppleWebKit/537.36 (KHTML, like Gecko) Chrome/145.0.7632.116 Mobile Safari/537.36 (compatible; Googlebot/2.1; +http://www.google.com/bot.html)"
66.249.74.169 - - [14/Mar/2026:04:30:05 +0800] "GET /?goods/189019088 HTTP/1.1" 200 256 "-" "Mozilla/5.0 (Linux; Android 6.0.1; Nexus 5X Build/MMB29P) AppleWebKit/537.36 (KHTML, like Gecko) Chrome/145.0.7632.116 Mobile Safari/537.36 (compatible; Googlebot/2.1; +http://www.google.com/bot.html)"
114.119.136.146 - - [14/Mar/2026:04:30:56 +0800] "GET /m012034443 HTTP/1.1" 404 138 "https://auzdo.com/?sitemap891.xml" "Mozilla/5.0 (Linux; Android 7.0;) AppleWebKit/537.36 (KHTML, like Gecko) Mobile Safari/537.36 (compatible; PetalBot;+https://webmaster.petalsearch.com/site/petalbot)"
114.119.132.57 - - [14/Mar/2026:04:31:43 +0800] "GET /?_z=191048151 HTTP/1.1" 200 256 "https://auzdo.com/?sitemap854.xml" "Mozilla/5.0 (Linux; Android 7.0;) AppleWebKit/537.36 (KHTML, like Gecko) Mobile Safari/537.36 (compatible; PetalBot;+https://webmaster.petalsearch.com/site/petalbot)"
134.122.173.240 - - [14/Mar/2026:04:31:46 +0800] "GET / HTTP/1.1" 301 162 "http://www.auzdo.com" "Mozilla/5.0 (compatible; Yahoo! Slurp China; http://misc.yahoo.com.cn/help.html\xA1\xB1)"
134.122.173.240 - - [14/Mar/2026:04:31:46 +0800] "GET / HTTP/1.1" 200 586 "-" "Googlebot/2.1 (+http://www.googlebot.com/bot.html)"
114.119.157.112 - - [14/Mar/2026:04:34:35 +0800] "GET /?_w=031042313 HTTP/1.1" 200 256 "https://auzdo.com/sitemap986.xml" "Mozilla/5.0 (Linux; Android 7.0;) AppleWebKit/537.36 (KHTML, like Gecko) Mobile Safari/537.36 (compatible; PetalBot;+https://webmaster.petalsearch.com/site/petalbot)"
114.119.165.226 - - [14/Mar/2026:04:37:26 +0800] "GET /?_w=030045472 HTTP/1.1" 200 256 "https://auzdo.com/?sitemap854.xml" "Mozilla/5.0 (Linux; Android 7.0;) AppleWebKit/537.36 (KHTML, like Gecko) Mobile Safari/537.36 (compatible; PetalBot;+https://webmaster.petalsearch.com/site/petalbot)"
66.249.74.168 - - [14/Mar/2026:04:38:24 +0800] "GET /?detail/2010466170928 HTTP/1.1" 200 256 "-" "Mozilla/5.0 (Linux; Android 6.0.1; Nexus 5X Build/MMB29P) AppleWebKit/537.36 (KHTML, like Gecko) Chrome/145.0.7632.116 Mobile Safari/537.36 (compatible; Googlebot/2.1; +http://www.google.com/bot.html)"
45.227.253.15 - - [14/Mar/2026:04:40:03 +0800] "GET /index.php/jk HTTP/1.1" 200 256 "-" "Mozilla/5.0 (Macintosh; Intel Mac OS X 10.12; rv:103.0) Gecko/20100101 Firefox/101.0"
114.119.132.57 - - [14/Mar/2026:04:43:03 +0800] "GET /m074010721 HTTP/1.1" 404 138 "https://auzdo.com/?sitemap891.xml" "Mozilla/5.0 (Linux; Android 7.0;) AppleWebKit/537.36 (KHTML, like Gecko) Mobile Safari/537.36 (compatible; PetalBot;+https://webmaster.petalsearch.com/site/petalbot)"
114.119.165.226 - - [14/Mar/2026:04:44:32 +0800] "GET /?_x=100041278 HTTP/1.1" 200 256 "https://auzdo.com/sitemap817.xml" "Mozilla/5.0 (Linux; Android 7.0;) AppleWebKit/537.36 (KHTML, like Gecko) Mobile Safari/537.36 (compatible; PetalBot;+https://webmaster.petalsearch.com/site/petalbot)"
113.215.189.4 - - [14/Mar/2026:04:45:28 +0800] "GET / HTTP/1.1" 200 256 "-" "Mozilla/5.0 (Linux; Android 9; ASUS_X00TD; Flow) AppleWebKit/537.36 (KHTML, like Gecko) Chrome/359.0.0.288 Mobile Safari/537.36"
114.119.157.112 - - [14/Mar/2026:04:46:22 +0800] "GET /?_v=221026521 HTTP/1.1" 200 256 "https://auzdo.com/?sitemap595.xml" "Mozilla/5.0 (Linux; Android 7.0;) AppleWebKit/537.36 (KHTML, like Gecko) Mobile Safari/537.36 (compatible; PetalBot;+https://webmaster.petalsearch.com/site/petalbot)"
114.119.136.146 - - [14/Mar/2026:04:46:57 +0800] "GET /?_v=100007578 HTTP/1.1" 200 256 "https://auzdo.com/?sitemap595.xml" "Mozilla/5.0 (Linux; Android 7.0;) AppleWebKit/537.36 (KHTML, like Gecko) Mobile Safari/537.36 (compatible; PetalBot;+https://webmaster.petalsearch.com/site/petalbot)"
66.249.74.167 - - [14/Mar/2026:04:47:43 +0800] "GET /?jp/050043288.html HTTP/1.1" 200 256 "-" "Mozilla/5.0 (Linux; Android 6.0.1; Nexus 5X Build/MMB29P) AppleWebKit/537.36 (KHTML, like Gecko) Chrome/145.0.7632.116 Mobile Safari/537.36 (compatible; Googlebot/2.1; +http://www.google.com/bot.html)"
66.249.74.167 - - [14/Mar/2026:04:47:52 +0800] "GET /?jp/175013080.html HTTP/1.1" 200 256 "-" "Mozilla/5.0 (Linux; Android 6.0.1; Nexus 5X Build/MMB29P) AppleWebKit/537.36 (KHTML, like Gecko) Chrome/145.0.7632.116 Mobile Safari/537.36 (compatible; Googlebot/2.1; +http://www.google.com/bot.html)"
114.119.132.57 - - [14/Mar/2026:04:51:54 +0800] "GET /?_v=085032187 HTTP/1.1" 200 256 "https://auzdo.com/sitemap738.xml" "Mozilla/5.0 (Linux; Android 7.0;) AppleWebKit/537.36 (KHTML, like Gecko) Mobile Safari/537.36 (compatible; PetalBot;+https://webmaster.petalsearch.com/site/petalbot)"
114.119.165.226 - - [14/Mar/2026:04:52:32 +0800] "GET /?_x=087028781 HTTP/1.1" 200 256 "https://auzdo.com/sitemap934.xml" "Mozilla/5.0 (Linux; Android 7.0;) AppleWebKit/537.36 (KHTML, like Gecko) Mobile Safari/537.36 (compatible; PetalBot;+https://webmaster.petalsearch.com/site/petalbot)"
66.249.74.167 - - [14/Mar/2026:04:54:38 +0800] "GET /?goods/050034568 HTTP/1.1" 200 256 "-" "Mozilla/5.0 (Linux; Android 6.0.1; Nexus 5X Build/MMB29P) AppleWebKit/537.36 (KHTML, like Gecko) Chrome/145.0.7632.116 Mobile Safari/537.36 (compatible; Googlebot/2.1; +http://www.google.com/bot.html)"
114.119.132.57 - - [14/Mar/2026:04:54:47 +0800] "GET /?_u=021003193 HTTP/1.1" 200 256 "https://auzdo.com/?sitemap595.xml" "Mozilla/5.0 (Linux; Android 7.0;) AppleWebKit/537.36 (KHTML, like Gecko) Mobile Safari/537.36 (compatible; PetalBot;+https://webmaster.petalsearch.com/site/petalbot)"
114.119.155.118 - - [14/Mar/2026:04:58:16 +0800] "GET /m026041603 HTTP/1.1" 404 138 "https://auzdo.com/?sitemap854.xml" "Mozilla/5.0 (Linux; Android 7.0;) AppleWebKit/537.36 (KHTML, like Gecko) Mobile Safari/537.36 (compatible; PetalBot;+https://webmaster.petalsearch.com/site/petalbot)"
66.249.74.169 - - [14/Mar/2026:04:59:49 +0800] "GET /?goods/191021955 HTTP/1.1" 200 256 "-" "Mozilla/5.0 (Linux; Android 6.0.1; Nexus 5X Build/MMB29P) AppleWebKit/537.36 (KHTML, like Gecko) Chrome/145.0.7632.116 Mobile Safari/537.36 (compatible; Googlebot/2.1; +http://www.google.com/bot.html)"
114.119.165.226 - - [14/Mar/2026:05:02:36 +0800] "GET /?_s=232048208 HTTP/1.1" 200 256 "https://auzdo.com/?sitemap595.xml" "Mozilla/5.0 (Linux; Android 7.0;) AppleWebKit/537.36 (KHTML, like Gecko) Mobile Safari/537.36 (compatible; PetalBot;+https://webmaster.petalsearch.com/site/petalbot)"
114.119.147.32 - - [14/Mar/2026:05:05:16 +0800] "GET /?_q=142023882 HTTP/1.1" 200 256 "https://auzdo.com/?sitemap595.xml" "Mozilla/5.0 (Linux; Android 7.0;) AppleWebKit/537.36 (KHTML, like Gecko) Mobile Safari/537.36 (compatible; PetalBot;+https://webmaster.petalsearch.com/site/petalbot)"
114.119.136.146 - - [14/Mar/2026:05:07:10 +0800] "GET /?_s=060016414 HTTP/1.1" 200 256 "https://auzdo.com/?sitemap595.xml" "Mozilla/5.0 (Linux; Android 7.0;) AppleWebKit/537.36 (KHTML, like Gecko) Mobile Safari/537.36 (compatible; PetalBot;+https://webmaster.petalsearch.com/site/petalbot)"
113.215.189.237 - - [14/Mar/2026:05:09:06 +0800] "GET / HTTP/1.1" 301 162 "-" "Mozilla/5.0 (Windows NT 10.0; Win64; x64) AppleWebKit/537.36 (KHTML, like Gecko) Chrome/81.0.9680.191 Safari/537.36"
113.215.189.248 - - [14/Mar/2026:05:09:08 +0800] "GET / HTTP/1.1" 200 256 "-" "Mozilla/5.0 (Windows NT 10.0; Win64; x64) AppleWebKit/537.36 (KHTML, like Gecko) Chrome/81.0.9680.191 Safari/537.36"
113.215.189.248 - - [14/Mar/2026:05:09:09 +0800] "GET / HTTP/1.1" 200 256 "-" "Mozilla/5.0 (Windows NT 10.0; Win64; x64) AppleWebKit/537.36 (KHTML, like Gecko) Chrome/105.0.8573.132 Safari/537.36"
113.215.189.248 - - [14/Mar/2026:05:09:09 +0800] "GET /favicon.ico HTTP/1.1" 404 138 "-" "Mozilla/5.0 (Windows NT 10.0; Win64; x64) AppleWebKit/537.36 (KHTML, like Gecko) Chrome/105.0.8573.132 Safari/537.36"
66.249.74.167 - - [14/Mar/2026:05:09:10 +0800] "GET /?detail/0180047885383 HTTP/1.1" 200 256 "-" "Mozilla/5.0 (Linux; Android 6.0.1; Nexus 5X Build/MMB29P) AppleWebKit/537.36 (KHTML, like Gecko) Chrome/145.0.7632.116 Mobile Safari/537.36 (compatible; Googlebot/2.1; +http://www.google.com/bot.html)"
74.7.227.185 - - [14/Mar/2026:05:10:34 +0800] "GET /search.php?sitemap542.xml HTTP/2.0" 404 138 "-" "Mozilla/5.0 AppleWebKit/537.36 (KHTML, like Gecko; compatible; GPTBot/1.3; +https://openai.com/gptbot)"
74.7.230.47 - - [14/Mar/2026:05:10:35 +0800] "GET /robots.txt HTTP/2.0" 404 138 "-" "Mozilla/5.0 (Macintosh; Intel Mac OS X 10_15_7) AppleWebKit/537.36 (KHTML, like Gecko) Chrome/131.0.0.0 Safari/537.36; compatible; OAI-SearchBot/1.3; robots.txt; +https://openai.com/searchbot"
113.215.189.241 - - [14/Mar/2026:05:10:44 +0800] "GET / HTTP/1.1" 301 162 "-" "Mozilla/5.0 (Linux; Android 9; ASUS_X00TD; Flow) AppleWebKit/537.36 (KHTML, like Gecko) Chrome/359.0.0.288 Mobile Safari/537.36"
219.82.2.10 - - [14/Mar/2026:05:10:47 +0800] "GET / HTTP/1.1" 200 256 "-" "Mozilla/5.0 (Linux; Android 9; ASUS_X00TD; Flow) AppleWebKit/537.36 (KHTML, like Gecko) Chrome/359.0.0.288 Mobile Safari/537.36"
114.119.136.146 - - [14/Mar/2026:05:11:11 +0800] "GET /?_y=149048417 HTTP/1.1" 200 256 "https://auzdo.com/?sitemap595.xml" "Mozilla/5.0 (Linux; Android 7.0;) AppleWebKit/537.36 (KHTML, like Gecko) Mobile Safari/537.36 (compatible; PetalBot;+https://webmaster.petalsearch.com/site/petalbot)"
114.119.155.118 - - [14/Mar/2026:05:12:21 +0800] "GET /m091025740 HTTP/1.1" 404 138 "https://auzdo.com/?sitemap891.xml" "Mozilla/5.0 (Linux; Android 7.0;) AppleWebKit/537.36 (KHTML, like Gecko) Mobile Safari/537.36 (compatible; PetalBot;+https://webmaster.petalsearch.com/site/petalbot)"
114.119.155.118 - - [14/Mar/2026:05:13:25 +0800] "GET /?_z=103034785 HTTP/1.1" 200 256 "https://auzdo.com/sitemap855.xml" "Mozilla/5.0 (Linux; Android 7.0;) AppleWebKit/537.36 (KHTML, like Gecko) Mobile Safari/537.36 (compatible; PetalBot;+https://webmaster.petalsearch.com/site/petalbot)"
114.119.147.32 - - [14/Mar/2026:05:16:05 +0800] "GET /?_o=123004637 HTTP/1.1" 200 256 "https://auzdo.com/?sitemap595.xml" "Mozilla/5.0 (Linux; Android 7.0;) AppleWebKit/537.36 (KHTML, like Gecko) Mobile Safari/537.36 (compatible; PetalBot;+https://webmaster.petalsearch.com/site/petalbot)"
74.7.230.47 - - [14/Mar/2026:05:16:35 +0800] "GET /robots.txt HTTP/2.0" 404 138 "-" "Mozilla/5.0 (Macintosh; Intel Mac OS X 10_15_7) AppleWebKit/537.36 (KHTML, like Gecko) Chrome/131.0.0.0 Safari/537.36; compatible; OAI-SearchBot/1.3; robots.txt; +https://openai.com/searchbot"
74.7.227.185 - - [14/Mar/2026:05:16:41 +0800] "GET /?sitemapindex.xml HTTP/2.0" 200 245 "-" "Mozilla/5.0 AppleWebKit/537.36 (KHTML, like Gecko; compatible; GPTBot/1.3; +https://openai.com/gptbot)"
114.119.138.214 - - [14/Mar/2026:05:17:34 +0800] "GET /?_w=170003192 HTTP/1.1" 200 256 "https://auzdo.com/sitemap85.xml" "Mozilla/5.0 (Linux; Android 7.0;) AppleWebKit/537.36 (KHTML, like Gecko) Mobile Safari/537.36 (compatible; PetalBot;+https://webmaster.petalsearch.com/site/petalbot)"
74.7.227.185 - - [14/Mar/2026:05:19:53 +0800] "GET /?sitemap80.xml HTTP/2.0" 200 245 "-" "Mozilla/5.0 AppleWebKit/537.36 (KHTML, like Gecko; compatible; GPTBot/1.3; +https://openai.com/gptbot)"
114.119.165.226 - - [14/Mar/2026:05:20:42 +0800] "GET /?_o=092042168 HTTP/1.1" 200 256 "https://auzdo.com/?sitemap595.xml" "Mozilla/5.0 (Linux; Android 7.0;) AppleWebKit/537.36 (KHTML, like Gecko) Mobile Safari/537.36 (compatible; PetalBot;+https://webmaster.petalsearch.com/site/petalbot)"
66.249.74.169 - - [14/Mar/2026:05:21:53 +0800] "GET /?goods/131046006 HTTP/1.1" 200 256 "-" "Mozilla/5.0 (Linux; Android 6.0.1; Nexus 5X Build/MMB29P) AppleWebKit/537.36 (KHTML, like Gecko) Chrome/145.0.7632.116 Mobile Safari/537.36 (compatible; Googlebot/2.1; +http://www.google.com/bot.html)"
114.119.138.214 - - [14/Mar/2026:05:22:28 +0800] "GET /m022019245 HTTP/1.1" 404 138 "https://auzdo.com/?sitemap854.xml" "Mozilla/5.0 (Linux; Android 7.0;) AppleWebKit/537.36 (KHTML, like Gecko) Mobile Safari/537.36 (compatible; PetalBot;+https://webmaster.petalsearch.com/site/petalbot)"
74.7.230.47 - - [14/Mar/2026:05:23:20 +0800] "GET /robots.txt HTTP/2.0" 404 138 "-" "Mozilla/5.0 (Macintosh; Intel Mac OS X 10_15_7) AppleWebKit/537.36 (KHTML, like Gecko) Chrome/131.0.0.0 Safari/537.36; compatible; OAI-SearchBot/1.3; robots.txt; +https://openai.com/searchbot"
74.7.227.185 - - [14/Mar/2026:05:23:24 +0800] "GET /?sitemap854.xml HTTP/2.0" 200 245 "-" "Mozilla/5.0 AppleWebKit/537.36 (KHTML, like Gecko; compatible; GPTBot/1.3; +https://openai.com/gptbot)"
114.119.136.146 - - [14/Mar/2026:05:26:13 +0800] "GET /?_z=046036106 HTTP/1.1" 200 256 "https://auzdo.com/sitemap934.xml" "Mozilla/5.0 (Linux; Android 7.0;) AppleWebKit/537.36 (KHTML, like Gecko) Mobile Safari/537.36 (compatible; PetalBot;+https://webmaster.petalsearch.com/site/petalbot)"
114.119.138.214 - - [14/Mar/2026:05:29:16 +0800] "GET /?_o=091010723 HTTP/1.1" 200 256 "https://auzdo.com/?sitemap595.xml" "Mozilla/5.0 (Linux; Android 7.0;) AppleWebKit/537.36 (KHTML, like Gecko) Mobile Safari/537.36 (compatible; PetalBot;+https://webmaster.petalsearch.com/site/petalbot)"
114.119.136.146 - - [14/Mar/2026:05:30:09 +0800] "GET /m126044409 HTTP/1.1" 404 138 "https://auzdo.com/?sitemap891.xml" "Mozilla/5.0 (Linux; Android 7.0;) AppleWebKit/537.36 (KHTML, like Gecko) Mobile Safari/537.36 (compatible; PetalBot;+https://webmaster.petalsearch.com/site/petalbot)"
114.119.138.214 - - [14/Mar/2026:05:32:16 +0800] "GET /?_z=274037968 HTTP/1.1" 200 256 "https://auzdo.com/sitemap817.xml" "Mozilla/5.0 (Linux; Android 7.0;) AppleWebKit/537.36 (KHTML, like Gecko) Mobile Safari/537.36 (compatible; PetalBot;+https://webmaster.petalsearch.com/site/petalbot)"
114.119.136.146 - - [14/Mar/2026:05:33:24 +0800] "GET / HTTP/1.1" 200 256 "https://auzdo.com/?sitemap854.xml" "Mozilla/5.0 (Linux; Android 7.0;) AppleWebKit/537.36 (KHTML, like Gecko) Mobile Safari/537.36 (compatible; PetalBot;+https://webmaster.petalsearch.com/site/petalbot)"
74.7.230.27 - - [14/Mar/2026:05:41:26 +0800] "GET /robots.txt HTTP/2.0" 404 138 "-" "Mozilla/5.0 (Macintosh; Intel Mac OS X 10_15_7) AppleWebKit/537.36 (KHTML, like Gecko) Chrome/131.0.0.0 Safari/537.36; compatible; OAI-SearchBot/1.3; robots.txt; +https://openai.com/searchbot"
74.7.227.185 - - [14/Mar/2026:05:41:29 +0800] "GET /?sitemap80.xml HTTP/2.0" 200 245 "-" "Mozilla/5.0 AppleWebKit/537.36 (KHTML, like Gecko; compatible; GPTBot/1.3; +https://openai.com/gptbot)"
74.7.227.185 - - [14/Mar/2026:05:42:12 +0800] "GET /?sitemap595.xml HTTP/2.0" 200 245 "-" "Mozilla/5.0 AppleWebKit/537.36 (KHTML, like Gecko; compatible; GPTBot/1.3; +https://openai.com/gptbot)"
74.7.227.185 - - [14/Mar/2026:05:42:43 +0800] "GET /?sitemap180.xml HTTP/2.0" 200 245 "-" "Mozilla/5.0 AppleWebKit/537.36 (KHTML, like Gecko; compatible; GPTBot/1.3; +https://openai.com/gptbot)"
74.7.227.185 - - [14/Mar/2026:05:42:48 +0800] "GET /?sitemap195.xml HTTP/2.0" 200 245 "-" "Mozilla/5.0 AppleWebKit/537.36 (KHTML, like Gecko; compatible; GPTBot/1.3; +https://openai.com/gptbot)"
74.7.227.185 - - [14/Mar/2026:05:43:09 +0800] "GET /?sitemapindex.xml HTTP/2.0" 200 245 "-" "Mozilla/5.0 AppleWebKit/537.36 (KHTML, like Gecko; compatible; GPTBot/1.3; +https://openai.com/gptbot)"
74.7.227.185 - - [14/Mar/2026:05:44:59 +0800] "GET /?sitemap854.xml HTTP/2.0" 200 245 "-" "Mozilla/5.0 AppleWebKit/537.36 (KHTML, like Gecko; compatible; GPTBot/1.3; +https://openai.com/gptbot)"
74.7.227.185 - - [14/Mar/2026:05:45:10 +0800] "GET /search.php?sitemap542.xml HTTP/2.0" 404 138 "-" "Mozilla/5.0 AppleWebKit/537.36 (KHTML, like Gecko; compatible; GPTBot/1.3; +https://openai.com/gptbot)"
66.249.74.168 - - [14/Mar/2026:05:52:00 +0800] "GET /?jp/086027077.html HTTP/1.1" 200 256 "-" "Mozilla/5.0 (Linux; Android 6.0.1; Nexus 5X Build/MMB29P) AppleWebKit/537.36 (KHTML, like Gecko) Chrome/145.0.7632.116 Mobile Safari/537.36 (compatible; Googlebot/2.1; +http://www.google.com/bot.html)"
66.249.74.167 - - [14/Mar/2026:05:55:02 +0800] "GET /?detail/11100990188814 HTTP/1.1" 200 256 "-" "Mozilla/5.0 (Linux; Android 6.0.1; Nexus 5X Build/MMB29P) AppleWebKit/537.36 (KHTML, like Gecko) Chrome/145.0.7632.116 Mobile Safari/537.36 (compatible; Googlebot/2.1; +http://www.google.com/bot.html)"
114.119.138.214 - - [14/Mar/2026:05:56:52 +0800] "GET /m077000282 HTTP/1.1" 404 138 "https://auzdo.com/?sitemap595.xml" "Mozilla/5.0 (Linux; Android 7.0;) AppleWebKit/537.36 (KHTML, like Gecko) Mobile Safari/537.36 (compatible; PetalBot;+https://webmaster.petalsearch.com/site/petalbot)"
114.119.157.112 - - [14/Mar/2026:05:58:28 +0800] "GET /m001048404 HTTP/1.1" 404 138 "https://auzdo.com/?sitemap854.xml" "Mozilla/5.0 (Linux; Android 7.0;) AppleWebKit/537.36 (KHTML, like Gecko) Mobile Safari/537.36 (compatible; PetalBot;+https://webmaster.petalsearch.com/site/petalbot)"
114.119.155.118 - - [14/Mar/2026:06:01:36 +0800] "GET /?_y=131028977 HTTP/1.1" 200 256 "https://auzdo.com/sitemap986.xml" "Mozilla/5.0 (Linux; Android 7.0;) AppleWebKit/537.36 (KHTML, like Gecko) Mobile Safari/537.36 (compatible; PetalBot;+https://webmaster.petalsearch.com/site/petalbot)"
45.148.10.238 - - [14/Mar/2026:06:03:48 +0800] "GET /.env HTTP/1.1" 404 138 "-" "Mozilla/5.0 (X11; U; Linux x86_64; en-US) AppleWebKit/534.7 (KHTML, like Gecko) Chrome/7.0.514.0 Safari/534.7"
45.148.10.238 - - [14/Mar/2026:06:03:48 +0800] "GET /.env.production HTTP/1.1" 404 138 "-" "Mozilla/5.0 (X11; Linux x86_64) AppleWebKit/537.4 (KHTML like Gecko) Chrome/22.0.1229.56 Safari/537.4"
45.148.10.238 - - [14/Mar/2026:06:03:48 +0800] "GET /config.env HTTP/1.1" 404 138 "-" "Mozilla/5.0 (X11; Linux x86_64) AppleWebKit/537.36 (KHTML, like Gecko) Chrome/74.0.3729.169 Safari/537.36"
45.148.10.238 - - [14/Mar/2026:06:03:48 +0800] "GET /.env.live HTTP/1.1" 404 138 "-" "Mozilla/5.0 (X11; Linux i686; rv:2.0.1) Gecko/20100101 Firefox/4.0.1"
45.148.10.238 - - [14/Mar/2026:06:03:48 +0800] "GET /.env.prod HTTP/1.1" 404 138 "-" "SAMSUNG-SGH-E250/1.0 Profile/MIDP-2.0 Configuration/CLDC-1.1 UP.Browser/6.2.3.3.c.1.101 (GUI) MMP/2.0 (compatible; Googlebot-Mobile/2.1; http://www.google.com/bot.html)"
45.148.10.238 - - [14/Mar/2026:06:03:48 +0800] "GET /aws.env HTTP/1.1" 404 138 "-" "Mozilla/5.0 (Linux; Android 9; Pixel) AppleWebKit/537.36 (KHTML, like Gecko) Chrome/76.0.3809.89 Mobile Safari/537.36"
45.148.10.238 - - [14/Mar/2026:06:03:48 +0800] "GET /awsconfig.js HTTP/1.1" 404 138 "-" "Mozilla/5.0 (Linux; Android 8.1.0; Redmi 6) AppleWebKit/537.36 (KHTML, like Gecko) Chrome/73.0.3683.90 Mobile Safari/537.36"
45.148.10.238 - - [14/Mar/2026:06:03:48 +0800] "GET /awstats/.env HTTP/1.1" 404 138 "-" "Mozilla/5.0 (Linux; Android 9; POCO F1) AppleWebKit/537.36 (KHTML, like Gecko) Chrome/76.0.3809.89 Mobile Safari/537.36"
45.148.10.238 - - [14/Mar/2026:06:03:48 +0800] "GET /.env.bak HTTP/1.1" 404 138 "-" "Mozilla/5.0 (X11; U; Linux x86_64; en-US; rv:1.9.2.9) Gecko/20100915 Gentoo Firefox/3.6.9"
45.148.10.238 - - [14/Mar/2026:06:03:48 +0800] "GET /wp-config HTTP/1.1" 404 138 "-" "Mozilla/5.0 (Windows NT 10.0; Win64; x64) AppleWebKit/537.36 (KHTML, like Gecko) Chrome/73.0.3683.75 Safari/537.36"
45.148.10.238 - - [14/Mar/2026:06:03:48 +0800] "GET /crm/.env HTTP/1.1" 404 138 "-" "Mozilla/5.0 (Windows; U; Windows NT 5.1; en-US; rv:1.8.1.23) Gecko/20090825 SeaMonkey/1.1.18"
45.148.10.238 - - [14/Mar/2026:06:03:48 +0800] "GET /.aws/credentials HTTP/1.1" 404 138 "-" "Mozilla/5.0 (X11; FreeBSD amd64) AppleWebKit/536.5 (KHTML like Gecko) Chrome/19.0.1084.56 Safari/536.5"
66.249.74.169 - - [14/Mar/2026:06:05:03 +0800] "GET /?goods/025031695 HTTP/1.1" 200 256 "-" "Mozilla/5.0 (Linux; Android 6.0.1; Nexus 5X Build/MMB29P) AppleWebKit/537.36 (KHTML, like Gecko) Chrome/145.0.7632.116 Mobile Safari/537.36 (compatible; Googlebot/2.1; +http://www.google.com/bot.html)"
66.249.74.167 - - [14/Mar/2026:06:09:05 +0800] "GET /?detail/001020775492 HTTP/1.1" 200 256 "-" "Mozilla/5.0 (Linux; Android 6.0.1; Nexus 5X Build/MMB29P) AppleWebKit/537.36 (KHTML, like Gecko) Chrome/145.0.7632.116 Mobile Safari/537.36 (compatible; Googlebot/2.1; +http://www.google.com/bot.html)"
66.249.74.167 - - [14/Mar/2026:06:09:05 +0800] "GET /?_o=190026670 HTTP/1.1" 200 256 "-" "Mozilla/5.0 (Linux; Android 6.0.1; Nexus 5X Build/MMB29P) AppleWebKit/537.36 (KHTML, like Gecko) Chrome/145.0.7632.116 Mobile Safari/537.36 (compatible; Googlebot/2.1; +http://www.google.com/bot.html)"
114.119.136.146 - - [14/Mar/2026:06:11:56 +0800] "GET /sitemap720.xml HTTP/1.1" 404 138 "-" "Mozilla/5.0 (Linux; Android 7.0;) AppleWebKit/537.36 (KHTML, like Gecko) Mobile Safari/537.36 (compatible; PetalBot;+https://webmaster.petalsearch.com/site/petalbot)"
167.160.95.118 - - [14/Mar/2026:06:13:35 +0800] "GET / HTTP/1.1" 301 162 "-" "Mozilla/5.0 (Macintosh; Intel Mac OS X 10_15_7) AppleWebKit/537.36 (KHTML, like Gecko) Chrome/120.0.0.0 Safari/537.36"
79.127.221.66 - - [14/Mar/2026:06:13:38 +0800] "GET / HTTP/2.0" 200 245 "http://auzdo.com" "Mozilla/5.0 (Macintosh; Intel Mac OS X 10_15_7) AppleWebKit/537.36 (KHTML, like Gecko) Chrome/120.0.0.0 Safari/537.36"
167.160.95.118 - - [14/Mar/2026:06:13:39 +0800] "GET /favicon.ico HTTP/1.1" 301 162 "-" "Mozilla/5.0 (Macintosh; Intel Mac OS X 10_15_7) AppleWebKit/537.36 (KHTML, like Gecko) Chrome/120.0.0.0 Safari/537.36"
79.127.221.66 - - [14/Mar/2026:06:13:40 +0800] "GET /favicon.ico HTTP/2.0" 404 138 "http://auzdo.com/favicon.ico" "Mozilla/5.0 (Macintosh; Intel Mac OS X 10_15_7) AppleWebKit/537.36 (KHTML, like Gecko) Chrome/120.0.0.0 Safari/537.36"
123.160.223.73 - - [14/Mar/2026:06:13:53 +0800] "GET / HTTP/1.1" 301 162 "-" "Mozilla/5.0 (Macintosh; Intel Mac OS X 10_15_7) AppleWebKit/537.36 (KHTML, like Gecko) Chrome/120.0.0.0 Safari/537.36"
123.160.223.72 - - [14/Mar/2026:06:13:55 +0800] "GET / HTTP/2.0" 200 245 "http://www.auzdo.com" "Mozilla/5.0 (Macintosh; Intel Mac OS X 10_15_7) AppleWebKit/537.36 (KHTML, like Gecko) Chrome/120.0.0.0 Safari/537.36"
123.160.223.72 - - [14/Mar/2026:06:13:56 +0800] "GET /favicon.ico HTTP/1.1" 301 162 "-" "Mozilla/5.0 (Macintosh; Intel Mac OS X 10_15_7) AppleWebKit/537.36 (KHTML, like Gecko) Chrome/120.0.0.0 Safari/537.36"
123.160.223.72 - - [14/Mar/2026:06:13:56 +0800] "GET /favicon.ico HTTP/2.0" 404 138 "http://www.auzdo.com/favicon.ico" "Mozilla/5.0 (Macintosh; Intel Mac OS X 10_15_7) AppleWebKit/537.36 (KHTML, like Gecko) Chrome/120.0.0.0 Safari/537.36"
114.119.165.226 - - [14/Mar/2026:06:13:56 +0800] "GET /?_z=288005676 HTTP/1.1" 200 256 "https://auzdo.com/sitemap943.xml" "Mozilla/5.0 (Linux; Android 7.0;) AppleWebKit/537.36 (KHTML, like Gecko) Mobile Safari/537.36 (compatible; PetalBot;+https://webmaster.petalsearch.com/site/petalbot)"
66.249.74.168 - - [14/Mar/2026:06:15:08 +0800] "GET /?detail/2500042461769 HTTP/1.1" 200 256 "-" "Mozilla/5.0 (Linux; Android 6.0.1; Nexus 5X Build/MMB29P) AppleWebKit/537.36 (KHTML, like Gecko) Chrome/145.0.7632.116 Mobile Safari/537.36 (compatible; Googlebot/2.1; +http://www.google.com/bot.html)"
114.119.147.32 - - [14/Mar/2026:06:15:22 +0800] "GET /?_z=130047100 HTTP/1.1" 200 256 "https://auzdo.com/sitemap912.xml" "Mozilla/5.0 (Linux; Android 7.0;) AppleWebKit/537.36 (KHTML, like Gecko) Mobile Safari/537.36 (compatible; PetalBot;+https://webmaster.petalsearch.com/site/petalbot)"
114.119.155.118 - - [14/Mar/2026:06:17:54 +0800] "GET /?_x=196049462 HTTP/1.1" 200 256 "https://auzdo.com/?sitemap595.xml" "Mozilla/5.0 (Linux; Android 7.0;) AppleWebKit/537.36 (KHTML, like Gecko) Mobile Safari/537.36 (compatible; PetalBot;+https://webmaster.petalsearch.com/site/petalbot)"
114.119.138.214 - - [14/Mar/2026:06:19:10 +0800] "GET /?_x=168040444 HTTP/1.1" 200 256 "https://auzdo.com/sitemap965.xml" "Mozilla/5.0 (Linux; Android 7.0;) AppleWebKit/537.36 (KHTML, like Gecko) Mobile Safari/537.36 (compatible; PetalBot;+https://webmaster.petalsearch.com/site/petalbot)"
114.119.139.78 - - [14/Mar/2026:06:21:31 +0800] "GET /?_v=250010284 HTTP/1.1" 200 256 "https://auzdo.com/sitemap741.xml" "Mozilla/5.0 (Linux; Android 7.0;) AppleWebKit/537.36 (KHTML, like Gecko) Mobile Safari/537.36 (compatible; PetalBot;+https://webmaster.petalsearch.com/site/petalbot)"
134.122.173.240 - - [14/Mar/2026:06:34:08 +0800] "GET / HTTP/1.1" 301 162 "http://auzdo.com" "Mozilla/5.0 (compatible; Yahoo! Slurp China; http://misc.yahoo.com.cn/help.html\xA1\xB1)"
134.122.173.240 - - [14/Mar/2026:06:34:09 +0800] "GET / HTTP/1.1" 200 586 "-" "Mozilla/5.0 (Linux;u;Android 4.2.2;zh-cn;)"
20.189.95.92 - - [14/Mar/2026:06:41:50 +0800] "GET /ioxi-o.php HTTP/1.1" 404 138 "-" "Mozilla/5.0 (Windows NT 10.0; Win64; x64) AppleWebKit/537.36 (KHTML, like Gecko) Chrome/120.0.0.0 Safari/537.36"
20.189.95.92 - - [14/Mar/2026:06:41:50 +0800] "GET /0x.php HTTP/1.1" 404 138 "-" "Mozilla/5.0 (Windows NT 10.0; Win64; x64) AppleWebKit/537.36 (KHTML, like Gecko) Chrome/120.0.0.0 Safari/537.36"
20.189.95.92 - - [14/Mar/2026:06:41:50 +0800] "GET /222.php HTTP/1.1" 404 138 "-" "Mozilla/5.0 (Windows NT 10.0; Win64; x64) AppleWebKit/537.36 (KHTML, like Gecko) Chrome/120.0.0.0 Safari/537.36"
20.189.95.92 - - [14/Mar/2026:06:41:50 +0800] "GET /aa.php HTTP/1.1" 404 138 "-" "Mozilla/5.0 (Windows NT 10.0; Win64; x64) AppleWebKit/537.36 (KHTML, like Gecko) Chrome/120.0.0.0 Safari/537.36"
20.189.95.92 - - [14/Mar/2026:06:41:50 +0800] "GET /abcd.php HTTP/1.1" 404 138 "-" "Mozilla/5.0 (Windows NT 10.0; Win64; x64) AppleWebKit/537.36 (KHTML, like Gecko) Chrome/120.0.0.0 Safari/537.36"
20.189.95.92 - - [14/Mar/2026:06:41:50 +0800] "GET /admin.php HTTP/1.1" 404 138 "-" "Mozilla/5.0 (Windows NT 10.0; Win64; x64) AppleWebKit/537.36 (KHTML, like Gecko) Chrome/120.0.0.0 Safari/537.36"
20.189.95.92 - - [14/Mar/2026:06:41:50 +0800] "GET /admin/controller/extension/extension/ HTTP/1.1" 404 138 "-" "Mozilla/5.0 (Windows NT 10.0; Win64; x64) AppleWebKit/537.36 (KHTML, like Gecko) Chrome/120.0.0.0 Safari/537.36"
20.189.95.92 - - [14/Mar/2026:06:41:50 +0800] "GET /adminfuns.php HTTP/1.1" 404 138 "-" "Mozilla/5.0 (Windows NT 10.0; Win64; x64) AppleWebKit/537.36 (KHTML, like Gecko) Chrome/120.0.0.0 Safari/537.36"
20.189.95.92 - - [14/Mar/2026:06:41:50 +0800] "GET /akc.php HTTP/1.1" 404 138 "-" "Mozilla/5.0 (Windows NT 10.0; Win64; x64) AppleWebKit/537.36 (KHTML, like Gecko) Chrome/120.0.0.0 Safari/537.36"
20.189.95.92 - - [14/Mar/2026:06:41:50 +0800] "GET /buy.php HTTP/1.1" 404 138 "-" "Mozilla/5.0 (Windows NT 10.0; Win64; x64) AppleWebKit/537.36 (KHTML, like Gecko) Chrome/120.0.0.0 Safari/537.36"
20.189.95.92 - - [14/Mar/2026:06:41:51 +0800] "GET /cong.php HTTP/1.1" 404 138 "-" "Mozilla/5.0 (Windows NT 10.0; Win64; x64) AppleWebKit/537.36 (KHTML, like Gecko) Chrome/120.0.0.0 Safari/537.36"
20.189.95.92 - - [14/Mar/2026:06:41:51 +0800] "GET /css/classwithtostring.php HTTP/1.1" 404 138 "-" "Mozilla/5.0 (Windows NT 10.0; Win64; x64) AppleWebKit/537.36 (KHTML, like Gecko) Chrome/120.0.0.0 Safari/537.36"
20.189.95.92 - - [14/Mar/2026:06:41:51 +0800] "GET /db.php HTTP/1.1" 404 138 "-" "Mozilla/5.0 (Windows NT 10.0; Win64; x64) AppleWebKit/537.36 (KHTML, like Gecko) Chrome/120.0.0.0 Safari/537.36"
20.189.95.92 - - [14/Mar/2026:06:41:51 +0800] "GET /dropdown.php HTTP/1.1" 404 138 "-" "Mozilla/5.0 (Windows NT 10.0; Win64; x64) AppleWebKit/537.36 (KHTML, like Gecko) Chrome/120.0.0.0 Safari/537.36"
20.189.95.92 - - [14/Mar/2026:06:41:51 +0800] "GET /file.php HTTP/1.1" 404 138 "-" "Mozilla/5.0 (Windows NT 10.0; Win64; x64) AppleWebKit/537.36 (KHTML, like Gecko) Chrome/120.0.0.0 Safari/537.36"
20.189.95.92 - - [14/Mar/2026:06:41:51 +0800] "GET /goods.php HTTP/1.1" 404 138 "-" "Mozilla/5.0 (Windows NT 10.0; Win64; x64) AppleWebKit/537.36 (KHTML, like Gecko) Chrome/120.0.0.0 Safari/537.36"
20.189.95.92 - - [14/Mar/2026:06:41:51 +0800] "GET /hplfuns.php HTTP/1.1" 404 138 "-" "Mozilla/5.0 (Windows NT 10.0; Win64; x64) AppleWebKit/537.36 (KHTML, like Gecko) Chrome/120.0.0.0 Safari/537.36"
20.189.95.92 - - [14/Mar/2026:06:41:51 +0800] "GET /htaccess.php HTTP/1.1" 404 138 "-" "Mozilla/5.0 (Windows NT 10.0; Win64; x64) AppleWebKit/537.36 (KHTML, like Gecko) Chrome/120.0.0.0 Safari/537.36"
20.189.95.92 - - [14/Mar/2026:06:41:51 +0800] "GET /images/wso.php HTTP/1.1" 404 138 "-" "Mozilla/5.0 (Windows NT 10.0; Win64; x64) AppleWebKit/537.36 (KHTML, like Gecko) Chrome/120.0.0.0 Safari/537.36"
20.189.95.92 - - [14/Mar/2026:06:41:51 +0800] "GET /index/function.php HTTP/1.1" 404 138 "-" "Mozilla/5.0 (Windows NT 10.0; Win64; x64) AppleWebKit/537.36 (KHTML, like Gecko) Chrome/120.0.0.0 Safari/537.36"
20.189.95.92 - - [14/Mar/2026:06:41:51 +0800] "GET /info.php HTTP/1.1" 404 138 "-" "Mozilla/5.0 (Windows NT 10.0; Win64; x64) AppleWebKit/537.36 (KHTML, like Gecko) Chrome/120.0.0.0 Safari/537.36"
20.189.95.92 - - [14/Mar/2026:06:41:51 +0800] "GET /profile.php HTTP/1.1" 404 138 "-" "Mozilla/5.0 (Windows NT 10.0; Win64; x64) AppleWebKit/537.36 (KHTML, like Gecko) Chrome/120.0.0.0 Safari/537.36"
20.189.95.92 - - [14/Mar/2026:06:41:51 +0800] "GET /sx.php HTTP/1.1" 404 138 "-" "Mozilla/5.0 (Windows NT 10.0; Win64; x64) AppleWebKit/537.36 (KHTML, like Gecko) Chrome/120.0.0.0 Safari/537.36"
20.189.95.92 - - [14/Mar/2026:06:41:51 +0800] "GET /wp-admin/css/colors/blue/index.php HTTP/1.1" 404 138 "-" "Mozilla/5.0 (Windows NT 10.0; Win64; x64) AppleWebKit/537.36 (KHTML, like Gecko) Chrome/120.0.0.0 Safari/537.36"
20.189.95.92 - - [14/Mar/2026:06:41:51 +0800] "GET /wp-admin/images/admin.php HTTP/1.1" 404 138 "-" "Mozilla/5.0 (Windows NT 10.0; Win64; x64) AppleWebKit/537.36 (KHTML, like Gecko) Chrome/120.0.0.0 Safari/537.36"
20.189.95.92 - - [14/Mar/2026:06:41:51 +0800] "GET /wp-admin/includes/ HTTP/1.1" 404 138 "-" "Mozilla/5.0 (Windows NT 10.0; Win64; x64) AppleWebKit/537.36 (KHTML, like Gecko) Chrome/120.0.0.0 Safari/537.36"
20.189.95.92 - - [14/Mar/2026:06:41:51 +0800] "GET /wp-admin/js/index.php HTTP/1.1" 404 138 "-" "Mozilla/5.0 (Windows NT 10.0; Win64; x64) AppleWebKit/537.36 (KHTML, like Gecko) Chrome/120.0.0.0 Safari/537.36"
20.189.95.92 - - [14/Mar/2026:06:41:51 +0800] "GET /wp-admin/js/widgets/ HTTP/1.1" 404 138 "-" "Mozilla/5.0 (Windows NT 10.0; Win64; x64) AppleWebKit/537.36 (KHTML, like Gecko) Chrome/120.0.0.0 Safari/537.36"
20.189.95.92 - - [14/Mar/2026:06:41:51 +0800] "GET /wp-content/about.php HTTP/1.1" 404 138 "-" "Mozilla/5.0 (Windows NT 10.0; Win64; x64) AppleWebKit/537.36 (KHTML, like Gecko) Chrome/120.0.0.0 Safari/537.36"
20.189.95.92 - - [14/Mar/2026:06:41:51 +0800] "GET /wp-content/admin-header.php HTTP/1.1" 404 138 "-" "Mozilla/5.0 (Windows NT 10.0; Win64; x64) AppleWebKit/537.36 (KHTML, like Gecko) Chrome/120.0.0.0 Safari/537.36"
20.189.95.92 - - [14/Mar/2026:06:41:51 +0800] "GET /wp-content/admin.php HTTP/1.1" 404 138 "-" "Mozilla/5.0 (Windows NT 10.0; Win64; x64) AppleWebKit/537.36 (KHTML, like Gecko) Chrome/120.0.0.0 Safari/537.36"
20.189.95.92 - - [14/Mar/2026:06:41:51 +0800] "GET /wp-content/content.php HTTP/1.1" 404 138 "-" "Mozilla/5.0 (Windows NT 10.0; Win64; x64) AppleWebKit/537.36 (KHTML, like Gecko) Chrome/120.0.0.0 Safari/537.36"
20.189.95.92 - - [14/Mar/2026:06:41:51 +0800] "GET /wp-content/index.php HTTP/1.1" 404 138 "-" "Mozilla/5.0 (Windows NT 10.0; Win64; x64) AppleWebKit/537.36 (KHTML, like Gecko) Chrome/120.0.0.0 Safari/537.36"
20.189.95.92 - - [14/Mar/2026:06:41:51 +0800] "GET /wp-content/plugins/Ultimate_VC_Addons/assets/alfa-rex.php7 HTTP/1.1" 404 138 "-" "Mozilla/5.0 (Windows NT 10.0; Win64; x64) AppleWebKit/537.36 (KHTML, like Gecko) Chrome/120.0.0.0 Safari/537.36"
20.189.95.92 - - [14/Mar/2026:06:41:51 +0800] "GET /wp-content/plugins/about.php HTTP/1.1" 404 138 "-" "Mozilla/5.0 (Windows NT 10.0; Win64; x64) AppleWebKit/537.36 (KHTML, like Gecko) Chrome/120.0.0.0 Safari/537.36"
20.189.95.92 - - [14/Mar/2026:06:41:51 +0800] "GET /wp-content/plugins/admin.php HTTP/1.1" 404 138 "-" "Mozilla/5.0 (Windows NT 10.0; Win64; x64) AppleWebKit/537.36 (KHTML, like Gecko) Chrome/120.0.0.0 Safari/537.36"
20.189.95.92 - - [14/Mar/2026:06:41:51 +0800] "GET /wp-content/plugins/classic-editor/wp-login.php HTTP/1.1" 404 138 "-" "Mozilla/5.0 (Windows NT 10.0; Win64; x64) AppleWebKit/537.36 (KHTML, like Gecko) Chrome/120.0.0.0 Safari/537.36"
20.189.95.92 - - [14/Mar/2026:06:41:51 +0800] "GET /wp-content/plugins/yanierin/akc.php HTTP/1.1" 404 138 "-" "Mozilla/5.0 (Windows NT 10.0; Win64; x64) AppleWebKit/537.36 (KHTML, like Gecko) Chrome/120.0.0.0 Safari/537.36"
20.189.95.92 - - [14/Mar/2026:06:41:51 +0800] "GET /wp-content/themes/about.php HTTP/1.1" 404 138 "-" "Mozilla/5.0 (Windows NT 10.0; Win64; x64) AppleWebKit/537.36 (KHTML, like Gecko) Chrome/120.0.0.0 Safari/537.36"
20.189.95.92 - - [14/Mar/2026:06:41:51 +0800] "GET /wp-content/themes/admin.php HTTP/1.1" 404 138 "-" "Mozilla/5.0 (Windows NT 10.0; Win64; x64) AppleWebKit/537.36 (KHTML, like Gecko) Chrome/120.0.0.0 Safari/537.36"
20.189.95.92 - - [14/Mar/2026:06:41:51 +0800] "GET /wp-content/upgrade/index.php HTTP/1.1" 404 138 "-" "Mozilla/5.0 (Windows NT 10.0; Win64; x64) AppleWebKit/537.36 (KHTML, like Gecko) Chrome/120.0.0.0 Safari/537.36"
20.189.95.92 - - [14/Mar/2026:06:41:51 +0800] "GET /wp-content/uploads/ HTTP/1.1" 404 138 "-" "Mozilla/5.0 (Windows NT 10.0; Win64; x64) AppleWebKit/537.36 (KHTML, like Gecko) Chrome/120.0.0.0 Safari/537.36"
20.189.95.92 - - [14/Mar/2026:06:41:51 +0800] "GET /wp-content/uploads/2025/ HTTP/1.1" 404 138 "-" "Mozilla/5.0 (Windows NT 10.0; Win64; x64) AppleWebKit/537.36 (KHTML, like Gecko) Chrome/120.0.0.0 Safari/537.36"
20.189.95.92 - - [14/Mar/2026:06:41:51 +0800] "GET /wp-content/uploads/admin.php HTTP/1.1" 404 138 "-" "Mozilla/5.0 (Windows NT 10.0; Win64; x64) AppleWebKit/537.36 (KHTML, like Gecko) Chrome/120.0.0.0 Safari/537.36"
20.189.95.92 - - [14/Mar/2026:06:41:51 +0800] "GET /wp-fclass.php HTTP/1.1" 404 138 "-" "Mozilla/5.0 (Windows NT 10.0; Win64; x64) AppleWebKit/537.36 (KHTML, like Gecko) Chrome/120.0.0.0 Safari/537.36"
20.189.95.92 - - [14/Mar/2026:06:41:51 +0800] "GET /wp-includes/ID3/ HTTP/1.1" 404 138 "-" "Mozilla/5.0 (Windows NT 10.0; Win64; x64) AppleWebKit/537.36 (KHTML, like Gecko) Chrome/120.0.0.0 Safari/537.36"
20.189.95.92 - - [14/Mar/2026:06:41:51 +0800] "GET /wp-includes/PHPMailer/ HTTP/1.1" 404 138 "-" "Mozilla/5.0 (Windows NT 10.0; Win64; x64) AppleWebKit/537.36 (KHTML, like Gecko) Chrome/120.0.0.0 Safari/537.36"
20.189.95.92 - - [14/Mar/2026:06:41:51 +0800] "GET /wp-includes/Requests/about.php HTTP/1.1" 404 138 "-" "Mozilla/5.0 (Windows NT 10.0; Win64; x64) AppleWebKit/537.36 (KHTML, like Gecko) Chrome/120.0.0.0 Safari/537.36"
20.189.95.92 - - [14/Mar/2026:06:41:51 +0800] "GET /wp-includes/Requests/alfa-rex.php HTTP/1.1" 404 138 "-" "Mozilla/5.0 (Windows NT 10.0; Win64; x64) AppleWebKit/537.36 (KHTML, like Gecko) Chrome/120.0.0.0 Safari/537.36"
20.189.95.92 - - [14/Mar/2026:06:41:51 +0800] "GET /wp-includes/Requests/src/Cookie/ HTTP/1.1" 404 138 "-" "Mozilla/5.0 (Windows NT 10.0; Win64; x64) AppleWebKit/537.36 (KHTML, like Gecko) Chrome/120.0.0.0 Safari/537.36"
20.189.95.92 - - [14/Mar/2026:06:41:51 +0800] "GET /wp-includes/Requests/src/Response/about.php HTTP/1.1" 404 138 "-" "Mozilla/5.0 (Windows NT 10.0; Win64; x64) AppleWebKit/537.36 (KHTML, like Gecko) Chrome/120.0.0.0 Safari/537.36"
20.189.95.92 - - [14/Mar/2026:06:41:51 +0800] "GET /wp-includes/Text/Diff/Renderer/ HTTP/1.1" 404 138 "-" "Mozilla/5.0 (Windows NT 10.0; Win64; x64) AppleWebKit/537.36 (KHTML, like Gecko) Chrome/120.0.0.0 Safari/537.36"
20.189.95.92 - - [14/Mar/2026:06:41:51 +0800] "GET /wp-includes/Text/index.php HTTP/1.1" 404 138 "-" "Mozilla/5.0 (Windows NT 10.0; Win64; x64) AppleWebKit/537.36 (KHTML, like Gecko) Chrome/120.0.0.0 Safari/537.36"
20.189.95.92 - - [14/Mar/2026:06:41:51 +0800] "GET /wp-includes/Text/xwx1.php HTTP/1.1" 404 138 "-" "Mozilla/5.0 (Windows NT 10.0; Win64; x64) AppleWebKit/537.36 (KHTML, like Gecko) Chrome/120.0.0.0 Safari/537.36"
20.189.95.92 - - [14/Mar/2026:06:41:51 +0800] "GET /wp-includes/assets/about.php HTTP/1.1" 404 138 "-" "Mozilla/5.0 (Windows NT 10.0; Win64; x64) AppleWebKit/537.36 (KHTML, like Gecko) Chrome/120.0.0.0 Safari/537.36"
20.189.95.92 - - [14/Mar/2026:06:41:51 +0800] "GET /wp-includes/block-patterns/ HTTP/1.1" 404 138 "-" "Mozilla/5.0 (Windows NT 10.0; Win64; x64) AppleWebKit/537.36 (KHTML, like Gecko) Chrome/120.0.0.0 Safari/537.36"
20.189.95.92 - - [14/Mar/2026:06:41:51 +0800] "GET /wp-includes/blocks/ HTTP/1.1" 404 138 "-" "Mozilla/5.0 (Windows NT 10.0; Win64; x64) AppleWebKit/537.36 (KHTML, like Gecko) Chrome/120.0.0.0 Safari/537.36"
20.189.95.92 - - [14/Mar/2026:06:41:51 +0800] "GET /wp-includes/customize/class-wp-customize-cropped-image-control.php HTTP/1.1" 404 138 "-" "Mozilla/5.0 (Windows NT 10.0; Win64; x64) AppleWebKit/537.36 (KHTML, like Gecko) Chrome/120.0.0.0 Safari/537.36"
20.189.95.92 - - [14/Mar/2026:06:41:51 +0800] "GET /wp-includes/images/media/ HTTP/1.1" 404 138 "-" "Mozilla/5.0 (Windows NT 10.0; Win64; x64) AppleWebKit/537.36 (KHTML, like Gecko) Chrome/120.0.0.0 Safari/537.36"
20.189.95.92 - - [14/Mar/2026:06:41:51 +0800] "GET /wp-includes/images/smilies/about.php HTTP/1.1" 404 138 "-" "Mozilla/5.0 (Windows NT 10.0; Win64; x64) AppleWebKit/537.36 (KHTML, like Gecko) Chrome/120.0.0.0 Safari/537.36"
20.189.95.92 - - [14/Mar/2026:06:41:51 +0800] "GET /wp-includes/images/wp-login.php HTTP/1.1" 404 138 "-" "Mozilla/5.0 (Windows NT 10.0; Win64; x64) AppleWebKit/537.36 (KHTML, like Gecko) Chrome/120.0.0.0 Safari/537.36"
20.189.95.92 - - [14/Mar/2026:06:41:51 +0800] "GET /wp-includes/js/dist/script-modules/block-library/search/about.php HTTP/1.1" 404 138 "-" "Mozilla/5.0 (Windows NT 10.0; Win64; x64) AppleWebKit/537.36 (KHTML, like Gecko) Chrome/120.0.0.0 Safari/537.36"
20.189.95.92 - - [14/Mar/2026:06:41:51 +0800] "GET /wp-includes/style-engine/ HTTP/1.1" 404 138 "-" "Mozilla/5.0 (Windows NT 10.0; Win64; x64) AppleWebKit/537.36 (KHTML, like Gecko) Chrome/120.0.0.0 Safari/537.36"
20.189.95.92 - - [14/Mar/2026:06:41:51 +0800] "GET /wp-themes.php HTTP/1.1" 404 138 "-" "Mozilla/5.0 (Windows NT 10.0; Win64; x64) AppleWebKit/537.36 (KHTML, like Gecko) Chrome/120.0.0.0 Safari/537.36"
20.189.95.92 - - [14/Mar/2026:06:41:51 +0800] "GET /xmlrpc.php HTTP/1.1" 404 138 "-" "Mozilla/5.0 (Windows NT 10.0; Win64; x64) AppleWebKit/537.36 (KHTML, like Gecko) Chrome/120.0.0.0 Safari/537.36"
49.234.192.248 - - [14/Mar/2026:06:44:02 +0800] "GET / HTTP/1.1" 301 162 "-" "Mozilla/5.0 (iPhone; CPU iPhone OS 13_2_3 like Mac OS X) AppleWebKit/605.1.15 (KHTML, like Gecko) Version/13.0.3 Mobile/15E148 Safari/604.1"
49.234.192.248 - - [14/Mar/2026:06:44:04 +0800] "GET / HTTP/1.1" 200 256 "http://www.auzdo.com" "Mozilla/5.0 (iPhone; CPU iPhone OS 13_2_3 like Mac OS X) AppleWebKit/605.1.15 (KHTML, like Gecko) Version/13.0.3 Mobile/15E148 Safari/604.1"
66.249.74.168 - - [14/Mar/2026:06:47:53 +0800] "GET /?detail/11802146914912 HTTP/1.1" 200 256 "-" "Mozilla/5.0 (Linux; Android 6.0.1; Nexus 5X Build/MMB29P) AppleWebKit/537.36 (KHTML, like Gecko) Chrome/145.0.7632.116 Mobile Safari/537.36 (compatible; Googlebot/2.1; +http://www.google.com/bot.html)"
114.119.157.112 - - [14/Mar/2026:06:47:53 +0800] "GET /sitemap130.xml HTTP/1.1" 404 138 "-" "Mozilla/5.0 (Linux; Android 7.0;) AppleWebKit/537.36 (KHTML, like Gecko) Mobile Safari/537.36 (compatible; PetalBot;+https://webmaster.petalsearch.com/site/petalbot)"
66.249.74.169 - - [14/Mar/2026:06:47:53 +0800] "GET /category/180_11094_18366/1 HTTP/1.1" 404 138 "-" "Mozilla/5.0 (Linux; Android 6.0.1; Nexus 5X Build/MMB29P) AppleWebKit/537.36 (KHTML, like Gecko) Chrome/145.0.7632.116 Mobile Safari/537.36 (compatible; Googlebot/2.1; +http://www.google.com/bot.html)"
114.119.155.118 - - [14/Mar/2026:06:48:50 +0800] "GET /m127030070 HTTP/1.1" 404 138 "https://auzdo.com/?sitemap891.xml" "Mozilla/5.0 (Linux; Android 7.0;) AppleWebKit/537.36 (KHTML, like Gecko) Mobile Safari/537.36 (compatible; PetalBot;+https://webmaster.petalsearch.com/site/petalbot)"
66.249.74.169 - - [14/Mar/2026:06:49:54 +0800] "GET /category/71_753_1021_1163_9402/1 HTTP/1.1" 404 138 "-" "Mozilla/5.0 (Linux; Android 6.0.1; Nexus 5X Build/MMB29P) AppleWebKit/537.36 (KHTML, like Gecko) Chrome/145.0.7632.116 Mobile Safari/537.36 (compatible; Googlebot/2.1; +http://www.google.com/bot.html)"
114.119.138.214 - - [14/Mar/2026:06:50:03 +0800] "GET /m124026735 HTTP/1.1" 404 138 "https://auzdo.com/?sitemap891.xml" "Mozilla/5.0 (Linux; Android 7.0;) AppleWebKit/537.36 (KHTML, like Gecko) Mobile Safari/537.36 (compatible; PetalBot;+https://webmaster.petalsearch.com/site/petalbot)"
114.119.136.146 - - [14/Mar/2026:06:51:22 +0800] "GET /?_z=241047115 HTTP/1.1" 200 256 "https://auzdo.com/sitemap986.xml" "Mozilla/5.0 (Linux; Android 7.0;) AppleWebKit/537.36 (KHTML, like Gecko) Mobile Safari/537.36 (compatible; PetalBot;+https://webmaster.petalsearch.com/site/petalbot)"
114.119.157.112 - - [14/Mar/2026:06:52:49 +0800] "GET /?_z=268022220 HTTP/1.1" 200 256 "https://auzdo.com/sitemap741.xml" "Mozilla/5.0 (Linux; Android 7.0;) AppleWebKit/537.36 (KHTML, like Gecko) Mobile Safari/537.36 (compatible; PetalBot;+https://webmaster.petalsearch.com/site/petalbot)"
114.119.155.118 - - [14/Mar/2026:06:55:46 +0800] "GET /?_z=196013284 HTTP/1.1" 200 256 "https://auzdo.com/sitemap741.xml" "Mozilla/5.0 (Linux; Android 7.0;) AppleWebKit/537.36 (KHTML, like Gecko) Mobile Safari/537.36 (compatible; PetalBot;+https://webmaster.petalsearch.com/site/petalbot)"
114.119.132.57 - - [14/Mar/2026:06:56:59 +0800] "GET /m030000483 HTTP/1.1" 404 138 "https://auzdo.com/?sitemap891.xml" "Mozilla/5.0 (Linux; Android 7.0;) AppleWebKit/537.36 (KHTML, like Gecko) Mobile Safari/537.36 (compatible; PetalBot;+https://webmaster.petalsearch.com/site/petalbot)"
114.119.155.118 - - [14/Mar/2026:06:58:25 +0800] "GET /?_z=043039797 HTTP/1.1" 200 256 "https://auzdo.com/sitemap855.xml" "Mozilla/5.0 (Linux; Android 7.0;) AppleWebKit/537.36 (KHTML, like Gecko) Mobile Safari/537.36 (compatible; PetalBot;+https://webmaster.petalsearch.com/site/petalbot)"
114.119.136.146 - - [14/Mar/2026:07:01:14 +0800] "GET /?_z=034011922 HTTP/1.1" 200 256 "https://auzdo.com/?sitemap595.xml" "Mozilla/5.0 (Linux; Android 7.0;) AppleWebKit/537.36 (KHTML, like Gecko) Mobile Safari/537.36 (compatible; PetalBot;+https://webmaster.petalsearch.com/site/petalbot)"
66.249.74.168 - - [14/Mar/2026:07:01:56 +0800] "GET /category/305_306_1996_2540/1 HTTP/1.1" 404 138 "-" "Mozilla/5.0 (Linux; Android 6.0.1; Nexus 5X Build/MMB29P) AppleWebKit/537.36 (KHTML, like Gecko) Chrome/145.0.7632.116 Mobile Safari/537.36 (compatible; Googlebot/2.1; +http://www.google.com/bot.html)"
114.119.138.214 - - [14/Mar/2026:07:02:50 +0800] "GET /?_y=236028064 HTTP/1.1" 200 256 "https://auzdo.com/sitemap986.xml" "Mozilla/5.0 (Linux; Android 7.0;) AppleWebKit/537.36 (KHTML, like Gecko) Mobile Safari/537.36 (compatible; PetalBot;+https://webmaster.petalsearch.com/site/petalbot)"
114.119.136.146 - - [14/Mar/2026:07:04:05 +0800] "GET /?_y=220004984 HTTP/1.1" 200 256 "https://auzdo.com/sitemap934.xml" "Mozilla/5.0 (Linux; Android 7.0;) AppleWebKit/537.36 (KHTML, like Gecko) Mobile Safari/537.36 (compatible; PetalBot;+https://webmaster.petalsearch.com/site/petalbot)"
114.119.155.118 - - [14/Mar/2026:07:06:43 +0800] "GET /m107032388 HTTP/1.1" 404 138 "https://auzdo.com/?sitemap891.xml" "Mozilla/5.0 (Linux; Android 7.0;) AppleWebKit/537.36 (KHTML, like Gecko) Mobile Safari/537.36 (compatible; PetalBot;+https://webmaster.petalsearch.com/site/petalbot)"
114.119.157.112 - - [14/Mar/2026:07:08:26 +0800] "GET /?_y=177018871 HTTP/1.1" 200 256 "https://auzdo.com/sitemap943.xml" "Mozilla/5.0 (Linux; Android 7.0;) AppleWebKit/537.36 (KHTML, like Gecko) Mobile Safari/537.36 (compatible; PetalBot;+https://webmaster.petalsearch.com/site/petalbot)"
66.249.74.167 - - [14/Mar/2026:07:09:57 +0800] "GET /?detail/251014790468 HTTP/1.1" 200 256 "-" "Mozilla/5.0 (Linux; Android 6.0.1; Nexus 5X Build/MMB29P) AppleWebKit/537.36 (KHTML, like Gecko) Chrome/145.0.7632.116 Mobile Safari/537.36 (compatible; Googlebot/2.1; +http://www.google.com/bot.html)"
