114.119.139.78 - - [13/Mar/2026:14:34:27 +0800] "GET /?_z=085038561 HTTP/1.1" 200 256 "https://auzdo.com/sitemap741.xml" "Mozilla/5.0 (Linux; Android 7.0;) AppleWebKit/537.36 (KHTML, like Gecko) Mobile Safari/537.36 (compatible; PetalBot;+https://webmaster.petalsearch.com/site/petalbot)"
114.119.147.32 - - [13/Mar/2026:14:37:08 +0800] "GET /?_z=035049791 HTTP/1.1" 200 256 "https://auzdo.com/?sitemap595.xml" "Mozilla/5.0 (Linux; Android 7.0;) AppleWebKit/537.36 (KHTML, like Gecko) Mobile Safari/537.36 (compatible; PetalBot;+https://webmaster.petalsearch.com/site/petalbot)"
114.119.132.57 - - [13/Mar/2026:14:39:50 +0800] "GET /?_z=014016870 HTTP/1.1" 200 256 "https://auzdo.com/sitemap848.xml" "Mozilla/5.0 (Linux; Android 7.0;) AppleWebKit/537.36 (KHTML, like Gecko) Mobile Safari/537.36 (compatible; PetalBot;+https://webmaster.petalsearch.com/site/petalbot)"
66.249.74.168 - - [13/Mar/2026:14:40:47 +0800] "GET /category/180_1254_1878/1 HTTP/1.1" 404 138 "-" "Mozilla/5.0 (Linux; Android 6.0.1; Nexus 5X Build/MMB29P) AppleWebKit/537.36 (KHTML, like Gecko) Chrome/145.0.7632.116 Mobile Safari/537.36 (compatible; Googlebot/2.1; +http://www.google.com/bot.html)"
157.20.108.114 - - [13/Mar/2026:14:41:16 +0800] "GET /zl.html HTTP/2.0" 200 969 "-" "Mozilla/5.0 (Macintosh; Intel Mac OS X 10_15_7) AppleWebKit/605.1.15 (KHTML, like Gecko) Version/18.3 Safari/605.1.15"
114.119.147.32 - - [13/Mar/2026:14:41:18 +0800] "GET /?_y=289027247 HTTP/1.1" 200 256 "https://auzdo.com/sitemap934.xml" "Mozilla/5.0 (Linux; Android 7.0;) AppleWebKit/537.36 (KHTML, like Gecko) Mobile Safari/537.36 (compatible; PetalBot;+https://webmaster.petalsearch.com/site/petalbot)"
114.119.136.146 - - [13/Mar/2026:14:43:34 +0800] "GET /?_y=169036611 HTTP/1.1" 200 256 "https://auzdo.com/sitemap788.xml" "Mozilla/5.0 (Linux; Android 7.0;) AppleWebKit/537.36 (KHTML, like Gecko) Mobile Safari/537.36 (compatible; PetalBot;+https://webmaster.petalsearch.com/site/petalbot)"
157.20.108.114 - - [13/Mar/2026:14:44:32 +0800] "GET /zl.html HTTP/2.0" 200 970 "-" "Mozilla/5.0 (Macintosh; Intel Mac OS X 10_15_7) AppleWebKit/605.1.15 (KHTML, like Gecko) Version/18.3 Safari/605.1.15"
114.119.139.78 - - [13/Mar/2026:14:45:41 +0800] "GET /?_y=152037282 HTTP/1.1" 200 256 "https://auzdo.com/sitemap85.xml" "Mozilla/5.0 (Linux; Android 7.0;) AppleWebKit/537.36 (KHTML, like Gecko) Mobile Safari/537.36 (compatible; PetalBot;+https://webmaster.petalsearch.com/site/petalbot)"
66.249.74.167 - - [13/Mar/2026:14:47:54 +0800] "GET /?_p=260027764 HTTP/1.1" 200 256 "-" "Mozilla/5.0 (Linux; Android 6.0.1; Nexus 5X Build/MMB29P) AppleWebKit/537.36 (KHTML, like Gecko) Chrome/145.0.7632.116 Mobile Safari/537.36 (compatible; Googlebot/2.1; +http://www.google.com/bot.html)"
66.249.74.167 - - [13/Mar/2026:14:47:55 +0800] "GET /?jp/155011740.html HTTP/1.1" 200 256 "-" "Mozilla/5.0 (Linux; Android 6.0.1; Nexus 5X Build/MMB29P) AppleWebKit/537.36 (KHTML, like Gecko) Chrome/145.0.7632.116 Mobile Safari/537.36 (compatible; Googlebot/2.1; +http://www.google.com/bot.html)"
114.119.157.112 - - [13/Mar/2026:14:48:50 +0800] "GET /?_x=282042692 HTTP/1.1" 200 256 "https://auzdo.com/sitemap912.xml" "Mozilla/5.0 (Linux; Android 7.0;) AppleWebKit/537.36 (KHTML, like Gecko) Mobile Safari/537.36 (compatible; PetalBot;+https://webmaster.petalsearch.com/site/petalbot)"
66.249.74.169 - - [13/Mar/2026:14:48:56 +0800] "GET /?jp/099037433.html HTTP/1.1" 200 256 "-" "Mozilla/5.0 (Linux; Android 6.0.1; Nexus 5X Build/MMB29P) AppleWebKit/537.36 (KHTML, like Gecko) Chrome/145.0.7632.116 Mobile Safari/537.36 (compatible; Googlebot/2.1; +http://www.google.com/bot.html)"
157.20.108.114 - - [13/Mar/2026:14:51:35 +0800] "GET /zl.html HTTP/2.0" 304 0 "-" "Mozilla/5.0 (Macintosh; Intel Mac OS X 10_15_7) AppleWebKit/605.1.15 (KHTML, like Gecko) Version/18.3 Safari/605.1.15"
157.20.108.114 - - [13/Mar/2026:14:51:35 +0800] "GET /favicon.ico HTTP/2.0" 404 138 "https://www.auzdo.com/zl.html" "Mozilla/5.0 (Macintosh; Intel Mac OS X 10_15_7) AppleWebKit/605.1.15 (KHTML, like Gecko) Version/18.3 Safari/605.1.15"
114.119.155.118 - - [13/Mar/2026:14:52:10 +0800] "GET /?_x=203011381 HTTP/1.1" 200 256 "https://auzdo.com/?sitemap854.xml" "Mozilla/5.0 (Linux; Android 7.0;) AppleWebKit/537.36 (KHTML, like Gecko) Mobile Safari/537.36 (compatible; PetalBot;+https://webmaster.petalsearch.com/site/petalbot)"
114.119.132.57 - - [13/Mar/2026:14:55:27 +0800] "GET /?_x=118021614 HTTP/1.1" 200 256 "https://auzdo.com/sitemap965.xml" "Mozilla/5.0 (Linux; Android 7.0;) AppleWebKit/537.36 (KHTML, like Gecko) Mobile Safari/537.36 (compatible; PetalBot;+https://webmaster.petalsearch.com/site/petalbot)"
114.119.139.78 - - [13/Mar/2026:14:56:42 +0800] "GET /?_w=163033893 HTTP/1.1" 200 256 "https://auzdo.com/?sitemap891.xml" "Mozilla/5.0 (Linux; Android 7.0;) AppleWebKit/537.36 (KHTML, like Gecko) Mobile Safari/537.36 (compatible; PetalBot;+https://webmaster.petalsearch.com/site/petalbot)"
114.119.138.214 - - [13/Mar/2026:14:59:14 +0800] "GET /?_w=068009912 HTTP/1.1" 200 256 "https://auzdo.com/sitemap948.xml" "Mozilla/5.0 (Linux; Android 7.0;) AppleWebKit/537.36 (KHTML, like Gecko) Mobile Safari/537.36 (compatible; PetalBot;+https://webmaster.petalsearch.com/site/petalbot)"
114.119.147.32 - - [13/Mar/2026:15:03:14 +0800] "GET /?_v=285041875 HTTP/1.1" 200 256 "https://auzdo.com/sitemap934.xml" "Mozilla/5.0 (Linux; Android 7.0;) AppleWebKit/537.36 (KHTML, like Gecko) Mobile Safari/537.36 (compatible; PetalBot;+https://webmaster.petalsearch.com/site/petalbot)"
114.119.147.32 - - [13/Mar/2026:15:06:05 +0800] "GET /?_v=236024220 HTTP/1.1" 200 256 "https://auzdo.com/sitemap965.xml" "Mozilla/5.0 (Linux; Android 7.0;) AppleWebKit/537.36 (KHTML, like Gecko) Mobile Safari/537.36 (compatible; PetalBot;+https://webmaster.petalsearch.com/site/petalbot)"
114.119.157.112 - - [13/Mar/2026:15:08:47 +0800] "GET /?_v=222005128 HTTP/1.1" 200 256 "https://auzdo.com/sitemap986.xml" "Mozilla/5.0 (Linux; Android 7.0;) AppleWebKit/537.36 (KHTML, like Gecko) Mobile Safari/537.36 (compatible; PetalBot;+https://webmaster.petalsearch.com/site/petalbot)"
66.249.74.169 - - [13/Mar/2026:15:09:57 +0800] "GET /?jp/159025412.html HTTP/1.1" 200 256 "-" "Mozilla/5.0 (Linux; Android 6.0.1; Nexus 5X Build/MMB29P) AppleWebKit/537.36 (KHTML, like Gecko) Chrome/145.0.7632.116 Mobile Safari/537.36 (compatible; Googlebot/2.1; +http://www.google.com/bot.html)"
66.249.74.169 - - [13/Mar/2026:15:09:57 +0800] "GET /category/71_737_4319_4320/1 HTTP/1.1" 404 138 "-" "Mozilla/5.0 (Linux; Android 6.0.1; Nexus 5X Build/MMB29P) AppleWebKit/537.36 (KHTML, like Gecko) Chrome/145.0.7632.116 Mobile Safari/537.36 (compatible; Googlebot/2.1; +http://www.google.com/bot.html)"
114.119.157.112 - - [13/Mar/2026:15:10:18 +0800] "GET /?_v=217016091 HTTP/1.1" 200 256 "https://auzdo.com/?sitemap891.xml" "Mozilla/5.0 (Linux; Android 7.0;) AppleWebKit/537.36 (KHTML, like Gecko) Mobile Safari/537.36 (compatible; PetalBot;+https://webmaster.petalsearch.com/site/petalbot)"
114.119.155.118 - - [13/Mar/2026:15:11:42 +0800] "GET /?_v=179031631 HTTP/1.1" 200 256 "https://auzdo.com/?sitemap891.xml" "Mozilla/5.0 (Linux; Android 7.0;) AppleWebKit/537.36 (KHTML, like Gecko) Mobile Safari/537.36 (compatible; PetalBot;+https://webmaster.petalsearch.com/site/petalbot)"
66.249.74.169 - - [13/Mar/2026:15:13:00 +0800] "GET /?jp/178004639.html HTTP/1.1" 200 256 "-" "Mozilla/5.0 (Linux; Android 6.0.1; Nexus 5X Build/MMB29P) AppleWebKit/537.36 (KHTML, like Gecko) Chrome/145.0.7632.116 Mobile Safari/537.36 (compatible; Googlebot/2.1; +http://www.google.com/bot.html)"
66.249.74.167 - - [13/Mar/2026:15:14:02 +0800] "GET /?goods/175037263 HTTP/1.1" 200 256 "-" "Mozilla/5.0 (Linux; Android 6.0.1; Nexus 5X Build/MMB29P) AppleWebKit/537.36 (KHTML, like Gecko) Chrome/145.0.7632.116 Mobile Safari/537.36 (compatible; Googlebot/2.1; +http://www.google.com/bot.html)"
66.249.74.167 - - [13/Mar/2026:15:14:02 +0800] "GET /category/1_253_254/1 HTTP/1.1" 404 138 "-" "Mozilla/5.0 (Linux; Android 6.0.1; Nexus 5X Build/MMB29P) AppleWebKit/537.36 (KHTML, like Gecko) Chrome/145.0.7632.116 Mobile Safari/537.36 (compatible; Googlebot/2.1; +http://www.google.com/bot.html)"
66.249.74.168 - - [13/Mar/2026:15:14:04 +0800] "GET /category/260_1267_6533/1 HTTP/1.1" 404 138 "-" "Mozilla/5.0 (Linux; Android 6.0.1; Nexus 5X Build/MMB29P) AppleWebKit/537.36 (KHTML, like Gecko) Chrome/145.0.7632.116 Mobile Safari/537.36 (compatible; Googlebot/2.1; +http://www.google.com/bot.html)"
114.119.134.116 - - [13/Mar/2026:15:15:28 +0800] "GET /search.php?sitemap542.xml HTTP/1.1" 404 138 "-" "Mozilla/5.0 (Linux; Android 7.0;) AppleWebKit/537.36 (KHTML, like Gecko) Mobile Safari/537.36 (compatible; PetalBot;+https://webmaster.petalsearch.com/site/petalbot)"
202.232.106.205 - - [13/Mar/2026:15:18:26 +0800] "GET /ff/js/min.php HTTP/2.0" 200 771 "https://www.auzdo.com/ff/js/min.php" "Mozilla/5.0 (Windows NT 10.0; Win64; x64) AppleWebKit/537.36 (KHTML, like Gecko) Chrome/146.0.0.0 Safari/537.36"
202.232.106.205 - - [13/Mar/2026:15:18:26 +0800] "GET /ff/js/js/js/jquery-3.7.1.js HTTP/2.0" 404 138 "https://www.auzdo.com/ff/js/min.php" "Mozilla/5.0 (Windows NT 10.0; Win64; x64) AppleWebKit/537.36 (KHTML, like Gecko) Chrome/146.0.0.0 Safari/537.36"
202.232.106.205 - - [13/Mar/2026:15:18:26 +0800] "GET /favicon.ico HTTP/2.0" 404 138 "https://www.auzdo.com/ff/js/min.php" "Mozilla/5.0 (Windows NT 10.0; Win64; x64) AppleWebKit/537.36 (KHTML, like Gecko) Chrome/146.0.0.0 Safari/537.36"
202.232.106.205 - - [13/Mar/2026:15:18:27 +0800] "POST /ff/js/min.php HTTP/2.0" 302 1921 "https://www.auzdo.com/ff/js/min.php" "Mozilla/5.0 (Windows NT 10.0; Win64; x64) AppleWebKit/537.36 (KHTML, like Gecko) Chrome/146.0.0.0 Safari/537.36"
202.232.106.206 - - [13/Mar/2026:15:18:27 +0800] "GET /favicon.ico HTTP/1.1" 404 138 "-" "WinHTTP Example/1.0"
202.232.106.205 - - [13/Mar/2026:15:18:27 +0800] "GET /ff/js/min.php HTTP/2.0" 200 1773 "-" "Mozilla/5.0 (Windows NT 10.0; Win64; x64) AppleWebKit/537.36 (KHTML, like Gecko) Chrome/146.0.0.0 Safari/537.36"
202.232.106.205 - - [13/Mar/2026:15:18:28 +0800] "GET /favicon.ico HTTP/2.0" 404 138 "https://www.auzdo.com/ff/js/min.php" "Mozilla/5.0 (Windows NT 10.0; Win64; x64) AppleWebKit/537.36 (KHTML, like Gecko) Chrome/146.0.0.0 Safari/537.36"
202.232.106.206 - - [13/Mar/2026:15:18:28 +0800] "GET /favicon.ico HTTP/1.1" 404 138 "-" "WinHTTP Example/1.0"
114.119.136.146 - - [13/Mar/2026:15:19:00 +0800] "GET /sitemap260.xml HTTP/1.1" 404 138 "-" "Mozilla/5.0 (Linux; Android 7.0;) AppleWebKit/537.36 (KHTML, like Gecko) Mobile Safari/537.36 (compatible; PetalBot;+https://webmaster.petalsearch.com/site/petalbot)"
114.119.146.94 - - [13/Mar/2026:15:20:27 +0800] "GET /?sitemap891.xml HTTP/1.1" 200 256 "-" "Mozilla/5.0 (Linux; Android 7.0;) AppleWebKit/537.36 (KHTML, like Gecko) Mobile Safari/537.36 (compatible; PetalBot;+https://webmaster.petalsearch.com/site/petalbot)"
114.119.165.226 - - [13/Mar/2026:15:20:29 +0800] "GET /m280043321 HTTP/1.1" 404 138 "https://auzdo.com/sitemap817.xml" "Mozilla/5.0 (Linux; Android 7.0;) AppleWebKit/537.36 (KHTML, like Gecko) Mobile Safari/537.36 (compatible; PetalBot;+https://webmaster.petalsearch.com/site/petalbot)"
114.119.136.146 - - [13/Mar/2026:15:23:10 +0800] "GET /m045001602 HTTP/1.1" 404 138 "https://auzdo.com/?sitemap595.xml" "Mozilla/5.0 (Linux; Android 7.0;) AppleWebKit/537.36 (KHTML, like Gecko) Mobile Safari/537.36 (compatible; PetalBot;+https://webmaster.petalsearch.com/site/petalbot)"
114.119.165.226 - - [13/Mar/2026:15:24:19 +0800] "GET /m038018889 HTTP/1.1" 404 138 "https://auzdo.com/?sitemap891.xml" "Mozilla/5.0 (Linux; Android 7.0;) AppleWebKit/537.36 (KHTML, like Gecko) Mobile Safari/537.36 (compatible; PetalBot;+https://webmaster.petalsearch.com/site/petalbot)"
114.119.157.112 - - [13/Mar/2026:15:27:14 +0800] "GET /m028009999 HTTP/1.1" 404 138 "https://auzdo.com/?sitemap854.xml" "Mozilla/5.0 (Linux; Android 7.0;) AppleWebKit/537.36 (KHTML, like Gecko) Mobile Safari/537.36 (compatible; PetalBot;+https://webmaster.petalsearch.com/site/petalbot)"
114.119.136.146 - - [13/Mar/2026:15:29:54 +0800] "GET /m011026384 HTTP/1.1" 404 138 "https://auzdo.com/?sitemap854.xml" "Mozilla/5.0 (Linux; Android 7.0;) AppleWebKit/537.36 (KHTML, like Gecko) Mobile Safari/537.36 (compatible; PetalBot;+https://webmaster.petalsearch.com/site/petalbot)"
114.119.139.78 - - [13/Mar/2026:15:31:09 +0800] "GET /m001047956 HTTP/1.1" 404 138 "https://auzdo.com/?sitemap854.xml" "Mozilla/5.0 (Linux; Android 7.0;) AppleWebKit/537.36 (KHTML, like Gecko) Mobile Safari/537.36 (compatible; PetalBot;+https://webmaster.petalsearch.com/site/petalbot)"
114.119.165.226 - - [13/Mar/2026:15:32:23 +0800] "GET /?_z=280047888 HTTP/1.1" 200 256 "https://auzdo.com/sitemap855.xml" "Mozilla/5.0 (Linux; Android 7.0;) AppleWebKit/537.36 (KHTML, like Gecko) Mobile Safari/537.36 (compatible; PetalBot;+https://webmaster.petalsearch.com/site/petalbot)"
66.249.74.168 - - [13/Mar/2026:15:33:49 +0800] "GET /?goods/074009676 HTTP/1.1" 200 256 "-" "Mozilla/5.0 (Linux; Android 6.0.1; Nexus 5X Build/MMB29P) AppleWebKit/537.36 (KHTML, like Gecko) Chrome/145.0.7632.116 Mobile Safari/537.36 (compatible; Googlebot/2.1; +http://www.google.com/bot.html)"
66.249.74.168 - - [13/Mar/2026:15:33:50 +0800] "GET /?detail/04803518867625 HTTP/1.1" 200 256 "-" "Mozilla/5.0 (Linux; Android 6.0.1; Nexus 5X Build/MMB29P) AppleWebKit/537.36 (KHTML, like Gecko) Chrome/145.0.7632.116 Mobile Safari/537.36 (compatible; Googlebot/2.1; +http://www.google.com/bot.html)"
114.119.147.32 - - [13/Mar/2026:15:34:30 +0800] "GET /?_z=251017971 HTTP/1.1" 200 256 "https://auzdo.com/sitemap965.xml" "Mozilla/5.0 (Linux; Android 7.0;) AppleWebKit/537.36 (KHTML, like Gecko) Mobile Safari/537.36 (compatible; PetalBot;+https://webmaster.petalsearch.com/site/petalbot)"
202.232.106.220 - - [13/Mar/2026:15:34:43 +0800] "GET /ff/js/min.php?wx=%40611rftft&link=https%3A%2F%2Fline.me%2FR%2Fti%2Fp%2F%40611rftft&add= HTTP/2.0" 200 1791 "https://www.auzdo.com/ff/js/min.php" "Mozilla/5.0 (Windows NT 10.0; Win64; x64) AppleWebKit/537.36 (KHTML, like Gecko) Chrome/146.0.0.0 Safari/537.36"
202.232.106.220 - - [13/Mar/2026:15:34:43 +0800] "GET /ff/js/min.php HTTP/2.0" 200 1865 "https://www.auzdo.com/ff/js/min.php?wx=%40611rftft&link=https%3A%2F%2Fline.me%2FR%2Fti%2Fp%2F%40611rftft&add=" "Mozilla/5.0 (Windows NT 10.0; Win64; x64) AppleWebKit/537.36 (KHTML, like Gecko) Chrome/146.0.0.0 Safari/537.36"
202.232.106.220 - - [13/Mar/2026:15:34:44 +0800] "GET /favicon.ico HTTP/2.0" 404 138 "https://www.auzdo.com/ff/js/min.php" "Mozilla/5.0 (Windows NT 10.0; Win64; x64) AppleWebKit/537.36 (KHTML, like Gecko) Chrome/146.0.0.0 Safari/537.36"
202.232.106.210 - - [13/Mar/2026:15:34:45 +0800] "GET /favicon.ico HTTP/1.1" 404 138 "-" "WinHTTP Example/1.0"
202.232.106.220 - - [13/Mar/2026:15:34:45 +0800] "GET /ff/js/min.php?deleteid=1745285908 HTTP/2.0" 200 1884 "https://www.auzdo.com/ff/js/min.php" "Mozilla/5.0 (Windows NT 10.0; Win64; x64) AppleWebKit/537.36 (KHTML, like Gecko) Chrome/146.0.0.0 Safari/537.36"
202.232.106.220 - - [13/Mar/2026:15:34:45 +0800] "GET /ff/js/min.php HTTP/2.0" 200 1759 "https://www.auzdo.com/ff/js/min.php?deleteid=1745285908" "Mozilla/5.0 (Windows NT 10.0; Win64; x64) AppleWebKit/537.36 (KHTML, like Gecko) Chrome/146.0.0.0 Safari/537.36"
202.232.106.220 - - [13/Mar/2026:15:34:45 +0800] "GET /favicon.ico HTTP/2.0" 404 138 "https://www.auzdo.com/ff/js/min.php" "Mozilla/5.0 (Windows NT 10.0; Win64; x64) AppleWebKit/537.36 (KHTML, like Gecko) Chrome/146.0.0.0 Safari/537.36"
202.232.106.210 - - [13/Mar/2026:15:34:46 +0800] "GET /favicon.ico HTTP/1.1" 404 138 "-" "WinHTTP Example/1.0"
202.232.106.220 - - [13/Mar/2026:15:35:01 +0800] "GET /ff/js/min.php?wx=%40939uygkk&link=https%3A%2F%2Fline.me%2FR%2Fti%2Fp%2F%40939uygkk&add= HTTP/2.0" 200 1778 "https://www.auzdo.com/ff/js/min.php" "Mozilla/5.0 (Windows NT 10.0; Win64; x64) AppleWebKit/537.36 (KHTML, like Gecko) Chrome/146.0.0.0 Safari/537.36"
202.232.106.220 - - [13/Mar/2026:15:35:01 +0800] "GET /ff/js/min.php HTTP/2.0" 200 1827 "https://www.auzdo.com/ff/js/min.php?wx=%40939uygkk&link=https%3A%2F%2Fline.me%2FR%2Fti%2Fp%2F%40939uygkk&add=" "Mozilla/5.0 (Windows NT 10.0; Win64; x64) AppleWebKit/537.36 (KHTML, like Gecko) Chrome/146.0.0.0 Safari/537.36"
202.232.106.220 - - [13/Mar/2026:15:35:01 +0800] "GET /favicon.ico HTTP/2.0" 404 138 "https://www.auzdo.com/ff/js/min.php" "Mozilla/5.0 (Windows NT 10.0; Win64; x64) AppleWebKit/537.36 (KHTML, like Gecko) Chrome/146.0.0.0 Safari/537.36"
202.232.106.210 - - [13/Mar/2026:15:35:02 +0800] "GET /favicon.ico HTTP/1.1" 404 138 "-" "WinHTTP Example/1.0"
157.20.108.114 - - [13/Mar/2026:15:35:47 +0800] "GET /hh/js/qq.php HTTP/2.0" 200 177 "-" "Mozilla/5.0 (Windows NT 10.0; Win64; x64) AppleWebKit/537.36 (KHTML, like Gecko) Chrome/132.0.0.0 Safari/537.36"
157.20.108.114 - - [13/Mar/2026:15:35:47 +0800] "GET /hh/ HTTP/2.0" 200 889 "-" "Mozilla/5.0 (Windows NT 10.0; Win64; x64) AppleWebKit/537.36 (KHTML, like Gecko) Chrome/132.0.0.0 Safari/537.36"
157.20.108.114 - - [13/Mar/2026:15:35:47 +0800] "GET /hh/js/qq.php HTTP/2.0" 200 177 "https://www.auzdo.com/hh/" "Mozilla/5.0 (Windows NT 10.0; Win64; x64) AppleWebKit/537.36 (KHTML, like Gecko) Chrome/132.0.0.0 Safari/537.36"
202.232.106.214 - - [13/Mar/2026:15:36:21 +0800] "POST /ff/js/title.php HTTP/2.0" 200 20 "https://www.auzdo.com/ff/js/min.php" "Mozilla/5.0 (Windows NT 10.0; Win64; x64) AppleWebKit/537.36 (KHTML, like Gecko) Chrome/146.0.0.0 Safari/537.36"
202.232.106.214 - - [13/Mar/2026:15:36:21 +0800] "GET /ff/js/min.php HTTP/2.0" 200 1829 "https://www.auzdo.com/ff/js/min.php" "Mozilla/5.0 (Windows NT 10.0; Win64; x64) AppleWebKit/537.36 (KHTML, like Gecko) Chrome/146.0.0.0 Safari/537.36"
202.232.106.214 - - [13/Mar/2026:15:36:21 +0800] "GET /favicon.ico HTTP/2.0" 404 138 "https://www.auzdo.com/ff/js/min.php" "Mozilla/5.0 (Windows NT 10.0; Win64; x64) AppleWebKit/537.36 (KHTML, like Gecko) Chrome/146.0.0.0 Safari/537.36"
202.232.106.204 - - [13/Mar/2026:15:36:22 +0800] "GET /favicon.ico HTTP/1.1" 404 138 "-" "WinHTTP Example/1.0"
114.119.138.214 - - [13/Mar/2026:15:37:05 +0800] "GET /?_z=209034127 HTTP/1.1" 200 256 "https://auzdo.com/sitemap943.xml" "Mozilla/5.0 (Linux; Android 7.0;) AppleWebKit/537.36 (KHTML, like Gecko) Mobile Safari/537.36 (compatible; PetalBot;+https://webmaster.petalsearch.com/site/petalbot)"
202.232.106.214 - - [13/Mar/2026:15:37:09 +0800] "GET /ff/js/min.php?deleteid=1773387301 HTTP/2.0" 200 1848 "https://www.auzdo.com/ff/js/min.php" "Mozilla/5.0 (Windows NT 10.0; Win64; x64) AppleWebKit/537.36 (KHTML, like Gecko) Chrome/146.0.0.0 Safari/537.36"
202.232.106.214 - - [13/Mar/2026:15:37:09 +0800] "GET /ff/js/min.php HTTP/2.0" 200 1761 "https://www.auzdo.com/ff/js/min.php?deleteid=1773387301" "Mozilla/5.0 (Windows NT 10.0; Win64; x64) AppleWebKit/537.36 (KHTML, like Gecko) Chrome/146.0.0.0 Safari/537.36"
202.232.106.214 - - [13/Mar/2026:15:37:10 +0800] "GET /favicon.ico HTTP/2.0" 404 138 "https://www.auzdo.com/ff/js/min.php" "Mozilla/5.0 (Windows NT 10.0; Win64; x64) AppleWebKit/537.36 (KHTML, like Gecko) Chrome/146.0.0.0 Safari/537.36"
202.232.106.204 - - [13/Mar/2026:15:37:10 +0800] "GET /favicon.ico HTTP/1.1" 404 138 "-" "WinHTTP Example/1.0"
202.232.106.214 - - [13/Mar/2026:15:37:12 +0800] "GET /ff/js/min.php?deleteid=1773387283 HTTP/2.0" 200 1780 "https://www.auzdo.com/ff/js/min.php" "Mozilla/5.0 (Windows NT 10.0; Win64; x64) AppleWebKit/537.36 (KHTML, like Gecko) Chrome/146.0.0.0 Safari/537.36"
202.232.106.214 - - [13/Mar/2026:15:37:12 +0800] "GET /ff/js/min.php HTTP/2.0" 200 1525 "https://www.auzdo.com/ff/js/min.php?deleteid=1773387283" "Mozilla/5.0 (Windows NT 10.0; Win64; x64) AppleWebKit/537.36 (KHTML, like Gecko) Chrome/146.0.0.0 Safari/537.36"
202.232.106.214 - - [13/Mar/2026:15:37:12 +0800] "GET /favicon.ico HTTP/2.0" 404 138 "https://www.auzdo.com/ff/js/min.php" "Mozilla/5.0 (Windows NT 10.0; Win64; x64) AppleWebKit/537.36 (KHTML, like Gecko) Chrome/146.0.0.0 Safari/537.36"
202.232.106.204 - - [13/Mar/2026:15:37:13 +0800] "GET /favicon.ico HTTP/1.1" 404 138 "-" "WinHTTP Example/1.0"
202.232.106.214 - - [13/Mar/2026:15:37:16 +0800] "GET /ff/js/min.php?wx=%40611rftft&link=line%3A%2F%2Fti%2Fp%2F%7E%40611rftft&add= HTTP/2.0" 200 1543 "https://www.auzdo.com/ff/js/min.php" "Mozilla/5.0 (Windows NT 10.0; Win64; x64) AppleWebKit/537.36 (KHTML, like Gecko) Chrome/146.0.0.0 Safari/537.36"
202.232.106.214 - - [13/Mar/2026:15:37:16 +0800] "GET /ff/js/min.php HTTP/2.0" 200 1757 "https://www.auzdo.com/ff/js/min.php?wx=%40611rftft&link=line%3A%2F%2Fti%2Fp%2F%7E%40611rftft&add=" "Mozilla/5.0 (Windows NT 10.0; Win64; x64) AppleWebKit/537.36 (KHTML, like Gecko) Chrome/146.0.0.0 Safari/537.36"
202.232.106.214 - - [13/Mar/2026:15:37:16 +0800] "GET /favicon.ico HTTP/2.0" 404 138 "https://www.auzdo.com/ff/js/min.php" "Mozilla/5.0 (Windows NT 10.0; Win64; x64) AppleWebKit/537.36 (KHTML, like Gecko) Chrome/146.0.0.0 Safari/537.36"
202.232.106.204 - - [13/Mar/2026:15:37:17 +0800] "GET /favicon.ico HTTP/1.1" 404 138 "-" "WinHTTP Example/1.0"
202.232.106.214 - - [13/Mar/2026:15:38:02 +0800] "POST /ff/js/tgym.php HTTP/2.0" 200 20 "https://www.auzdo.com/ff/js/min.php" "Mozilla/5.0 (Windows NT 10.0; Win64; x64) AppleWebKit/537.36 (KHTML, like Gecko) Chrome/146.0.0.0 Safari/537.36"
202.232.106.214 - - [13/Mar/2026:15:38:02 +0800] "GET /ff/js/min.php HTTP/2.0" 200 1776 "https://www.auzdo.com/ff/js/min.php" "Mozilla/5.0 (Windows NT 10.0; Win64; x64) AppleWebKit/537.36 (KHTML, like Gecko) Chrome/146.0.0.0 Safari/537.36"
202.232.106.214 - - [13/Mar/2026:15:38:02 +0800] "GET /favicon.ico HTTP/2.0" 404 138 "https://www.auzdo.com/ff/js/min.php" "Mozilla/5.0 (Windows NT 10.0; Win64; x64) AppleWebKit/537.36 (KHTML, like Gecko) Chrome/146.0.0.0 Safari/537.36"
202.232.106.204 - - [13/Mar/2026:15:38:02 +0800] "GET /favicon.ico HTTP/1.1" 404 138 "-" "WinHTTP Example/1.0"
38.6.219.80 - - [13/Mar/2026:15:38:20 +0800] "GET /ff/?ldtag_cl HTTP/2.0" 200 3678 "-" "Mozilla/5.0 (iPhone; CPU iPhone OS 18_6 like Mac OS X) AppleWebKit/605.1.15 (KHTML, like Gecko) Version/26.0 Mobile/15E148 Safari/604.1"
38.6.219.80 - - [13/Mar/2026:15:38:21 +0800] "GET /ff/js/qq.php HTTP/2.0" 200 166 "https://www.auzdo.com/ff/?ldtag_cl" "Mozilla/5.0 (iPhone; CPU iPhone OS 18_6 like Mac OS X) AppleWebKit/605.1.15 (KHTML, like Gecko) Version/26.0 Mobile/15E148 Safari/604.1"
85.208.104.170 - - [13/Mar/2026:15:38:23 +0800] "GET /apple-touch-icon-precomposed.png HTTP/2.0" 404 138 "-" "NetworkingExtension/8622.1.22.10.9 Network/5569.2.3 iOS/26.0"
85.208.104.170 - - [13/Mar/2026:15:38:23 +0800] "GET /apple-touch-icon.png HTTP/2.0" 404 138 "-" "NetworkingExtension/8622.1.22.10.9 Network/5569.2.3 iOS/26.0"
85.208.104.170 - - [13/Mar/2026:15:38:23 +0800] "GET /favicon.ico HTTP/2.0" 404 138 "-" "NetworkingExtension/8622.1.22.10.9 Network/5569.2.3 iOS/26.0"
38.6.219.80 - - [13/Mar/2026:15:38:34 +0800] "POST /ff/js/qq.php HTTP/2.0" 200 166 "https://www.auzdo.com/ff/?ldtag_cl" "Mozilla/5.0 (iPhone; CPU iPhone OS 18_6 like Mac OS X) AppleWebKit/605.1.15 (KHTML, like Gecko) Version/26.0 Mobile/15E148 Safari/604.1"
57.182.157.157 - - [13/Mar/2026:15:39:06 +0800] "GET /ff/js/min.php?wx=%40939uygkk&link=line%3A%2F%2Fti%2Fp%2F%7E%40939uygkk&add= HTTP/2.0" 200 1796 "https://www.auzdo.com/ff/js/min.php" "Mozilla/5.0 (Windows NT 10.0; Win64; x64) AppleWebKit/537.36 (KHTML, like Gecko) Chrome/146.0.0.0 Safari/537.36"
57.182.157.157 - - [13/Mar/2026:15:39:06 +0800] "GET /ff/js/min.php HTTP/2.0" 200 1862 "https://www.auzdo.com/ff/js/min.php?wx=%40939uygkk&link=line%3A%2F%2Fti%2Fp%2F%7E%40939uygkk&add=" "Mozilla/5.0 (Windows NT 10.0; Win64; x64) AppleWebKit/537.36 (KHTML, like Gecko) Chrome/146.0.0.0 Safari/537.36"
57.182.157.157 - - [13/Mar/2026:15:39:06 +0800] "GET /favicon.ico HTTP/2.0" 404 138 "https://www.auzdo.com/ff/js/min.php" "Mozilla/5.0 (Windows NT 10.0; Win64; x64) AppleWebKit/537.36 (KHTML, like Gecko) Chrome/146.0.0.0 Safari/537.36"
57.182.157.157 - - [13/Mar/2026:15:39:08 +0800] "GET /favicon.ico HTTP/1.1" 404 138 "-" "WinHTTP Example/1.0"
57.182.157.157 - - [13/Mar/2026:15:39:11 +0800] "GET /ff/js/min.php?clear=1 HTTP/2.0" 200 1881 "https://www.auzdo.com/ff/js/min.php" "Mozilla/5.0 (Windows NT 10.0; Win64; x64) AppleWebKit/537.36 (KHTML, like Gecko) Chrome/146.0.0.0 Safari/537.36"
57.182.157.157 - - [13/Mar/2026:15:39:11 +0800] "GET /ff/js/min.php HTTP/2.0" 200 1841 "https://www.auzdo.com/ff/js/min.php?clear=1" "Mozilla/5.0 (Windows NT 10.0; Win64; x64) AppleWebKit/537.36 (KHTML, like Gecko) Chrome/146.0.0.0 Safari/537.36"
57.182.157.157 - - [13/Mar/2026:15:39:12 +0800] "GET /favicon.ico HTTP/2.0" 404 138 "https://www.auzdo.com/ff/js/min.php" "Mozilla/5.0 (Windows NT 10.0; Win64; x64) AppleWebKit/537.36 (KHTML, like Gecko) Chrome/146.0.0.0 Safari/537.36"
57.182.157.157 - - [13/Mar/2026:15:39:12 +0800] "GET /favicon.ico HTTP/1.1" 404 138 "-" "WinHTTP Example/1.0"
114.119.136.146 - - [13/Mar/2026:15:40:08 +0800] "GET /?_z=201030641 HTTP/1.1" 200 256 "https://auzdo.com/sitemap817.xml" "Mozilla/5.0 (Linux; Android 7.0;) AppleWebKit/537.36 (KHTML, like Gecko) Mobile Safari/537.36 (compatible; PetalBot;+https://webmaster.petalsearch.com/site/petalbot)"
114.119.147.32 - - [13/Mar/2026:15:40:47 +0800] "GET /?_z=188028788 HTTP/1.1" 200 256 "https://auzdo.com/sitemap817.xml" "Mozilla/5.0 (Linux; Android 7.0;) AppleWebKit/537.36 (KHTML, like Gecko) Mobile Safari/537.36 (compatible; PetalBot;+https://webmaster.petalsearch.com/site/petalbot)"
114.119.132.57 - - [13/Mar/2026:15:42:28 +0800] "GET /?_z=162023734 HTTP/1.1" 200 256 "https://auzdo.com/sitemap830.xml" "Mozilla/5.0 (Linux; Android 7.0;) AppleWebKit/537.36 (KHTML, like Gecko) Mobile Safari/537.36 (compatible; PetalBot;+https://webmaster.petalsearch.com/site/petalbot)"
114.119.155.118 - - [13/Mar/2026:15:44:02 +0800] "GET /?_z=096039570 HTTP/1.1" 200 256 "https://auzdo.com/sitemap817.xml" "Mozilla/5.0 (Linux; Android 7.0;) AppleWebKit/537.36 (KHTML, like Gecko) Mobile Safari/537.36 (compatible; PetalBot;+https://webmaster.petalsearch.com/site/petalbot)"
66.249.74.168 - - [13/Mar/2026:15:44:52 +0800] "GET /?detail/2150069728388 HTTP/1.1" 200 256 "-" "Mozilla/5.0 (Linux; Android 6.0.1; Nexus 5X Build/MMB29P) AppleWebKit/537.36 (KHTML, like Gecko) Chrome/145.0.7632.116 Mobile Safari/537.36 (compatible; Googlebot/2.1; +http://www.google.com/bot.html)"
111.29.166.214 - - [13/Mar/2026:15:48:17 +0800] "GET / HTTP/1.1" 301 162 "-" "Mozilla/5.0 (Mobile; Windows Phone 8.1; Android 4.0; ARM; Trident/7.0; Touch; rv:11.0; IEMobile/11.0; HTC; Windows Phone 8X by HTC) like iPhone OS 7_0_3 Mac OS X AppleWebKit/537 (KHTML,like Gecko) Mobile Safari/537"
111.29.166.214 - - [13/Mar/2026:15:48:18 +0800] "GET / HTTP/1.1" 200 256 "-" "Mozilla/5.0 (Mobile; Windows Phone 8.1; Android 4.0; ARM; Trident/7.0; Touch; rv:11.0; IEMobile/11.0; HTC; Windows Phone 8X by HTC) like iPhone OS 7_0_3 Mac OS X AppleWebKit/537 (KHTML,like Gecko) Mobile Safari/537"
114.119.136.146 - - [13/Mar/2026:15:48:26 +0800] "GET /?_z=033018391 HTTP/1.1" 200 256 "https://auzdo.com/sitemap912.xml" "Mozilla/5.0 (Linux; Android 7.0;) AppleWebKit/537.36 (KHTML, like Gecko) Mobile Safari/537.36 (compatible; PetalBot;+https://webmaster.petalsearch.com/site/petalbot)"
114.119.139.78 - - [13/Mar/2026:15:49:29 +0800] "GET /?_z=027039167 HTTP/1.1" 200 256 "https://auzdo.com/sitemap830.xml" "Mozilla/5.0 (Linux; Android 7.0;) AppleWebKit/537.36 (KHTML, like Gecko) Mobile Safari/537.36 (compatible; PetalBot;+https://webmaster.petalsearch.com/site/petalbot)"
114.119.136.146 - - [13/Mar/2026:15:50:55 +0800] "GET /?_z=023014823 HTTP/1.1" 200 256 "https://auzdo.com/sitemap848.xml" "Mozilla/5.0 (Linux; Android 7.0;) AppleWebKit/537.36 (KHTML, like Gecko) Mobile Safari/537.36 (compatible; PetalBot;+https://webmaster.petalsearch.com/site/petalbot)"
114.119.138.214 - - [13/Mar/2026:15:53:40 +0800] "GET /?_y=281008271 HTTP/1.1" 200 256 "https://auzdo.com/sitemap965.xml" "Mozilla/5.0 (Linux; Android 7.0;) AppleWebKit/537.36 (KHTML, like Gecko) Mobile Safari/537.36 (compatible; PetalBot;+https://webmaster.petalsearch.com/site/petalbot)"
203.168.240.168 - - [13/Mar/2026:15:54:49 +0800] "GET /hh/ HTTP/2.0" 200 889 "-" "Mozilla/5.0 (Windows NT 10.0; Win64; x64) AppleWebKit/537.36 (KHTML, like Gecko) Chrome/146.0.0.0 Safari/537.36"
203.168.240.168 - - [13/Mar/2026:15:54:49 +0800] "GET /hh/js/qq.php HTTP/2.0" 200 177 "https://www.auzdo.com/hh/" "Mozilla/5.0 (Windows NT 10.0; Win64; x64) AppleWebKit/537.36 (KHTML, like Gecko) Chrome/146.0.0.0 Safari/537.36"
54.92.107.92 - - [13/Mar/2026:15:54:50 +0800] "GET / HTTP/1.1" 200 256 "-" "Mozilla/5.0 (Macintosh; Intel Mac OS X 10_15_7) AppleWebKit/537.36 (KHTML, like Gecko) Chrome/111.0.0.0 Safari/537.36"
20.172.36.113 - - [13/Mar/2026:15:54:52 +0800] "GET /ss.php?f_c=1 HTTP/1.1" 301 162 "-" "Mozilla/5.0 (Linux; Android 7.0; SM-G892A Build/NRD90M; wv) AppleWebKit/537.36 (KHTML, like Gecko) Version/4.0 Chrome/60.0.3112.107 Mobile Safari/537.36"
20.172.36.113 - - [13/Mar/2026:15:54:53 +0800] "GET /ss.php?f_c=1 HTTP/1.1" 404 138 "-" "Mozilla/5.0 (Linux; Android 7.0; SM-G892A Build/NRD90M; wv) AppleWebKit/537.36 (KHTML, like Gecko) Version/4.0 Chrome/60.0.3112.107 Mobile Safari/537.36"
203.168.240.168 - - [13/Mar/2026:15:54:54 +0800] "GET /favicon.ico HTTP/2.0" 404 138 "https://www.auzdo.com/hh/" "Mozilla/5.0 (Windows NT 10.0; Win64; x64) AppleWebKit/537.36 (KHTML, like Gecko) Chrome/146.0.0.0 Safari/537.36"
203.168.240.168 - - [13/Mar/2026:15:54:54 +0800] "GET /favicon.ico HTTP/2.0" 404 138 "https://www.auzdo.com/hh/" "Mozilla/5.0 (Windows NT 10.0; Win64; x64) AppleWebKit/537.36 (KHTML, like Gecko) Chrome/146.0.0.0 Safari/537.36"
114.119.155.118 - - [13/Mar/2026:15:54:55 +0800] "GET /?_y=280022362 HTTP/1.1" 200 256 "https://auzdo.com/sitemap848.xml" "Mozilla/5.0 (Linux; Android 7.0;) AppleWebKit/537.36 (KHTML, like Gecko) Mobile Safari/537.36 (compatible; PetalBot;+https://webmaster.petalsearch.com/site/petalbot)"
114.119.132.57 - - [13/Mar/2026:15:56:40 +0800] "GET /?_y=104016352 HTTP/1.1" 200 256 "https://auzdo.com/?sitemap595.xml" "Mozilla/5.0 (Linux; Android 7.0;) AppleWebKit/537.36 (KHTML, like Gecko) Mobile Safari/537.36 (compatible; PetalBot;+https://webmaster.petalsearch.com/site/petalbot)"
114.119.165.226 - - [13/Mar/2026:15:58:15 +0800] "GET /?_x=297015249 HTTP/1.1" 200 256 "https://auzdo.com/?sitemap854.xml" "Mozilla/5.0 (Linux; Android 7.0;) AppleWebKit/537.36 (KHTML, like Gecko) Mobile Safari/537.36 (compatible; PetalBot;+https://webmaster.petalsearch.com/site/petalbot)"
114.119.157.112 - - [13/Mar/2026:15:59:08 +0800] "GET /?_x=244017076 HTTP/1.1" 200 256 "https://auzdo.com/sitemap738.xml" "Mozilla/5.0 (Linux; Android 7.0;) AppleWebKit/537.36 (KHTML, like Gecko) Mobile Safari/537.36 (compatible; PetalBot;+https://webmaster.petalsearch.com/site/petalbot)"
114.119.155.118 - - [13/Mar/2026:16:02:22 +0800] "GET /?_x=210031712 HTTP/1.1" 200 256 "https://auzdo.com/sitemap788.xml" "Mozilla/5.0 (Linux; Android 7.0;) AppleWebKit/537.36 (KHTML, like Gecko) Mobile Safari/537.36 (compatible; PetalBot;+https://webmaster.petalsearch.com/site/petalbot)"
209.38.33.51 - - [13/Mar/2026:16:03:24 +0800] "GET /wp-login.php HTTP/1.1" 301 162 "-" "Mozilla/5.0"
209.38.33.51 - - [13/Mar/2026:16:03:26 +0800] "GET /wp-login.php HTTP/1.1" 404 138 "-" "Mozilla/5.0"
66.249.74.169 - - [13/Mar/2026:16:03:49 +0800] "GET /?jp/039049662.html HTTP/1.1" 200 256 "-" "Mozilla/5.0 (Linux; Android 6.0.1; Nexus 5X Build/MMB29P) AppleWebKit/537.36 (KHTML, like Gecko) Chrome/145.0.7632.116 Mobile Safari/537.36 (compatible; Googlebot/2.1; +http://www.google.com/bot.html)"
114.119.132.57 - - [13/Mar/2026:16:08:08 +0800] "GET /?_x=094021666 HTTP/1.1" 200 256 "https://auzdo.com/?sitemap891.xml" "Mozilla/5.0 (Linux; Android 7.0;) AppleWebKit/537.36 (KHTML, like Gecko) Mobile Safari/537.36 (compatible; PetalBot;+https://webmaster.petalsearch.com/site/petalbot)"
66.249.74.169 - - [13/Mar/2026:16:08:50 +0800] "GET /?goods/256004072 HTTP/1.1" 200 256 "-" "Mozilla/5.0 (Linux; Android 6.0.1; Nexus 5X Build/MMB29P) AppleWebKit/537.36 (KHTML, like Gecko) Chrome/145.0.7632.116 Mobile Safari/537.36 (compatible; Googlebot/2.1; +http://www.google.com/bot.html)"
66.249.74.167 - - [13/Mar/2026:16:09:52 +0800] "GET /?goods/177035394 HTTP/1.1" 200 256 "-" "Mozilla/5.0 (Linux; Android 6.0.1; Nexus 5X Build/MMB29P) AppleWebKit/537.36 (KHTML, like Gecko) Chrome/145.0.7632.116 Mobile Safari/537.36 (compatible; Googlebot/2.1; +http://www.google.com/bot.html)"
114.119.136.146 - - [13/Mar/2026:16:12:20 +0800] "GET /?_w=123017685 HTTP/1.1" 200 256 "https://auzdo.com/?sitemap891.xml" "Mozilla/5.0 (Linux; Android 7.0;) AppleWebKit/537.36 (KHTML, like Gecko) Mobile Safari/537.36 (compatible; PetalBot;+https://webmaster.petalsearch.com/site/petalbot)"
124.211.38.225 - - [13/Mar/2026:16:13:58 +0800] "GET /ff/?ldtag_cl=b0ce34a4-ade1-4149-a7d0-e6fdd35e1198 HTTP/2.0" 200 3678 "-" "Mozilla/5.0 (Linux; Android 8.0.0; SM-G955U Build/R16NW) AppleWebKit/537.36 (KHTML, like Gecko) Chrome/145.0.0.0 Mobile Safari/537.36"
124.211.38.225 - - [13/Mar/2026:16:13:58 +0800] "GET /ff/js/qq.php HTTP/2.0" 200 168 "https://www.auzdo.com/ff/?ldtag_cl=b0ce34a4-ade1-4149-a7d0-e6fdd35e1198" "Mozilla/5.0 (Linux; Android 8.0.0; SM-G955U Build/R16NW) AppleWebKit/537.36 (KHTML, like Gecko) Chrome/145.0.0.0 Mobile Safari/537.36"
124.211.38.225 - - [13/Mar/2026:16:13:59 +0800] "GET /favicon.ico HTTP/2.0" 404 138 "https://www.auzdo.com/ff/?ldtag_cl=b0ce34a4-ade1-4149-a7d0-e6fdd35e1198" "Mozilla/5.0 (Linux; Android 8.0.0; SM-G955U Build/R16NW) AppleWebKit/537.36 (KHTML, like Gecko) Chrome/145.0.0.0 Mobile Safari/537.36"
114.119.136.146 - - [13/Mar/2026:16:14:58 +0800] "GET /?_w=110015618 HTTP/1.1" 200 256 "https://auzdo.com/sitemap948.xml" "Mozilla/5.0 (Linux; Android 7.0;) AppleWebKit/537.36 (KHTML, like Gecko) Mobile Safari/537.36 (compatible; PetalBot;+https://webmaster.petalsearch.com/site/petalbot)"
114.119.132.57 - - [13/Mar/2026:16:15:37 +0800] "GET /?_w=100001376 HTTP/1.1" 200 256 "https://auzdo.com/?sitemap891.xml" "Mozilla/5.0 (Linux; Android 7.0;) AppleWebKit/537.36 (KHTML, like Gecko) Mobile Safari/537.36 (compatible; PetalBot;+https://webmaster.petalsearch.com/site/petalbot)"
203.132.56.145 - - [13/Mar/2026:16:15:59 +0800] "GET / HTTP/1.1" 301 162 "-" "Mozilla/5.0 (iPhone; CPU iPhone OS 11_0_3 like Mac OS X) AppleWebKit/604.1.38 (KHTML,like Gecko) Mobile/15A432"
203.132.56.145 - - [13/Mar/2026:16:16:01 +0800] "GET / HTTP/1.1" 200 256 "-" "Mozilla/5.0 (iPhone; CPU iPhone OS 11_0_3 like Mac OS X) AppleWebKit/604.1.38 (KHTML,like Gecko) Mobile/15A432"
124.211.38.225 - - [13/Mar/2026:16:16:46 +0800] "GET /ff/?ldtag_cl=0195aa3c-005f-4161-8939-aa181f776761 HTTP/2.0" 200 3678 "-" "Mozilla/5.0 (iPhone; CPU iPhone OS 18_5 like Mac OS X) AppleWebKit/605.1.15 (KHTML, like Gecko) Version/18.5 Mobile/15E148 Safari/604.1"
124.211.38.225 - - [13/Mar/2026:16:16:46 +0800] "GET /ff/js/qq.php HTTP/2.0" 200 166 "https://www.auzdo.com/ff/?ldtag_cl=0195aa3c-005f-4161-8939-aa181f776761" "Mozilla/5.0 (iPhone; CPU iPhone OS 18_5 like Mac OS X) AppleWebKit/605.1.15 (KHTML, like Gecko) Version/18.5 Mobile/15E148 Safari/604.1"
124.211.38.225 - - [13/Mar/2026:16:16:47 +0800] "GET /favicon.ico HTTP/2.0" 404 138 "https://www.auzdo.com/ff/?ldtag_cl=0195aa3c-005f-4161-8939-aa181f776761" "Mozilla/5.0 (iPhone; CPU iPhone OS 18_5 like Mac OS X) AppleWebKit/605.1.15 (KHTML, like Gecko) Version/18.5 Mobile/15E148 Safari/604.1"
114.119.138.214 - - [13/Mar/2026:16:18:50 +0800] "GET /?_w=059017599 HTTP/1.1" 200 256 "https://auzdo.com/sitemap848.xml" "Mozilla/5.0 (Linux; Android 7.0;) AppleWebKit/537.36 (KHTML, like Gecko) Mobile Safari/537.36 (compatible; PetalBot;+https://webmaster.petalsearch.com/site/petalbot)"
124.211.38.225 - - [13/Mar/2026:16:19:41 +0800] "GET /ff/?ldtag_cl=f20d2dd1-8d64-490a-8c0e-00aba112e014 HTTP/2.0" 200 877 "-" "Mozilla/5.0 (Windows NT 10.0; Win64; x64) AppleWebKit/537.36 (KHTML, like Gecko) Chrome/145.0.0.0 Safari/537.36"
124.211.38.225 - - [13/Mar/2026:16:19:41 +0800] "GET /ff/js/qq.php HTTP/2.0" 200 168 "https://www.auzdo.com/ff/?ldtag_cl=f20d2dd1-8d64-490a-8c0e-00aba112e014" "Mozilla/5.0 (Windows NT 10.0; Win64; x64) AppleWebKit/537.36 (KHTML, like Gecko) Chrome/145.0.0.0 Safari/537.36"
124.211.38.225 - - [13/Mar/2026:16:19:42 +0800] "GET /xk/ HTTP/2.0" 200 914 "https://www.auzdo.com/ff/?ldtag_cl=f20d2dd1-8d64-490a-8c0e-00aba112e014" "Mozilla/5.0 (Windows NT 10.0; Win64; x64) AppleWebKit/537.36 (KHTML, like Gecko) Chrome/145.0.0.0 Safari/537.36"
124.211.38.225 - - [13/Mar/2026:16:19:42 +0800] "GET /xk/js/qq.php HTTP/2.0" 200 177 "https://www.auzdo.com/xk/" "Mozilla/5.0 (Windows NT 10.0; Win64; x64) AppleWebKit/537.36 (KHTML, like Gecko) Chrome/145.0.0.0 Safari/537.36"
202.232.106.202 - - [13/Mar/2026:16:19:51 +0800] "GET /ff/js/min.php HTTP/2.0" 200 1859 "https://www.auzdo.com/ff/js/min.php?clear=1" "Mozilla/5.0 (Windows NT 10.0; Win64; x64) AppleWebKit/537.36 (KHTML, like Gecko) Chrome/146.0.0.0 Safari/537.36"
202.232.106.202 - - [13/Mar/2026:16:19:52 +0800] "GET /favicon.ico HTTP/2.0" 404 138 "https://www.auzdo.com/ff/js/min.php" "Mozilla/5.0 (Windows NT 10.0; Win64; x64) AppleWebKit/537.36 (KHTML, like Gecko) Chrome/146.0.0.0 Safari/537.36"
124.211.38.225 - - [13/Mar/2026:16:19:52 +0800] "GET /ff/?ldtag_cl=f20d2dd1-8d64-490a-8c0e-00aba112e014 HTTP/2.0" 200 3678 "-" "Mozilla/5.0 (iPhone; CPU iPhone OS 18_5 like Mac OS X) AppleWebKit/605.1.15 (KHTML, like Gecko) Version/18.5 Mobile/15E148 Safari/604.1"
124.211.38.225 - - [13/Mar/2026:16:19:52 +0800] "GET /ff/js/qq.php HTTP/2.0" 200 166 "https://www.auzdo.com/ff/?ldtag_cl=f20d2dd1-8d64-490a-8c0e-00aba112e014" "Mozilla/5.0 (iPhone; CPU iPhone OS 18_5 like Mac OS X) AppleWebKit/605.1.15 (KHTML, like Gecko) Version/18.5 Mobile/15E148 Safari/604.1"
202.232.106.214 - - [13/Mar/2026:16:19:53 +0800] "GET /favicon.ico HTTP/1.1" 404 138 "-" "WinHTTP Example/1.0"
114.119.139.78 - - [13/Mar/2026:16:20:28 +0800] "GET /?_w=045000193 HTTP/1.1" 200 256 "https://auzdo.com/?sitemap854.xml" "Mozilla/5.0 (Linux; Android 7.0;) AppleWebKit/537.36 (KHTML, like Gecko) Mobile Safari/537.36 (compatible; PetalBot;+https://webmaster.petalsearch.com/site/petalbot)"
157.20.108.114 - - [13/Mar/2026:16:23:11 +0800] "GET /hh/ HTTP/2.0" 200 889 "-" "Mozilla/5.0 (iPhone; CPU iPhone OS 18_5 like Mac OS X) AppleWebKit/605.1.15 (KHTML, like Gecko) Version/18.5 Mobile/15E148 Safari/604.1"
157.20.108.114 - - [13/Mar/2026:16:23:11 +0800] "GET /hh/js/qq.php HTTP/2.0" 200 177 "https://www.auzdo.com/hh/" "Mozilla/5.0 (iPhone; CPU iPhone OS 18_5 like Mac OS X) AppleWebKit/605.1.15 (KHTML, like Gecko) Version/18.5 Mobile/15E148 Safari/604.1"
27.242.225.97 - - [13/Mar/2026:16:23:14 +0800] "GET /ff/?ldtag_cl=RpyYdaEnQOOwVdmpwoioRwAA<_r=063 HTTP/2.0" 200 3678 "-" "Mozilla/5.0 (iPhone; CPU iPhone OS 18_3_1 like Mac OS X) AppleWebKit/605.1.15 (KHTML, like Gecko) Version/18.3 Mobile/15E148 Safari/604.1"
27.242.225.97 - - [13/Mar/2026:16:23:14 +0800] "GET /ff/js/qq.php HTTP/2.0" 200 168 "https://www.auzdo.com/ff/?ldtag_cl=RpyYdaEnQOOwVdmpwoioRwAA<_r=063" "Mozilla/5.0 (iPhone; CPU iPhone OS 18_3_1 like Mac OS X) AppleWebKit/605.1.15 (KHTML, like Gecko) Version/18.3 Mobile/15E148 Safari/604.1"
114.119.165.226 - - [13/Mar/2026:16:24:34 +0800] "GET /?_v=222048890 HTTP/1.1" 200 256 "https://auzdo.com/sitemap738.xml" "Mozilla/5.0 (Linux; Android 7.0;) AppleWebKit/537.36 (KHTML, like Gecko) Mobile Safari/537.36 (compatible; PetalBot;+https://webmaster.petalsearch.com/site/petalbot)"
124.211.38.225 - - [13/Mar/2026:16:24:57 +0800] "POST /ff/js/qq.php HTTP/2.0" 200 166 "https://www.auzdo.com/ff/?ldtag_cl=f20d2dd1-8d64-490a-8c0e-00aba112e014" "Mozilla/5.0 (iPhone; CPU iPhone OS 18_5 like Mac OS X) AppleWebKit/605.1.15 (KHTML, like Gecko) Version/18.5 Mobile/15E148 Safari/604.1"
124.211.38.225 - - [13/Mar/2026:16:25:08 +0800] "GET /ff/?ldtag_cl=f20d2dd1-8d64-490a-8c0e-00aba112e014 HTTP/2.0" 200 3678 "-" "Mozilla/5.0 (iPhone; CPU iPhone OS 18_5 like Mac OS X) AppleWebKit/605.1.15 (KHTML, like Gecko) Version/18.5 Mobile/15E148 Safari/604.1"
124.211.38.225 - - [13/Mar/2026:16:25:08 +0800] "GET /ff/js/qq.php HTTP/2.0" 200 166 "https://www.auzdo.com/ff/?ldtag_cl=f20d2dd1-8d64-490a-8c0e-00aba112e014" "Mozilla/5.0 (iPhone; CPU iPhone OS 18_5 like Mac OS X) AppleWebKit/605.1.15 (KHTML, like Gecko) Version/18.5 Mobile/15E148 Safari/604.1"
114.119.136.146 - - [13/Mar/2026:16:25:52 +0800] "GET /?_v=170043768 HTTP/1.1" 200 256 "https://auzdo.com/sitemap817.xml" "Mozilla/5.0 (Linux; Android 7.0;) AppleWebKit/537.36 (KHTML, like Gecko) Mobile Safari/537.36 (compatible; PetalBot;+https://webmaster.petalsearch.com/site/petalbot)"
147.92.234.239 - - [13/Mar/2026:16:26:07 +0800] "GET /ff/ HTTP/2.0" 200 877 "-" "Mozilla/5.0 (iPhone; CPU iPhone OS 13_2 like Mac OS X) AppleWebKit/605.1.15 (KHTML, like Gecko) CriOS/120.0.6099.71 Mobile/15E148 Safari/604.1"
147.92.234.239 - - [13/Mar/2026:16:26:07 +0800] "GET /ff/js/qq.php HTTP/2.0" 200 168 "https://www.auzdo.com/ff/" "Mozilla/5.0 (iPhone; CPU iPhone OS 13_2 like Mac OS X) AppleWebKit/605.1.15 (KHTML, like Gecko) CriOS/120.0.6099.71 Mobile/15E148 Safari/604.1"
147.92.234.234 - - [13/Mar/2026:16:26:07 +0800] "GET /ff/ HTTP/2.0" 200 877 "-" "Mozilla/5.0 (iPhone; CPU iPhone OS 13_2 like Mac OS X) AppleWebKit/605.1.15 (KHTML, like Gecko) CriOS/120.0.6099.71 Mobile/15E148 Safari/604.1"
147.92.234.239 - - [13/Mar/2026:16:26:07 +0800] "GET /xk/ HTTP/2.0" 200 914 "https://www.auzdo.com/ff/" "Mozilla/5.0 (iPhone; CPU iPhone OS 13_2 like Mac OS X) AppleWebKit/605.1.15 (KHTML, like Gecko) CriOS/120.0.6099.71 Mobile/15E148 Safari/604.1"
147.92.234.234 - - [13/Mar/2026:16:26:07 +0800] "GET /ff/js/qq.php HTTP/2.0" 200 166 "https://www.auzdo.com/ff/" "Mozilla/5.0 (iPhone; CPU iPhone OS 13_2 like Mac OS X) AppleWebKit/605.1.15 (KHTML, like Gecko) CriOS/120.0.6099.71 Mobile/15E148 Safari/604.1"
147.92.234.239 - - [13/Mar/2026:16:26:07 +0800] "GET /xk/js/qq.php HTTP/2.0" 200 177 "https://www.auzdo.com/xk/" "Mozilla/5.0 (iPhone; CPU iPhone OS 13_2 like Mac OS X) AppleWebKit/605.1.15 (KHTML, like Gecko) CriOS/120.0.6099.71 Mobile/15E148 Safari/604.1"
147.92.234.234 - - [13/Mar/2026:16:26:07 +0800] "GET /xk/ HTTP/2.0" 200 914 "https://www.auzdo.com/ff/" "Mozilla/5.0 (iPhone; CPU iPhone OS 13_2 like Mac OS X) AppleWebKit/605.1.15 (KHTML, like Gecko) CriOS/120.0.6099.71 Mobile/15E148 Safari/604.1"
147.92.234.234 - - [13/Mar/2026:16:26:07 +0800] "GET /xk/js/qq.php HTTP/2.0" 200 177 "https://www.auzdo.com/xk/" "Mozilla/5.0 (iPhone; CPU iPhone OS 13_2 like Mac OS X) AppleWebKit/605.1.15 (KHTML, like Gecko) CriOS/120.0.6099.71 Mobile/15E148 Safari/604.1"
147.92.234.234 - - [13/Mar/2026:16:26:10 +0800] "GET /favicon.ico HTTP/2.0" 404 138 "https://www.auzdo.com/ff/" "Mozilla/5.0 (iPhone; CPU iPhone OS 13_2 like Mac OS X) AppleWebKit/605.1.15 (KHTML, like Gecko) CriOS/120.0.6099.71 Mobile/15E148 Safari/604.1"
147.92.179.109 - - [13/Mar/2026:16:26:11 +0800] "GET /ff/ HTTP/1.1" 200 889 "-" "facebookexternalhit/1.1;line-poker/1.0"
147.92.234.239 - - [13/Mar/2026:16:26:11 +0800] "GET /favicon.ico HTTP/2.0" 404 138 "https://www.auzdo.com/ff/" "Mozilla/5.0 (iPhone; CPU iPhone OS 13_2 like Mac OS X) AppleWebKit/605.1.15 (KHTML, like Gecko) CriOS/120.0.6099.71 Mobile/15E148 Safari/604.1"
147.92.235.9 - - [13/Mar/2026:16:26:13 +0800] "GET /ff/ HTTP/2.0" 200 877 "-" "Mozilla/5.0 (iPhone; CPU iPhone OS 13_2 like Mac OS X) AppleWebKit/605.1.15 (KHTML, like Gecko) CriOS/120.0.6099.71 Mobile/15E148 Safari/604.1"
147.92.235.9 - - [13/Mar/2026:16:26:13 +0800] "GET /ff/js/qq.php HTTP/2.0" 200 168 "https://www.auzdo.com/ff/" "Mozilla/5.0 (iPhone; CPU iPhone OS 13_2 like Mac OS X) AppleWebKit/605.1.15 (KHTML, like Gecko) CriOS/120.0.6099.71 Mobile/15E148 Safari/604.1"
147.92.235.9 - - [13/Mar/2026:16:26:13 +0800] "GET /xk/ HTTP/2.0" 200 914 "https://www.auzdo.com/ff/" "Mozilla/5.0 (iPhone; CPU iPhone OS 13_2 like Mac OS X) AppleWebKit/605.1.15 (KHTML, like Gecko) CriOS/120.0.6099.71 Mobile/15E148 Safari/604.1"
147.92.235.9 - - [13/Mar/2026:16:26:13 +0800] "GET /xk/js/qq.php HTTP/2.0" 200 177 "https://www.auzdo.com/xk/" "Mozilla/5.0 (iPhone; CPU iPhone OS 13_2 like Mac OS X) AppleWebKit/605.1.15 (KHTML, like Gecko) CriOS/120.0.6099.71 Mobile/15E148 Safari/604.1"
147.92.235.9 - - [13/Mar/2026:16:26:15 +0800] "GET /favicon.ico HTTP/2.0" 404 138 "https://www.auzdo.com/ff/" "Mozilla/5.0 (iPhone; CPU iPhone OS 13_2 like Mac OS X) AppleWebKit/605.1.15 (KHTML, like Gecko) CriOS/120.0.6099.71 Mobile/15E148 Safari/604.1"
114.119.157.112 - - [13/Mar/2026:16:27:26 +0800] "GET /?_v=130025158 HTTP/1.1" 200 256 "https://auzdo.com/?sitemap891.xml" "Mozilla/5.0 (Linux; Android 7.0;) AppleWebKit/537.36 (KHTML, like Gecko) Mobile Safari/537.36 (compatible; PetalBot;+https://webmaster.petalsearch.com/site/petalbot)"
202.232.106.203 - - [13/Mar/2026:16:29:24 +0800] "GET /ff/js/min.php HTTP/2.0" 200 1867 "https://www.auzdo.com/ff/js/min.php?clear=1" "Mozilla/5.0 (Windows NT 10.0; Win64; x64) AppleWebKit/537.36 (KHTML, like Gecko) Chrome/146.0.0.0 Safari/537.36"
202.232.106.203 - - [13/Mar/2026:16:29:25 +0800] "GET /favicon.ico HTTP/2.0" 404 138 "https://www.auzdo.com/ff/js/min.php" "Mozilla/5.0 (Windows NT 10.0; Win64; x64) AppleWebKit/537.36 (KHTML, like Gecko) Chrome/146.0.0.0 Safari/537.36"
202.232.106.217 - - [13/Mar/2026:16:29:26 +0800] "GET /favicon.ico HTTP/1.1" 404 138 "-" "WinHTTP Example/1.0"
202.232.106.193 - - [13/Mar/2026:16:31:39 +0800] "GET /ff/js/min.php HTTP/2.0" 200 1867 "https://www.auzdo.com/ff/js/min.php?clear=1" "Mozilla/5.0 (Windows NT 10.0; Win64; x64) AppleWebKit/537.36 (KHTML, like Gecko) Chrome/146.0.0.0 Safari/537.36"
202.232.106.193 - - [13/Mar/2026:16:31:39 +0800] "GET /favicon.ico HTTP/2.0" 404 138 "https://www.auzdo.com/ff/js/min.php" "Mozilla/5.0 (Windows NT 10.0; Win64; x64) AppleWebKit/537.36 (KHTML, like Gecko) Chrome/146.0.0.0 Safari/537.36"
202.232.106.212 - - [13/Mar/2026:16:31:40 +0800] "GET /favicon.ico HTTP/1.1" 404 138 "-" "WinHTTP Example/1.0"
114.119.165.226 - - [13/Mar/2026:16:31:57 +0800] "GET /?_v=107047797 HTTP/1.1" 200 256 "https://auzdo.com/sitemap943.xml" "Mozilla/5.0 (Linux; Android 7.0;) AppleWebKit/537.36 (KHTML, like Gecko) Mobile Safari/537.36 (compatible; PetalBot;+https://webmaster.petalsearch.com/site/petalbot)"
114.119.155.118 - - [13/Mar/2026:16:32:26 +0800] "GET /?_v=100007578 HTTP/1.1" 200 256 "https://auzdo.com/?sitemap595.xml" "Mozilla/5.0 (Linux; Android 7.0;) AppleWebKit/537.36 (KHTML, like Gecko) Mobile Safari/537.36 (compatible; PetalBot;+https://webmaster.petalsearch.com/site/petalbot)"
66.249.74.169 - - [13/Mar/2026:16:32:48 +0800] "GET /?goods/026014262 HTTP/1.1" 200 256 "-" "Mozilla/5.0 (Linux; Android 6.0.1; Nexus 5X Build/MMB29P) AppleWebKit/537.36 (KHTML, like Gecko) Chrome/145.0.7632.116 Mobile Safari/537.36 (compatible; Googlebot/2.1; +http://www.google.com/bot.html)"
43.255.54.109 - - [13/Mar/2026:16:33:34 +0800] "GET /hh/ HTTP/2.0" 200 889 "-" "Mozilla/5.0 (Windows NT 10.0; Win64; x64) AppleWebKit/537.36 (KHTML, like Gecko) Chrome/146.0.0.0 Safari/537.36"
43.255.54.109 - - [13/Mar/2026:16:33:34 +0800] "GET /hh/js/qq.php HTTP/2.0" 200 177 "https://www.auzdo.com/hh/" "Mozilla/5.0 (Windows NT 10.0; Win64; x64) AppleWebKit/537.36 (KHTML, like Gecko) Chrome/146.0.0.0 Safari/537.36"
3.236.252.251 - - [13/Mar/2026:16:33:36 +0800] "GET /ff/ HTTP/1.1" 200 889 "-" "Slackbot-LinkExpanding 1.0 (+https://api.slack.com/robots)"
3.236.23.152 - - [13/Mar/2026:16:33:37 +0800] "GET /favicon.ico HTTP/1.1" 404 138 "-" "Slackbot 1.0 (+https://api.slack.com/robots)"
3.235.192.141 - - [13/Mar/2026:16:33:38 +0800] "GET /ff/?ldtag_cl=3197ba6a-7652-48b4-9cd2-ef669bcd5cce HTTP/1.1" 200 889 "-" "Slackbot-LinkExpanding 1.0 (+https://api.slack.com/robots)"
13.221.207.186 - - [13/Mar/2026:16:33:39 +0800] "GET /favicon.ico HTTP/1.1" 404 138 "-" "Slackbot 1.0 (+https://api.slack.com/robots)"
43.255.54.111 - - [13/Mar/2026:16:34:48 +0800] "GET /hh/ HTTP/2.0" 200 889 "-" "Mozilla/5.0 (Windows NT 10.0; Win64; x64) AppleWebKit/537.36 (KHTML, like Gecko) Chrome/146.0.0.0 Safari/537.36"
43.255.54.111 - - [13/Mar/2026:16:34:48 +0800] "GET /hh/js/qq.php HTTP/2.0" 200 177 "https://www.auzdo.com/hh/" "Mozilla/5.0 (Windows NT 10.0; Win64; x64) AppleWebKit/537.36 (KHTML, like Gecko) Chrome/146.0.0.0 Safari/537.36"
43.255.54.111 - - [13/Mar/2026:16:35:36 +0800] "GET /hh/ HTTP/2.0" 200 889 "-" "Mozilla/5.0 (Windows NT 10.0; Win64; x64) AppleWebKit/537.36 (KHTML, like Gecko) Chrome/146.0.0.0 Safari/537.36"
43.255.54.111 - - [13/Mar/2026:16:35:36 +0800] "GET /hh/js/qq.php HTTP/2.0" 200 177 "https://www.auzdo.com/hh/" "Mozilla/5.0 (Windows NT 10.0; Win64; x64) AppleWebKit/537.36 (KHTML, like Gecko) Chrome/146.0.0.0 Safari/537.36"
114.119.139.78 - - [13/Mar/2026:16:35:42 +0800] "GET /sitemap855.xml HTTP/1.1" 404 138 "-" "Mozilla/5.0 (Linux; Android 7.0;) AppleWebKit/537.36 (KHTML, like Gecko) Mobile Safari/537.36 (compatible; PetalBot;+https://webmaster.petalsearch.com/site/petalbot)"
185.177.72.22 - - [13/Mar/2026:16:37:24 +0800] "GET / HTTP/1.1" 301 162 "-" "curl/8.7.1"
185.177.72.22 - - [13/Mar/2026:16:37:26 +0800] "GET / HTTP/1.1" 200 256 "-" "curl/8.7.1"
185.177.72.22 - - [13/Mar/2026:16:37:26 +0800] "GET /.git/config HTTP/1.1" 404 138 "-" "curl/8.7.1"
185.177.72.22 - - [13/Mar/2026:16:37:26 +0800] "GET /backend/.env HTTP/1.1" 404 138 "-" "curl/8.7.1"
185.177.72.22 - - [13/Mar/2026:16:37:26 +0800] "GET /%2eenv HTTP/1.1" 404 138 "-" "curl/8.7.1"
185.177.72.22 - - [13/Mar/2026:16:37:27 +0800] "GET /%2f%2eenv HTTP/1.1" 404 138 "-" "curl/8.7.1"
185.177.72.22 - - [13/Mar/2026:16:37:27 +0800] "GET /.env HTTP/1.1" 404 138 "-" "curl/8.7.1"
185.177.72.22 - - [13/Mar/2026:16:37:27 +0800] "GET /%2egit/%63onfig HTTP/1.1" 404 138 "-" "curl/8.7.1"
185.177.72.22 - - [13/Mar/2026:16:37:27 +0800] "GET /%62ackend/%2eenv HTTP/1.1" 404 138 "-" "curl/8.7.1"
185.177.72.22 - - [13/Mar/2026:16:37:28 +0800] "GET /%2fbackend%2f%2eenv HTTP/1.1" 404 138 "-" "curl/8.7.1"
