114.119.144.29 - - [14/Mar/2026:17:36:20 +0800] "GET /?sitemap646.xml HTTP/1.1" 200 256 "-" "Mozilla/5.0 (Linux; Android 7.0;) AppleWebKit/537.36 (KHTML, like Gecko) Mobile Safari/537.36 (compatible; PetalBot;+https://webmaster.petalsearch.com/site/petalbot)"
114.119.157.112 - - [14/Mar/2026:17:37:18 +0800] "GET /?_z=123048267 HTTP/1.1" 200 256 "https://auzdo.com/sitemap943.xml" "Mozilla/5.0 (Linux; Android 7.0;) AppleWebKit/537.36 (KHTML, like Gecko) Mobile Safari/537.36 (compatible; PetalBot;+https://webmaster.petalsearch.com/site/petalbot)"
114.119.138.214 - - [14/Mar/2026:17:38:07 +0800] "GET /?_z=118009812 HTTP/1.1" 200 256 "https://auzdo.com/sitemap948.xml" "Mozilla/5.0 (Linux; Android 7.0;) AppleWebKit/537.36 (KHTML, like Gecko) Mobile Safari/537.36 (compatible; PetalBot;+https://webmaster.petalsearch.com/site/petalbot)"
114.119.132.57 - - [14/Mar/2026:17:41:42 +0800] "GET /?_z=016037342 HTTP/1.1" 200 256 "https://auzdo.com/sitemap934.xml" "Mozilla/5.0 (Linux; Android 7.0;) AppleWebKit/537.36 (KHTML, like Gecko) Mobile Safari/537.36 (compatible; PetalBot;+https://webmaster.petalsearch.com/site/petalbot)"
114.119.147.32 - - [14/Mar/2026:17:42:37 +0800] "GET /?_y=226020832 HTTP/1.1" 200 256 "https://auzdo.com/sitemap788.xml" "Mozilla/5.0 (Linux; Android 7.0;) AppleWebKit/537.36 (KHTML, like Gecko) Mobile Safari/537.36 (compatible; PetalBot;+https://webmaster.petalsearch.com/site/petalbot)"
74.7.175.182 - - [14/Mar/2026:17:43:15 +0800] "GET /robots.txt HTTP/2.0" 404 138 "-" "Mozilla/5.0 (Macintosh; Intel Mac OS X 10_15_7) AppleWebKit/537.36 (KHTML, like Gecko) Chrome/131.0.0.0 Safari/537.36; compatible; OAI-SearchBot/1.3; robots.txt; +https://openai.com/searchbot"
74.7.241.23 - - [14/Mar/2026:17:43:19 +0800] "GET /index.php/sitemap.xml HTTP/2.0" 200 245 "-" "Mozilla/5.0 AppleWebKit/537.36 (KHTML, like Gecko; compatible; GPTBot/1.3; +https://openai.com/gptbot)"
114.119.157.112 - - [14/Mar/2026:17:45:17 +0800] "GET /?_x=297030781 HTTP/1.1" 200 256 "https://auzdo.com/sitemap788.xml" "Mozilla/5.0 (Linux; Android 7.0;) AppleWebKit/537.36 (KHTML, like Gecko) Mobile Safari/537.36 (compatible; PetalBot;+https://webmaster.petalsearch.com/site/petalbot)"
114.119.136.146 - - [14/Mar/2026:17:46:26 +0800] "GET /?_x=247006101 HTTP/1.1" 200 256 "https://auzdo.com/sitemap934.xml" "Mozilla/5.0 (Linux; Android 7.0;) AppleWebKit/537.36 (KHTML, like Gecko) Mobile Safari/537.36 (compatible; PetalBot;+https://webmaster.petalsearch.com/site/petalbot)"
114.119.155.118 - - [14/Mar/2026:17:49:19 +0800] "GET /?_x=224003812 HTTP/1.1" 200 256 "https://auzdo.com/sitemap912.xml" "Mozilla/5.0 (Linux; Android 7.0;) AppleWebKit/537.36 (KHTML, like Gecko) Mobile Safari/537.36 (compatible; PetalBot;+https://webmaster.petalsearch.com/site/petalbot)"
114.119.139.78 - - [14/Mar/2026:17:50:37 +0800] "GET /?_x=221005767 HTTP/1.1" 200 256 "https://auzdo.com/sitemap943.xml" "Mozilla/5.0 (Linux; Android 7.0;) AppleWebKit/537.36 (KHTML, like Gecko) Mobile Safari/537.36 (compatible; PetalBot;+https://webmaster.petalsearch.com/site/petalbot)"
114.119.139.78 - - [14/Mar/2026:17:52:48 +0800] "GET /?_x=209011261 HTTP/1.1" 200 256 "https://auzdo.com/sitemap943.xml" "Mozilla/5.0 (Linux; Android 7.0;) AppleWebKit/537.36 (KHTML, like Gecko) Mobile Safari/537.36 (compatible; PetalBot;+https://webmaster.petalsearch.com/site/petalbot)"
114.119.139.78 - - [14/Mar/2026:17:53:21 +0800] "GET /?_x=206006138 HTTP/1.1" 200 256 "https://auzdo.com/sitemap986.xml" "Mozilla/5.0 (Linux; Android 7.0;) AppleWebKit/537.36 (KHTML, like Gecko) Mobile Safari/537.36 (compatible; PetalBot;+https://webmaster.petalsearch.com/site/petalbot)"
114.119.132.57 - - [14/Mar/2026:17:54:44 +0800] "GET /?_x=205010975 HTTP/1.1" 200 256 "https://auzdo.com/sitemap85.xml" "Mozilla/5.0 (Linux; Android 7.0;) AppleWebKit/537.36 (KHTML, like Gecko) Mobile Safari/537.36 (compatible; PetalBot;+https://webmaster.petalsearch.com/site/petalbot)"
114.119.143.1 - - [14/Mar/2026:17:58:52 +0800] "GET /?sitemap854.xml HTTP/1.1" 200 256 "-" "Mozilla/5.0 (Linux; Android 7.0;) AppleWebKit/537.36 (KHTML, like Gecko) Mobile Safari/537.36 (compatible; PetalBot;+https://webmaster.petalsearch.com/site/petalbot)"
114.119.132.57 - - [14/Mar/2026:17:59:21 +0800] "GET /?_z=061025541 HTTP/1.1" 200 256 "https://auzdo.com/sitemap948.xml" "Mozilla/5.0 (Linux; Android 7.0;) AppleWebKit/537.36 (KHTML, like Gecko) Mobile Safari/537.36 (compatible; PetalBot;+https://webmaster.petalsearch.com/site/petalbot)"
114.119.138.214 - - [14/Mar/2026:18:01:18 +0800] "GET /?_y=067019717 HTTP/1.1" 200 256 "https://auzdo.com/?sitemap854.xml" "Mozilla/5.0 (Linux; Android 7.0;) AppleWebKit/537.36 (KHTML, like Gecko) Mobile Safari/537.36 (compatible; PetalBot;+https://webmaster.petalsearch.com/site/petalbot)"
114.119.132.57 - - [14/Mar/2026:18:01:48 +0800] "GET /?_x=233004775 HTTP/1.1" 200 256 "https://auzdo.com/sitemap934.xml" "Mozilla/5.0 (Linux; Android 7.0;) AppleWebKit/537.36 (KHTML, like Gecko) Mobile Safari/537.36 (compatible; PetalBot;+https://webmaster.petalsearch.com/site/petalbot)"
114.119.157.112 - - [14/Mar/2026:18:07:45 +0800] "GET /?_x=196011388 HTTP/1.1" 200 256 "https://auzdo.com/sitemap855.xml" "Mozilla/5.0 (Linux; Android 7.0;) AppleWebKit/537.36 (KHTML, like Gecko) Mobile Safari/537.36 (compatible; PetalBot;+https://webmaster.petalsearch.com/site/petalbot)"
114.119.157.112 - - [14/Mar/2026:18:08:59 +0800] "GET /?_x=193021965 HTTP/1.1" 200 256 "https://auzdo.com/sitemap85.xml" "Mozilla/5.0 (Linux; Android 7.0;) AppleWebKit/537.36 (KHTML, like Gecko) Mobile Safari/537.36 (compatible; PetalBot;+https://webmaster.petalsearch.com/site/petalbot)"
114.119.139.78 - - [14/Mar/2026:18:13:35 +0800] "GET /?_x=155020569 HTTP/1.1" 200 256 "https://auzdo.com/?sitemap891.xml" "Mozilla/5.0 (Linux; Android 7.0;) AppleWebKit/537.36 (KHTML, like Gecko) Mobile Safari/537.36 (compatible; PetalBot;+https://webmaster.petalsearch.com/site/petalbot)"
114.119.155.118 - - [14/Mar/2026:18:14:11 +0800] "GET /?_x=126003116 HTTP/1.1" 200 256 "https://auzdo.com/?sitemap891.xml" "Mozilla/5.0 (Linux; Android 7.0;) AppleWebKit/537.36 (KHTML, like Gecko) Mobile Safari/537.36 (compatible; PetalBot;+https://webmaster.petalsearch.com/site/petalbot)"
78.40.181.78 - - [14/Mar/2026:18:15:27 +0800] "POST /xmlrpc.php HTTP/1.1" 404 138 "-" "Mozilla/5.0 (Macintosh; Intel Mac OS X 10_15_7; x86) AppleWebKit/537.36 (KHTML, like Gecko) Edge/95.0.0.0 Safari/537.36"
114.119.165.226 - - [14/Mar/2026:18:15:48 +0800] "GET /?_x=103005315 HTTP/1.1" 200 256 "https://auzdo.com/?sitemap891.xml" "Mozilla/5.0 (Linux; Android 7.0;) AppleWebKit/537.36 (KHTML, like Gecko) Mobile Safari/537.36 (compatible; PetalBot;+https://webmaster.petalsearch.com/site/petalbot)"
114.119.145.174 - - [14/Mar/2026:18:16:04 +0800] "GET /?sitemap80.xml HTTP/1.1" 200 256 "-" "Mozilla/5.0 (Linux; Android 7.0;) AppleWebKit/537.36 (KHTML, like Gecko) Mobile Safari/537.36 (compatible; PetalBot;+https://webmaster.petalsearch.com/site/petalbot)"
136.117.177.5 - - [14/Mar/2026:18:16:18 +0800] "GET / HTTP/1.1" 301 162 "-" "Mozilla/5.0 (Windows NT 10.0; Win64; x64) AppleWebKit/537.36 (KHTML, like Gecko) Chrome/78.0.3904.108 Safari/537.36"
114.119.136.146 - - [14/Mar/2026:18:17:09 +0800] "GET /?_x=078046782 HTTP/1.1" 200 256 "https://auzdo.com/?sitemap854.xml" "Mozilla/5.0 (Linux; Android 7.0;) AppleWebKit/537.36 (KHTML, like Gecko) Mobile Safari/537.36 (compatible; PetalBot;+https://webmaster.petalsearch.com/site/petalbot)"
114.119.155.118 - - [14/Mar/2026:18:21:15 +0800] "GET /?_x=012015326 HTTP/1.1" 200 256 "https://auzdo.com/?sitemap595.xml" "Mozilla/5.0 (Linux; Android 7.0;) AppleWebKit/537.36 (KHTML, like Gecko) Mobile Safari/537.36 (compatible; PetalBot;+https://webmaster.petalsearch.com/site/petalbot)"
114.119.165.226 - - [14/Mar/2026:18:23:12 +0800] "GET /?_x=074030268 HTTP/1.1" 200 256 "https://auzdo.com/?sitemap891.xml" "Mozilla/5.0 (Linux; Android 7.0;) AppleWebKit/537.36 (KHTML, like Gecko) Mobile Safari/537.36 (compatible; PetalBot;+https://webmaster.petalsearch.com/site/petalbot)"
114.119.139.78 - - [14/Mar/2026:18:24:42 +0800] "GET /?_x=028007616 HTTP/1.1" 200 256 "https://auzdo.com/sitemap965.xml" "Mozilla/5.0 (Linux; Android 7.0;) AppleWebKit/537.36 (KHTML, like Gecko) Mobile Safari/537.36 (compatible; PetalBot;+https://webmaster.petalsearch.com/site/petalbot)"
114.119.165.226 - - [14/Mar/2026:18:25:39 +0800] "GET /?_w=298008712 HTTP/1.1" 200 256 "https://auzdo.com/sitemap943.xml" "Mozilla/5.0 (Linux; Android 7.0;) AppleWebKit/537.36 (KHTML, like Gecko) Mobile Safari/537.36 (compatible; PetalBot;+https://webmaster.petalsearch.com/site/petalbot)"
114.119.136.146 - - [14/Mar/2026:18:28:52 +0800] "GET /?_w=260016620 HTTP/1.1" 200 256 "https://auzdo.com/sitemap948.xml" "Mozilla/5.0 (Linux; Android 7.0;) AppleWebKit/537.36 (KHTML, like Gecko) Mobile Safari/537.36 (compatible; PetalBot;+https://webmaster.petalsearch.com/site/petalbot)"
114.119.136.146 - - [14/Mar/2026:18:29:51 +0800] "GET /?_w=226038512 HTTP/1.1" 200 256 "https://auzdo.com/sitemap848.xml" "Mozilla/5.0 (Linux; Android 7.0;) AppleWebKit/537.36 (KHTML, like Gecko) Mobile Safari/537.36 (compatible; PetalBot;+https://webmaster.petalsearch.com/site/petalbot)"
114.119.157.112 - - [14/Mar/2026:18:33:17 +0800] "GET /?_w=221026731 HTTP/1.1" 200 256 "https://auzdo.com/?sitemap891.xml" "Mozilla/5.0 (Linux; Android 7.0;) AppleWebKit/537.36 (KHTML, like Gecko) Mobile Safari/537.36 (compatible; PetalBot;+https://webmaster.petalsearch.com/site/petalbot)"
114.119.139.78 - - [14/Mar/2026:18:34:30 +0800] "GET /?_w=200016954 HTTP/1.1" 200 256 "https://auzdo.com/sitemap738.xml" "Mozilla/5.0 (Linux; Android 7.0;) AppleWebKit/537.36 (KHTML, like Gecko) Mobile Safari/537.36 (compatible; PetalBot;+https://webmaster.petalsearch.com/site/petalbot)"
114.119.129.24 - - [14/Mar/2026:18:35:01 +0800] "GET /?sitemap501.xml HTTP/1.1" 200 256 "-" "Mozilla/5.0 (Linux; Android 7.0;) AppleWebKit/537.36 (KHTML, like Gecko) Mobile Safari/537.36 (compatible; PetalBot;+https://webmaster.petalsearch.com/site/petalbot)"
114.119.136.146 - - [14/Mar/2026:18:35:28 +0800] "GET /?_w=199049379 HTTP/1.1" 200 256 "https://auzdo.com/sitemap855.xml" "Mozilla/5.0 (Linux; Android 7.0;) AppleWebKit/537.36 (KHTML, like Gecko) Mobile Safari/537.36 (compatible; PetalBot;+https://webmaster.petalsearch.com/site/petalbot)"
114.119.136.146 - - [14/Mar/2026:18:36:36 +0800] "GET /?_w=199033869 HTTP/1.1" 200 256 "https://auzdo.com/sitemap738.xml" "Mozilla/5.0 (Linux; Android 7.0;) AppleWebKit/537.36 (KHTML, like Gecko) Mobile Safari/537.36 (compatible; PetalBot;+https://webmaster.petalsearch.com/site/petalbot)"
114.119.136.146 - - [14/Mar/2026:18:38:24 +0800] "GET /?_w=193003169 HTTP/1.1" 200 256 "https://auzdo.com/sitemap848.xml" "Mozilla/5.0 (Linux; Android 7.0;) AppleWebKit/537.36 (KHTML, like Gecko) Mobile Safari/537.36 (compatible; PetalBot;+https://webmaster.petalsearch.com/site/petalbot)"
114.119.132.57 - - [14/Mar/2026:18:40:54 +0800] "GET /?_w=139041977 HTTP/1.1" 200 256 "https://auzdo.com/?sitemap854.xml" "Mozilla/5.0 (Linux; Android 7.0;) AppleWebKit/537.36 (KHTML, like Gecko) Mobile Safari/537.36 (compatible; PetalBot;+https://webmaster.petalsearch.com/site/petalbot)"
66.249.74.168 - - [14/Mar/2026:18:42:09 +0800] "GET /?detail/11100992174167 HTTP/1.1" 200 256 "-" "Mozilla/5.0 (Linux; Android 6.0.1; Nexus 5X Build/MMB29P) AppleWebKit/537.36 (KHTML, like Gecko) Chrome/145.0.7632.116 Mobile Safari/537.36 (compatible; Googlebot/2.1; +http://www.google.com/bot.html)"
114.119.155.118 - - [14/Mar/2026:18:43:04 +0800] "GET /?_w=131023243 HTTP/1.1" 200 256 "https://auzdo.com/sitemap788.xml" "Mozilla/5.0 (Linux; Android 7.0;) AppleWebKit/537.36 (KHTML, like Gecko) Mobile Safari/537.36 (compatible; PetalBot;+https://webmaster.petalsearch.com/site/petalbot)"
114.119.138.214 - - [14/Mar/2026:18:43:58 +0800] "GET /?_w=104004134 HTTP/1.1" 200 256 "https://auzdo.com/sitemap85.xml" "Mozilla/5.0 (Linux; Android 7.0;) AppleWebKit/537.36 (KHTML, like Gecko) Mobile Safari/537.36 (compatible; PetalBot;+https://webmaster.petalsearch.com/site/petalbot)"
114.119.138.214 - - [14/Mar/2026:18:44:49 +0800] "GET /?_w=074017584 HTTP/1.1" 200 256 "https://auzdo.com/sitemap965.xml" "Mozilla/5.0 (Linux; Android 7.0;) AppleWebKit/537.36 (KHTML, like Gecko) Mobile Safari/537.36 (compatible; PetalBot;+https://webmaster.petalsearch.com/site/petalbot)"
114.119.139.78 - - [14/Mar/2026:18:46:17 +0800] "GET /?_w=059038387 HTTP/1.1" 200 256 "https://auzdo.com/?sitemap891.xml" "Mozilla/5.0 (Linux; Android 7.0;) AppleWebKit/537.36 (KHTML, like Gecko) Mobile Safari/537.36 (compatible; PetalBot;+https://webmaster.petalsearch.com/site/petalbot)"
66.249.74.168 - - [14/Mar/2026:18:48:40 +0800] "GET /m111044450 HTTP/1.1" 404 138 "-" "Mozilla/5.0 (Linux; Android 6.0.1; Nexus 5X Build/MMB29P) AppleWebKit/537.36 (KHTML, like Gecko) Chrome/145.0.7632.116 Mobile Safari/537.36 (compatible; Googlebot/2.1; +http://www.google.com/bot.html)"
66.249.74.167 - - [14/Mar/2026:18:48:41 +0800] "GET /category/21_22_23_155/1 HTTP/1.1" 404 138 "-" "Mozilla/5.0 (Linux; Android 6.0.1; Nexus 5X Build/MMB29P) AppleWebKit/537.36 (KHTML, like Gecko) Chrome/145.0.7632.116 Mobile Safari/537.36 (compatible; Googlebot/2.1; +http://www.google.com/bot.html)"
114.119.132.57 - - [14/Mar/2026:18:53:48 +0800] "GET /?_v=188009534 HTTP/1.1" 499 0 "https://auzdo.com/sitemap912.xml" "Mozilla/5.0 (Linux; Android 7.0;) AppleWebKit/537.36 (KHTML, like Gecko) Mobile Safari/537.36 (compatible; PetalBot;+https://webmaster.petalsearch.com/site/petalbot)"
66.249.74.169 - - [14/Mar/2026:18:54:20 +0800] "GET /?detail/02601423887973 HTTP/1.1" 200 256 "-" "Mozilla/5.0 (Linux; Android 6.0.1; Nexus 5X Build/MMB29P) AppleWebKit/537.36 (KHTML, like Gecko) Chrome/145.0.7632.116 Mobile Safari/537.36 (compatible; Googlebot/2.1; +http://www.google.com/bot.html)"
66.249.74.167 - - [14/Mar/2026:18:54:21 +0800] "GET /category/260_1267_6533/1 HTTP/1.1" 404 138 "-" "Mozilla/5.0 (Linux; Android 6.0.1; Nexus 5X Build/MMB29P) AppleWebKit/537.36 (KHTML, like Gecko) Chrome/145.0.7632.116 Mobile Safari/537.36 (compatible; Googlebot/2.1; +http://www.google.com/bot.html)"
43.135.145.117 - - [14/Mar/2026:18:54:34 +0800] "GET / HTTP/1.1" 301 162 "-" "Mozilla/5.0 (iPhone; CPU iPhone OS 13_2_3 like Mac OS X) AppleWebKit/605.1.15 (KHTML, like Gecko) Version/13.0.3 Mobile/15E148 Safari/604.1"
43.135.145.117 - - [14/Mar/2026:18:54:36 +0800] "GET / HTTP/1.1" 200 256 "http://auzdo.com" "Mozilla/5.0 (iPhone; CPU iPhone OS 13_2_3 like Mac OS X) AppleWebKit/605.1.15 (KHTML, like Gecko) Version/13.0.3 Mobile/15E148 Safari/604.1"
114.119.155.118 - - [14/Mar/2026:18:55:34 +0800] "GET /?_w=002047488 HTTP/1.1" 200 256 "https://auzdo.com/?sitemap891.xml" "Mozilla/5.0 (Linux; Android 7.0;) AppleWebKit/537.36 (KHTML, like Gecko) Mobile Safari/537.36 (compatible; PetalBot;+https://webmaster.petalsearch.com/site/petalbot)"
114.119.132.57 - - [14/Mar/2026:18:56:48 +0800] "GET /?_v=126029212 HTTP/1.1" 200 256 "https://auzdo.com/sitemap997.xml" "Mozilla/5.0 (Linux; Android 7.0;) AppleWebKit/537.36 (KHTML, like Gecko) Mobile Safari/537.36 (compatible; PetalBot;+https://webmaster.petalsearch.com/site/petalbot)"
114.119.136.146 - - [14/Mar/2026:18:59:19 +0800] "GET /?_s=298010304 HTTP/1.1" 499 0 "https://auzdo.com/?sitemap595.xml" "Mozilla/5.0 (Linux; Android 7.0;) AppleWebKit/537.36 (KHTML, like Gecko) Mobile Safari/537.36 (compatible; PetalBot;+https://webmaster.petalsearch.com/site/petalbot)"
114.119.132.57 - - [14/Mar/2026:19:01:47 +0800] "GET /?_s=150000050 HTTP/1.1" 200 256 "https://auzdo.com/?sitemap595.xml" "Mozilla/5.0 (Linux; Android 7.0;) AppleWebKit/537.36 (KHTML, like Gecko) Mobile Safari/537.36 (compatible; PetalBot;+https://webmaster.petalsearch.com/site/petalbot)"
114.119.155.118 - - [14/Mar/2026:19:03:19 +0800] "GET /?_q=070046220 HTTP/1.1" 200 256 "https://auzdo.com/?sitemap595.xml" "Mozilla/5.0 (Linux; Android 7.0;) AppleWebKit/537.36 (KHTML, like Gecko) Mobile Safari/537.36 (compatible; PetalBot;+https://webmaster.petalsearch.com/site/petalbot)"
114.119.139.78 - - [14/Mar/2026:19:04:35 +0800] "GET /?_p=270039836 HTTP/1.1" 200 256 "https://auzdo.com/?sitemap595.xml" "Mozilla/5.0 (Linux; Android 7.0;) AppleWebKit/537.36 (KHTML, like Gecko) Mobile Safari/537.36 (compatible; PetalBot;+https://webmaster.petalsearch.com/site/petalbot)"
114.119.138.214 - - [14/Mar/2026:19:06:05 +0800] "GET /?_o=270023768 HTTP/1.1" 200 256 "https://auzdo.com/?sitemap595.xml" "Mozilla/5.0 (Linux; Android 7.0;) AppleWebKit/537.36 (KHTML, like Gecko) Mobile Safari/537.36 (compatible; PetalBot;+https://webmaster.petalsearch.com/site/petalbot)"
66.249.74.168 - - [14/Mar/2026:19:12:15 +0800] "GET /?detail/0390288426446 HTTP/1.1" 200 256 "-" "Mozilla/5.0 (Linux; Android 6.0.1; Nexus 5X Build/MMB29P) AppleWebKit/537.36 (KHTML, like Gecko) Chrome/145.0.7632.116 Mobile Safari/537.36 (compatible; Googlebot/2.1; +http://www.google.com/bot.html)"
66.249.74.168 - - [14/Mar/2026:19:26:12 +0800] "GET /?jp/213009819.html HTTP/1.1" 200 256 "-" "Mozilla/5.0 (Linux; Android 6.0.1; Nexus 5X Build/MMB29P) AppleWebKit/537.36 (KHTML, like Gecko) Chrome/145.0.7632.116 Mobile Safari/537.36 (compatible; Googlebot/2.1; +http://www.google.com/bot.html)"
66.249.74.169 - - [14/Mar/2026:19:26:13 +0800] "GET /category/21_265_266_2017/1 HTTP/1.1" 404 138 "-" "Mozilla/5.0 (Linux; Android 6.0.1; Nexus 5X Build/MMB29P) AppleWebKit/537.36 (KHTML, like Gecko) Chrome/145.0.7632.116 Mobile Safari/537.36 (compatible; Googlebot/2.1; +http://www.google.com/bot.html)"
43.131.36.84 - - [14/Mar/2026:19:29:53 +0800] "GET / HTTP/1.1" 301 162 "-" "Mozilla/5.0 (iPhone; CPU iPhone OS 13_2_3 like Mac OS X) AppleWebKit/605.1.15 (KHTML, like Gecko) Version/13.0.3 Mobile/15E148 Safari/604.1"
43.131.36.84 - - [14/Mar/2026:19:29:55 +0800] "GET / HTTP/1.1" 200 256 "http://www.auzdo.com" "Mozilla/5.0 (iPhone; CPU iPhone OS 13_2_3 like Mac OS X) AppleWebKit/605.1.15 (KHTML, like Gecko) Version/13.0.3 Mobile/15E148 Safari/604.1"
216.24.210.99 - - [14/Mar/2026:19:34:12 +0800] "GET /wp-includes/css/buttons.css HTTP/1.1" 301 162 "-" "Go-http-client/1.1"
216.24.210.121 - - [14/Mar/2026:19:34:19 +0800] "GET /wp-includes/css/buttons.css HTTP/2.0" 404 138 "http://auzdo.com/wp-includes/css/buttons.css" "Go-http-client/2.0"
66.249.74.168 - - [14/Mar/2026:19:36:48 +0800] "GET /?_h=038009714 HTTP/1.1" 200 256 "-" "Mozilla/5.0 (Linux; Android 6.0.1; Nexus 5X Build/MMB29P) AppleWebKit/537.36 (KHTML, like Gecko) Chrome/145.0.7632.116 Mobile Safari/537.36 (compatible; Googlebot/2.1; +http://www.google.com/bot.html)"
114.119.138.214 - - [14/Mar/2026:19:43:39 +0800] "GET /?_z=207034609 HTTP/1.1" 200 256 "https://auzdo.com/sitemap738.xml" "Mozilla/5.0 (Linux; Android 7.0;) AppleWebKit/537.36 (KHTML, like Gecko) Mobile Safari/537.36 (compatible; PetalBot;+https://webmaster.petalsearch.com/site/petalbot)"
89.163.146.197 - - [14/Mar/2026:19:43:41 +0800] "GET /txets.php HTTP/1.1" 301 162 "www.google.com" "Mozlila/5.0 (Linux; Android 7.0; SM-G892A Bulid/NRD90M; wv) AppleWebKit/537.36 (KHTML, like Gecko) Version/4.0 Chrome/60.0.3112.107 Moblie Safari/537.36"
89.163.146.197 - - [14/Mar/2026:19:43:51 +0800] "GET /txets.php HTTP/1.1" 404 138 "www.google.com" "Mozlila/5.0 (Linux; Android 7.0; SM-G892A Bulid/NRD90M; wv) AppleWebKit/537.36 (KHTML, like Gecko) Version/4.0 Chrome/60.0.3112.107 Moblie Safari/537.36"
66.249.74.168 - - [14/Mar/2026:19:43:52 +0800] "GET /?goods/162021844 HTTP/1.1" 200 256 "-" "Mozilla/5.0 (Linux; Android 6.0.1; Nexus 5X Build/MMB29P) AppleWebKit/537.36 (KHTML, like Gecko) Chrome/145.0.7632.116 Mobile Safari/537.36 (compatible; Googlebot/2.1; +http://www.google.com/bot.html)"
89.163.146.197 - - [14/Mar/2026:19:44:00 +0800] "GET /wp-content/txets.php HTTP/1.1" 404 138 "www.google.com" "Mozlila/5.0 (Linux; Android 7.0; SM-G892A Bulid/NRD90M; wv) AppleWebKit/537.36 (KHTML, like Gecko) Version/4.0 Chrome/60.0.3112.107 Moblie Safari/537.36"
89.163.146.197 - - [14/Mar/2026:19:44:11 +0800] "GET /wp-content/txets.php HTTP/1.1" 404 138 "www.google.com" "Mozlila/5.0 (Linux; Android 7.0; SM-G892A Bulid/NRD90M; wv) AppleWebKit/537.36 (KHTML, like Gecko) Version/4.0 Chrome/60.0.3112.107 Moblie Safari/537.36"
66.249.74.168 - - [14/Mar/2026:19:45:58 +0800] "GET /category/71_737_4319_4320/1 HTTP/1.1" 404 138 "-" "Mozilla/5.0 (Linux; Android 6.0.1; Nexus 5X Build/MMB29P) AppleWebKit/537.36 (KHTML, like Gecko) Chrome/145.0.7632.116 Mobile Safari/537.36 (compatible; Googlebot/2.1; +http://www.google.com/bot.html)"
66.249.74.167 - - [14/Mar/2026:19:46:07 +0800] "GET /robots.txt HTTP/1.1" 301 162 "-" "Mozilla/5.0 (compatible; Googlebot/2.1; +http://www.google.com/bot.html)"
66.249.74.168 - - [14/Mar/2026:19:46:07 +0800] "GET /robots.txt HTTP/1.1" 404 138 "-" "Mozilla/5.0 (compatible; Googlebot/2.1; +http://www.google.com/bot.html)"
66.249.74.167 - - [14/Mar/2026:19:46:07 +0800] "GET / HTTP/1.1" 301 162 "-" "Mozilla/5.0 (Linux; Android 6.0.1; Nexus 5X Build/MMB29P) AppleWebKit/537.36 (KHTML, like Gecko) Chrome/145.0.7632.116 Mobile Safari/537.36 (compatible; GoogleOther)"
66.249.74.167 - - [14/Mar/2026:19:46:09 +0800] "GET / HTTP/1.1" 200 256 "-" "Mozilla/5.0 (Linux; Android 6.0.1; Nexus 5X Build/MMB29P) AppleWebKit/537.36 (KHTML, like Gecko) Chrome/145.0.7632.116 Mobile Safari/537.36 (compatible; GoogleOther)"
138.197.98.70 - - [14/Mar/2026:19:58:29 +0800] "GET / HTTP/2.0" 200 245 "-" "Mozilla/5.0 (Windows NT 10.0; Win64; x64) AppleWebKit/537.36 (KHTML, like Gecko) Chrome/101.0.4951.67 Safari/537.36"
66.249.74.167 - - [14/Mar/2026:19:59:26 +0800] "GET /?goods/025042031 HTTP/1.1" 200 256 "-" "Mozilla/5.0 (Linux; Android 6.0.1; Nexus 5X Build/MMB29P) AppleWebKit/537.36 (KHTML, like Gecko) Chrome/145.0.7632.116 Mobile Safari/537.36 (compatible; Googlebot/2.1; +http://www.google.com/bot.html)"
123.117.178.47 - - [14/Mar/2026:20:01:24 +0800] "GET / HTTP/1.1" 301 162 "-" "Mozilla/5.0 (iPhone; CPU iPhone OS 10_2_1 like Mac OS X) AppleWebKit/602.4.6 (KHTML,like Gecko) Mobile/14D27"
123.117.178.47 - - [14/Mar/2026:20:01:26 +0800] "GET / HTTP/1.1" 200 256 "-" "Mozilla/5.0 (iPhone; CPU iPhone OS 10_2_1 like Mac OS X) AppleWebKit/602.4.6 (KHTML,like Gecko) Mobile/14D27"
66.249.74.167 - - [14/Mar/2026:20:03:04 +0800] "GET / HTTP/1.1" 301 162 "-" "Mozilla/5.0 (Linux; Android 6.0.1; Nexus 5X Build/MMB29P) AppleWebKit/537.36 (KHTML, like Gecko) Chrome/145.0.7632.116 Mobile Safari/537.36 (compatible; Googlebot/2.1; +http://www.google.com/bot.html)"
66.249.74.169 - - [14/Mar/2026:20:03:06 +0800] "GET / HTTP/1.1" 200 256 "-" "Mozilla/5.0 (Linux; Android 6.0.1; Nexus 5X Build/MMB29P) AppleWebKit/537.36 (KHTML, like Gecko) Chrome/145.0.7632.116 Mobile Safari/537.36 (compatible; Googlebot/2.1; +http://www.google.com/bot.html)"
114.119.157.112 - - [14/Mar/2026:20:03:23 +0800] "GET /?_z=241041883 HTTP/1.1" 200 256 "https://auzdo.com/sitemap997.xml" "Mozilla/5.0 (Linux; Android 7.0;) AppleWebKit/537.36 (KHTML, like Gecko) Mobile Safari/537.36 (compatible; PetalBot;+https://webmaster.petalsearch.com/site/petalbot)"
114.119.144.42 - - [14/Mar/2026:20:04:32 +0800] "GET /?sitemap891.xml HTTP/1.1" 200 256 "-" "Mozilla/5.0 (Linux; Android 7.0;) AppleWebKit/537.36 (KHTML, like Gecko) Mobile Safari/537.36 (compatible; PetalBot;+https://webmaster.petalsearch.com/site/petalbot)"
114.119.137.122 - - [14/Mar/2026:20:07:08 +0800] "GET /search.php?sitemap542.xml HTTP/1.1" 404 138 "-" "Mozilla/5.0 (Linux; Android 7.0;) AppleWebKit/537.36 (KHTML, like Gecko) Mobile Safari/537.36 (compatible; PetalBot;+https://webmaster.petalsearch.com/site/petalbot)"
114.119.132.57 - - [14/Mar/2026:20:17:30 +0800] "GET /?_z=227004425 HTTP/1.1" 200 256 "https://auzdo.com/sitemap788.xml" "Mozilla/5.0 (Linux; Android 7.0;) AppleWebKit/537.36 (KHTML, like Gecko) Mobile Safari/537.36 (compatible; PetalBot;+https://webmaster.petalsearch.com/site/petalbot)"
114.119.165.226 - - [14/Mar/2026:20:19:44 +0800] "GET /?_y=011014145 HTTP/1.1" 200 256 "https://auzdo.com/?sitemap595.xml" "Mozilla/5.0 (Linux; Android 7.0;) AppleWebKit/537.36 (KHTML, like Gecko) Mobile Safari/537.36 (compatible; PetalBot;+https://webmaster.petalsearch.com/site/petalbot)"
114.119.147.32 - - [14/Mar/2026:20:21:43 +0800] "GET /?_u=187007737 HTTP/1.1" 200 256 "https://auzdo.com/?sitemap595.xml" "Mozilla/5.0 (Linux; Android 7.0;) AppleWebKit/537.36 (KHTML, like Gecko) Mobile Safari/537.36 (compatible; PetalBot;+https://webmaster.petalsearch.com/site/petalbot)"
111.179.16.18 - - [14/Mar/2026:20:26:34 +0800] "GET / HTTP/1.1" 301 162 "-" "Mozilla/5.0 (X11; U; Linux i686; fr; rv:1.9.0.10) Gecko/2009042523 Ubuntu/8.10 (intrepid) Firefox/3.0.10"
111.179.16.18 - - [14/Mar/2026:20:26:35 +0800] "GET / HTTP/1.1" 200 256 "-" "Mozilla/5.0 (X11; U; Linux i686; fr; rv:1.9.0.10) Gecko/2009042523 Ubuntu/8.10 (intrepid) Firefox/3.0.10"
114.119.139.78 - - [14/Mar/2026:20:32:53 +0800] "GET /m134009575 HTTP/1.1" 404 138 "https://auzdo.com/?sitemap891.xml" "Mozilla/5.0 (Linux; Android 7.0;) AppleWebKit/537.36 (KHTML, like Gecko) Mobile Safari/537.36 (compatible; PetalBot;+https://webmaster.petalsearch.com/site/petalbot)"
114.119.157.112 - - [14/Mar/2026:20:34:06 +0800] "GET /m058020525 HTTP/1.1" 404 138 "https://auzdo.com/?sitemap595.xml" "Mozilla/5.0 (Linux; Android 7.0;) AppleWebKit/537.36 (KHTML, like Gecko) Mobile Safari/537.36 (compatible; PetalBot;+https://webmaster.petalsearch.com/site/petalbot)"
60.188.57.0 - - [14/Mar/2026:20:34:27 +0800] "GET / HTTP/1.1" 301 162 "-" "Mozilla/5.0 (iPhone; CPU iPhone OS 13_2_3 like Mac OS X) AppleWebKit/605.1.15 (KHTML, like Gecko) Version/13.0.3 Mobile/15E148 Safari/604.1"
60.188.57.0 - - [14/Mar/2026:20:34:30 +0800] "GET / HTTP/1.1" 200 256 "http://www.auzdo.com" "Mozilla/5.0 (iPhone; CPU iPhone OS 13_2_3 like Mac OS X) AppleWebKit/605.1.15 (KHTML, like Gecko) Version/13.0.3 Mobile/15E148 Safari/604.1"
61.224.150.243 - - [14/Mar/2026:20:34:43 +0800] "GET /cc/?ldtag_cl=adxo0AFKSXOWrDeZqsloFQAA HTTP/2.0" 200 204 "-" "Mozilla/5.0 (iPhone; CPU iPhone OS 18_6_2 like Mac OS X) AppleWebKit/605.1.15 (KHTML, like Gecko) Mobile/15E148"
114.119.157.112 - - [14/Mar/2026:20:36:41 +0800] "GET /?_z=195007957 HTTP/1.1" 200 256 "https://auzdo.com/sitemap788.xml" "Mozilla/5.0 (Linux; Android 7.0;) AppleWebKit/537.36 (KHTML, like Gecko) Mobile Safari/537.36 (compatible; PetalBot;+https://webmaster.petalsearch.com/site/petalbot)"
114.119.157.112 - - [14/Mar/2026:20:38:10 +0800] "GET /?_z=221011059 HTTP/1.1" 200 256 "https://auzdo.com/sitemap817.xml" "Mozilla/5.0 (Linux; Android 7.0;) AppleWebKit/537.36 (KHTML, like Gecko) Mobile Safari/537.36 (compatible; PetalBot;+https://webmaster.petalsearch.com/site/petalbot)"
114.119.136.146 - - [14/Mar/2026:20:39:51 +0800] "GET /?_z=173036611 HTTP/1.1" 200 256 "https://auzdo.com/sitemap986.xml" "Mozilla/5.0 (Linux; Android 7.0;) AppleWebKit/537.36 (KHTML, like Gecko) Mobile Safari/537.36 (compatible; PetalBot;+https://webmaster.petalsearch.com/site/petalbot)"
114.119.157.112 - - [14/Mar/2026:20:40:38 +0800] "GET /?_z=170027588 HTTP/1.1" 200 256 "https://auzdo.com/sitemap997.xml" "Mozilla/5.0 (Linux; Android 7.0;) AppleWebKit/537.36 (KHTML, like Gecko) Mobile Safari/537.36 (compatible; PetalBot;+https://webmaster.petalsearch.com/site/petalbot)"
66.249.74.169 - - [14/Mar/2026:20:41:24 +0800] "GET /?goods/045049844 HTTP/1.1" 200 256 "-" "Mozilla/5.0 (Linux; Android 6.0.1; Nexus 5X Build/MMB29P) AppleWebKit/537.36 (KHTML, like Gecko) Chrome/145.0.7632.116 Mobile Safari/537.36 (compatible; Googlebot/2.1; +http://www.google.com/bot.html)"
114.119.132.57 - - [14/Mar/2026:20:42:33 +0800] "GET /m040025009 HTTP/1.1" 404 138 "https://auzdo.com/?sitemap854.xml" "Mozilla/5.0 (Linux; Android 7.0;) AppleWebKit/537.36 (KHTML, like Gecko) Mobile Safari/537.36 (compatible; PetalBot;+https://webmaster.petalsearch.com/site/petalbot)"
82.198.236.94 - - [14/Mar/2026:20:43:03 +0800] "GET /.env HTTP/1.1" 404 138 "-" "Mozilla/5.0 (Macintosh; Intel Mac OS X 10_15_7) AppleWebKit/537.36 (KHTML, like Gecko) Chrome/91.0.4472.124 Safari/537.36"
114.119.147.32 - - [14/Mar/2026:20:43:55 +0800] "GET /?_z=085047165 HTTP/1.1" 200 256 "https://auzdo.com/sitemap965.xml" "Mozilla/5.0 (Linux; Android 7.0;) AppleWebKit/537.36 (KHTML, like Gecko) Mobile Safari/537.36 (compatible; PetalBot;+https://webmaster.petalsearch.com/site/petalbot)"
66.249.74.167 - - [14/Mar/2026:20:44:13 +0800] "GET /?goods/238006599 HTTP/1.1" 200 256 "-" "Mozilla/5.0 (Linux; Android 6.0.1; Nexus 5X Build/MMB29P) AppleWebKit/537.36 (KHTML, like Gecko) Chrome/145.0.7632.116 Mobile Safari/537.36 (compatible; Googlebot/2.1; +http://www.google.com/bot.html)"
114.119.147.32 - - [14/Mar/2026:20:45:08 +0800] "GET /m006021113 HTTP/1.1" 404 138 "https://auzdo.com/?sitemap891.xml" "Mozilla/5.0 (Linux; Android 7.0;) AppleWebKit/537.36 (KHTML, like Gecko) Mobile Safari/537.36 (compatible; PetalBot;+https://webmaster.petalsearch.com/site/petalbot)"
117.182.191.184 - - [14/Mar/2026:20:45:42 +0800] "GET / HTTP/1.1" 301 162 "-" "Mozilla/5.0 (X11; Ubuntu; Linux i686; rv:13.0) Gecko/20100101 Firefox/13.0.1"
117.182.191.184 - - [14/Mar/2026:20:45:43 +0800] "GET / HTTP/1.1" 200 256 "-" "Mozilla/5.0 (X11; Ubuntu; Linux i686; rv:13.0) Gecko/20100101 Firefox/13.0.1"
114.119.136.146 - - [14/Mar/2026:20:47:46 +0800] "GET /?_z=058046288 HTTP/1.1" 200 256 "https://auzdo.com/?sitemap595.xml" "Mozilla/5.0 (Linux; Android 7.0;) AppleWebKit/537.36 (KHTML, like Gecko) Mobile Safari/537.36 (compatible; PetalBot;+https://webmaster.petalsearch.com/site/petalbot)"
66.249.74.167 - - [14/Mar/2026:20:48:00 +0800] "GET /?goods/050045686 HTTP/1.1" 200 256 "-" "Mozilla/5.0 (Linux; Android 6.0.1; Nexus 5X Build/MMB29P) AppleWebKit/537.36 (KHTML, like Gecko) Chrome/145.0.7632.116 Mobile Safari/537.36 (compatible; Googlebot/2.1; +http://www.google.com/bot.html)"
66.249.74.167 - - [14/Mar/2026:20:48:31 +0800] "GET /category/180_1254_1878_1879/1 HTTP/1.1" 404 138 "-" "Mozilla/5.0 (Linux; Android 6.0.1; Nexus 5X Build/MMB29P) AppleWebKit/537.36 (KHTML, like Gecko) Chrome/145.0.7632.116 Mobile Safari/537.36 (compatible; Googlebot/2.1; +http://www.google.com/bot.html)"
114.119.165.226 - - [14/Mar/2026:20:49:13 +0800] "GET /?_z=228043444 HTTP/1.1" 200 256 "https://auzdo.com/sitemap986.xml" "Mozilla/5.0 (Linux; Android 7.0;) AppleWebKit/537.36 (KHTML, like Gecko) Mobile Safari/537.36 (compatible; PetalBot;+https://webmaster.petalsearch.com/site/petalbot)"
114.119.136.146 - - [14/Mar/2026:20:53:21 +0800] "GET /?_y=257029563 HTTP/1.1" 200 256 "https://auzdo.com/?sitemap595.xml" "Mozilla/5.0 (Linux; Android 7.0;) AppleWebKit/537.36 (KHTML, like Gecko) Mobile Safari/537.36 (compatible; PetalBot;+https://webmaster.petalsearch.com/site/petalbot)"
66.249.71.206 - - [14/Mar/2026:20:55:50 +0800] "GET /category/196_749/1 HTTP/1.1" 404 138 "-" "Mozilla/5.0 (Linux; Android 6.0.1; Nexus 5X Build/MMB29P) AppleWebKit/537.36 (KHTML, like Gecko) Chrome/145.0.7632.116 Mobile Safari/537.36 (compatible; Googlebot/2.1; +http://www.google.com/bot.html)"
114.119.155.118 - - [14/Mar/2026:20:56:04 +0800] "GET /?_z=226010594 HTTP/1.1" 200 256 "https://auzdo.com/sitemap934.xml" "Mozilla/5.0 (Linux; Android 7.0;) AppleWebKit/537.36 (KHTML, like Gecko) Mobile Safari/537.36 (compatible; PetalBot;+https://webmaster.petalsearch.com/site/petalbot)"
114.119.132.57 - - [14/Mar/2026:20:57:47 +0800] "GET /m131018034 HTTP/1.1" 404 138 "https://auzdo.com/?sitemap891.xml" "Mozilla/5.0 (Linux; Android 7.0;) AppleWebKit/537.36 (KHTML, like Gecko) Mobile Safari/537.36 (compatible; PetalBot;+https://webmaster.petalsearch.com/site/petalbot)"
114.119.132.57 - - [14/Mar/2026:20:59:40 +0800] "GET /m130014913 HTTP/1.1" 404 138 "https://auzdo.com/?sitemap891.xml" "Mozilla/5.0 (Linux; Android 7.0;) AppleWebKit/537.36 (KHTML, like Gecko) Mobile Safari/537.36 (compatible; PetalBot;+https://webmaster.petalsearch.com/site/petalbot)"
114.119.139.78 - - [14/Mar/2026:21:00:22 +0800] "GET /m027026128 HTTP/1.1" 404 138 "https://auzdo.com/?sitemap595.xml" "Mozilla/5.0 (Linux; Android 7.0;) AppleWebKit/537.36 (KHTML, like Gecko) Mobile Safari/537.36 (compatible; PetalBot;+https://webmaster.petalsearch.com/site/petalbot)"
66.249.74.168 - - [14/Mar/2026:21:01:10 +0800] "GET /m039041184 HTTP/1.1" 404 138 "-" "Mozilla/5.0 (Linux; Android 6.0.1; Nexus 5X Build/MMB29P) AppleWebKit/537.36 (KHTML, like Gecko) Chrome/145.0.7632.116 Mobile Safari/537.36 (compatible; Googlebot/2.1; +http://www.google.com/bot.html)"
114.119.132.57 - - [14/Mar/2026:21:01:43 +0800] "GET /m066032959 HTTP/1.1" 404 138 "https://auzdo.com/?sitemap854.xml" "Mozilla/5.0 (Linux; Android 7.0;) AppleWebKit/537.36 (KHTML, like Gecko) Mobile Safari/537.36 (compatible; PetalBot;+https://webmaster.petalsearch.com/site/petalbot)"
114.119.138.214 - - [14/Mar/2026:21:03:06 +0800] "GET /m008049229 HTTP/1.1" 404 138 "https://auzdo.com/?sitemap854.xml" "Mozilla/5.0 (Linux; Android 7.0;) AppleWebKit/537.36 (KHTML, like Gecko) Mobile Safari/537.36 (compatible; PetalBot;+https://webmaster.petalsearch.com/site/petalbot)"
114.119.147.32 - - [14/Mar/2026:21:04:28 +0800] "GET /?_z=207044393 HTTP/1.1" 200 256 "https://auzdo.com/sitemap855.xml" "Mozilla/5.0 (Linux; Android 7.0;) AppleWebKit/537.36 (KHTML, like Gecko) Mobile Safari/537.36 (compatible; PetalBot;+https://webmaster.petalsearch.com/site/petalbot)"
114.119.147.32 - - [14/Mar/2026:21:06:31 +0800] "GET /m045009062 HTTP/1.1" 404 138 "https://auzdo.com/?sitemap854.xml" "Mozilla/5.0 (Linux; Android 7.0;) AppleWebKit/537.36 (KHTML, like Gecko) Mobile Safari/537.36 (compatible; PetalBot;+https://webmaster.petalsearch.com/site/petalbot)"
114.119.157.112 - - [14/Mar/2026:21:07:53 +0800] "GET /?_z=246016718 HTTP/1.1" 200 256 "https://auzdo.com/sitemap738.xml" "Mozilla/5.0 (Linux; Android 7.0;) AppleWebKit/537.36 (KHTML, like Gecko) Mobile Safari/537.36 (compatible; PetalBot;+https://webmaster.petalsearch.com/site/petalbot)"
114.119.138.214 - - [14/Mar/2026:21:08:44 +0800] "GET /?_z=158004454 HTTP/1.1" 200 256 "https://auzdo.com/sitemap943.xml" "Mozilla/5.0 (Linux; Android 7.0;) AppleWebKit/537.36 (KHTML, like Gecko) Mobile Safari/537.36 (compatible; PetalBot;+https://webmaster.petalsearch.com/site/petalbot)"
66.249.74.168 - - [14/Mar/2026:21:09:14 +0800] "GET /category/1_253_254/1 HTTP/1.1" 404 138 "-" "Mozilla/5.0 (Linux; Android 6.0.1; Nexus 5X Build/MMB29P) AppleWebKit/537.36 (KHTML, like Gecko) Chrome/145.0.7632.116 Mobile Safari/537.36 (compatible; Googlebot/2.1; +http://www.google.com/bot.html)"
114.119.136.146 - - [14/Mar/2026:21:10:15 +0800] "GET /?_z=084011428 HTTP/1.1" 200 256 "https://auzdo.com/sitemap817.xml" "Mozilla/5.0 (Linux; Android 7.0;) AppleWebKit/537.36 (KHTML, like Gecko) Mobile Safari/537.36 (compatible; PetalBot;+https://webmaster.petalsearch.com/site/petalbot)"
66.249.74.169 - - [14/Mar/2026:21:11:27 +0800] "GET /?jp/101004807.html HTTP/1.1" 200 256 "-" "Mozilla/5.0 (Linux; Android 6.0.1; Nexus 5X Build/MMB29P) AppleWebKit/537.36 (KHTML, like Gecko) Chrome/145.0.7632.116 Mobile Safari/537.36 (compatible; Googlebot/2.1; +http://www.google.com/bot.html)"
114.119.155.118 - - [14/Mar/2026:21:11:45 +0800] "GET /?_z=073027661 HTTP/1.1" 200 256 "https://auzdo.com/sitemap830.xml" "Mozilla/5.0 (Linux; Android 7.0;) AppleWebKit/537.36 (KHTML, like Gecko) Mobile Safari/537.36 (compatible; PetalBot;+https://webmaster.petalsearch.com/site/petalbot)"
114.119.138.214 - - [14/Mar/2026:21:13:24 +0800] "GET /?_z=012011050 HTTP/1.1" 499 0 "https://auzdo.com/sitemap848.xml" "Mozilla/5.0 (Linux; Android 7.0;) AppleWebKit/537.36 (KHTML, like Gecko) Mobile Safari/537.36 (compatible; PetalBot;+https://webmaster.petalsearch.com/site/petalbot)"
114.119.155.118 - - [14/Mar/2026:21:14:27 +0800] "GET /?_y=221009031 HTTP/1.1" 200 256 "https://auzdo.com/sitemap965.xml" "Mozilla/5.0 (Linux; Android 7.0;) AppleWebKit/537.36 (KHTML, like Gecko) Mobile Safari/537.36 (compatible; PetalBot;+https://webmaster.petalsearch.com/site/petalbot)"
114.119.139.78 - - [14/Mar/2026:21:15:31 +0800] "GET /m042003285 HTTP/1.1" 404 138 "https://auzdo.com/?sitemap854.xml" "Mozilla/5.0 (Linux; Android 7.0;) AppleWebKit/537.36 (KHTML, like Gecko) Mobile Safari/537.36 (compatible; PetalBot;+https://webmaster.petalsearch.com/site/petalbot)"
114.119.132.57 - - [14/Mar/2026:21:17:42 +0800] "GET /?_z=226036552 HTTP/1.1" 200 256 "https://auzdo.com/sitemap965.xml" "Mozilla/5.0 (Linux; Android 7.0;) AppleWebKit/537.36 (KHTML, like Gecko) Mobile Safari/537.36 (compatible; PetalBot;+https://webmaster.petalsearch.com/site/petalbot)"
114.119.132.57 - - [14/Mar/2026:21:19:50 +0800] "GET /?_z=224001634 HTTP/1.1" 200 256 "https://auzdo.com/sitemap85.xml" "Mozilla/5.0 (Linux; Android 7.0;) AppleWebKit/537.36 (KHTML, like Gecko) Mobile Safari/537.36 (compatible; PetalBot;+https://webmaster.petalsearch.com/site/petalbot)"
114.119.139.78 - - [14/Mar/2026:21:21:51 +0800] "GET /?_z=193027391 HTTP/1.1" 200 256 "https://auzdo.com/sitemap830.xml" "Mozilla/5.0 (Linux; Android 7.0;) AppleWebKit/537.36 (KHTML, like Gecko) Mobile Safari/537.36 (compatible; PetalBot;+https://webmaster.petalsearch.com/site/petalbot)"
114.119.139.78 - - [14/Mar/2026:21:24:09 +0800] "GET /?_z=073048087 HTTP/1.1" 200 256 "https://auzdo.com/sitemap948.xml" "Mozilla/5.0 (Linux; Android 7.0;) AppleWebKit/537.36 (KHTML, like Gecko) Mobile Safari/537.36 (compatible; PetalBot;+https://webmaster.petalsearch.com/site/petalbot)"
114.119.132.57 - - [14/Mar/2026:21:25:36 +0800] "GET /m070046995 HTTP/1.1" 404 138 "https://auzdo.com/?sitemap595.xml" "Mozilla/5.0 (Linux; Android 7.0;) AppleWebKit/537.36 (KHTML, like Gecko) Mobile Safari/537.36 (compatible; PetalBot;+https://webmaster.petalsearch.com/site/petalbot)"
114.119.138.214 - - [14/Mar/2026:21:27:05 +0800] "GET /?_z=080041876 HTTP/1.1" 200 256 "https://auzdo.com/sitemap948.xml" "Mozilla/5.0 (Linux; Android 7.0;) AppleWebKit/537.36 (KHTML, like Gecko) Mobile Safari/537.36 (compatible; PetalBot;+https://webmaster.petalsearch.com/site/petalbot)"
114.119.165.226 - - [14/Mar/2026:21:28:44 +0800] "GET /?_y=259027987 HTTP/1.1" 200 256 "https://auzdo.com/sitemap855.xml" "Mozilla/5.0 (Linux; Android 7.0;) AppleWebKit/537.36 (KHTML, like Gecko) Mobile Safari/537.36 (compatible; PetalBot;+https://webmaster.petalsearch.com/site/petalbot)"
66.249.74.168 - - [14/Mar/2026:21:31:54 +0800] "GET /?goods/163024191 HTTP/1.1" 200 256 "-" "Mozilla/5.0 (Linux; Android 6.0.1; Nexus 5X Build/MMB29P) AppleWebKit/537.36 (KHTML, like Gecko) Chrome/145.0.7632.116 Mobile Safari/537.36 (compatible; Googlebot/2.1; +http://www.google.com/bot.html)"
114.119.155.118 - - [14/Mar/2026:21:35:24 +0800] "GET /?_z=060040362 HTTP/1.1" 200 256 "https://auzdo.com/sitemap817.xml" "Mozilla/5.0 (Linux; Android 7.0;) AppleWebKit/537.36 (KHTML, like Gecko) Mobile Safari/537.36 (compatible; PetalBot;+https://webmaster.petalsearch.com/site/petalbot)"
114.119.155.118 - - [14/Mar/2026:21:36:45 +0800] "GET /m050046353 HTTP/1.1" 404 138 "https://auzdo.com/?sitemap891.xml" "Mozilla/5.0 (Linux; Android 7.0;) AppleWebKit/537.36 (KHTML, like Gecko) Mobile Safari/537.36 (compatible; PetalBot;+https://webmaster.petalsearch.com/site/petalbot)"
114.119.165.226 - - [14/Mar/2026:21:38:33 +0800] "GET /?_z=292019668 HTTP/1.1" 200 256 "https://auzdo.com/sitemap997.xml" "Mozilla/5.0 (Linux; Android 7.0;) AppleWebKit/537.36 (KHTML, like Gecko) Mobile Safari/537.36 (compatible; PetalBot;+https://webmaster.petalsearch.com/site/petalbot)"
114.119.136.146 - - [14/Mar/2026:21:39:24 +0800] "GET /m056018689 HTTP/1.1" 404 138 "https://auzdo.com/?sitemap854.xml" "Mozilla/5.0 (Linux; Android 7.0;) AppleWebKit/537.36 (KHTML, like Gecko) Mobile Safari/537.36 (compatible; PetalBot;+https://webmaster.petalsearch.com/site/petalbot)"
114.119.132.57 - - [14/Mar/2026:21:42:52 +0800] "GET /?_z=005022515 HTTP/1.1" 200 256 "https://auzdo.com/sitemap855.xml" "Mozilla/5.0 (Linux; Android 7.0;) AppleWebKit/537.36 (KHTML, like Gecko) Mobile Safari/537.36 (compatible; PetalBot;+https://webmaster.petalsearch.com/site/petalbot)"
114.119.139.78 - - [14/Mar/2026:21:43:36 +0800] "GET /?_z=154035696 HTTP/1.1" 200 256 "https://auzdo.com/sitemap948.xml" "Mozilla/5.0 (Linux; Android 7.0;) AppleWebKit/537.36 (KHTML, like Gecko) Mobile Safari/537.36 (compatible; PetalBot;+https://webmaster.petalsearch.com/site/petalbot)"
66.249.74.169 - - [14/Mar/2026:21:45:52 +0800] "GET /?jp/113025582.html HTTP/1.1" 200 256 "-" "Mozilla/5.0 (Linux; Android 6.0.1; Nexus 5X Build/MMB29P) AppleWebKit/537.36 (KHTML, like Gecko) Chrome/145.0.7632.116 Mobile Safari/537.36 (compatible; Googlebot/2.1; +http://www.google.com/bot.html)"
114.119.165.226 - - [14/Mar/2026:21:46:23 +0800] "GET /m075011872 HTTP/1.1" 404 138 "https://auzdo.com/?sitemap891.xml" "Mozilla/5.0 (Linux; Android 7.0;) AppleWebKit/537.36 (KHTML, like Gecko) Mobile Safari/537.36 (compatible; PetalBot;+https://webmaster.petalsearch.com/site/petalbot)"
114.119.155.118 - - [14/Mar/2026:21:48:02 +0800] "GET /?_y=287046385 HTTP/1.1" 200 256 "https://auzdo.com/sitemap986.xml" "Mozilla/5.0 (Linux; Android 7.0;) AppleWebKit/537.36 (KHTML, like Gecko) Mobile Safari/537.36 (compatible; PetalBot;+https://webmaster.petalsearch.com/site/petalbot)"
114.119.136.146 - - [14/Mar/2026:21:48:57 +0800] "GET /?_y=206019040 HTTP/1.1" 200 256 "https://auzdo.com/sitemap738.xml" "Mozilla/5.0 (Linux; Android 7.0;) AppleWebKit/537.36 (KHTML, like Gecko) Mobile Safari/537.36 (compatible; PetalBot;+https://webmaster.petalsearch.com/site/petalbot)"
114.119.139.78 - - [14/Mar/2026:21:50:38 +0800] "GET /?_z=024048678 HTTP/1.1" 200 256 "https://auzdo.com/sitemap997.xml" "Mozilla/5.0 (Linux; Android 7.0;) AppleWebKit/537.36 (KHTML, like Gecko) Mobile Safari/537.36 (compatible; PetalBot;+https://webmaster.petalsearch.com/site/petalbot)"
114.119.165.226 - - [14/Mar/2026:21:51:57 +0800] "GET /?_z=147016809 HTTP/1.1" 200 256 "https://auzdo.com/sitemap997.xml" "Mozilla/5.0 (Linux; Android 7.0;) AppleWebKit/537.36 (KHTML, like Gecko) Mobile Safari/537.36 (compatible; PetalBot;+https://webmaster.petalsearch.com/site/petalbot)"
66.249.74.167 - - [14/Mar/2026:21:53:07 +0800] "GET /category/172_606/1 HTTP/1.1" 404 138 "-" "Mozilla/5.0 (Linux; Android 6.0.1; Nexus 5X Build/MMB29P) AppleWebKit/537.36 (KHTML, like Gecko) Chrome/145.0.7632.116 Mobile Safari/537.36 (compatible; Googlebot/2.1; +http://www.google.com/bot.html)"
114.119.157.112 - - [14/Mar/2026:21:55:18 +0800] "GET /?_y=204032310 HTTP/1.1" 200 256 "https://auzdo.com/sitemap943.xml" "Mozilla/5.0 (Linux; Android 7.0;) AppleWebKit/537.36 (KHTML, like Gecko) Mobile Safari/537.36 (compatible; PetalBot;+https://webmaster.petalsearch.com/site/petalbot)"
114.119.136.146 - - [14/Mar/2026:21:58:12 +0800] "GET /?_z=296009566 HTTP/1.1" 200 256 "https://auzdo.com/sitemap948.xml" "Mozilla/5.0 (Linux; Android 7.0;) AppleWebKit/537.36 (KHTML, like Gecko) Mobile Safari/537.36 (compatible; PetalBot;+https://webmaster.petalsearch.com/site/petalbot)"
114.119.136.146 - - [14/Mar/2026:21:58:44 +0800] "GET /?_z=263044455 HTTP/1.1" 200 256 "https://auzdo.com/sitemap948.xml" "Mozilla/5.0 (Linux; Android 7.0;) AppleWebKit/537.36 (KHTML, like Gecko) Mobile Safari/537.36 (compatible; PetalBot;+https://webmaster.petalsearch.com/site/petalbot)"
114.119.138.214 - - [14/Mar/2026:22:00:31 +0800] "GET /?_z=155045789 HTTP/1.1" 200 256 "https://auzdo.com/?sitemap854.xml" "Mozilla/5.0 (Linux; Android 7.0;) AppleWebKit/537.36 (KHTML, like Gecko) Mobile Safari/537.36 (compatible; PetalBot;+https://webmaster.petalsearch.com/site/petalbot)"
66.249.74.169 - - [14/Mar/2026:22:00:57 +0800] "GET /?jp/173041729.html HTTP/1.1" 200 256 "-" "Mozilla/5.0 (Linux; Android 6.0.1; Nexus 5X Build/MMB29P) AppleWebKit/537.36 (KHTML, like Gecko) Chrome/145.0.7632.116 Mobile Safari/537.36 (compatible; Googlebot/2.1; +http://www.google.com/bot.html)"
114.119.132.57 - - [14/Mar/2026:22:01:49 +0800] "GET /m047033982 HTTP/1.1" 404 138 "https://auzdo.com/?sitemap891.xml" "Mozilla/5.0 (Linux; Android 7.0;) AppleWebKit/537.36 (KHTML, like Gecko) Mobile Safari/537.36 (compatible; PetalBot;+https://webmaster.petalsearch.com/site/petalbot)"
114.119.157.112 - - [14/Mar/2026:22:02:56 +0800] "GET /m024000159 HTTP/1.1" 404 138 "https://auzdo.com/?sitemap891.xml" "Mozilla/5.0 (Linux; Android 7.0;) AppleWebKit/537.36 (KHTML, like Gecko) Mobile Safari/537.36 (compatible; PetalBot;+https://webmaster.petalsearch.com/site/petalbot)"
114.119.132.57 - - [14/Mar/2026:22:05:02 +0800] "GET /?_z=067047575 HTTP/1.1" 200 256 "https://auzdo.com/?sitemap854.xml" "Mozilla/5.0 (Linux; Android 7.0;) AppleWebKit/537.36 (KHTML, like Gecko) Mobile Safari/537.36 (compatible; PetalBot;+https://webmaster.petalsearch.com/site/petalbot)"
114.119.139.78 - - [14/Mar/2026:22:06:30 +0800] "GET /m063005984 HTTP/1.1" 404 138 "https://auzdo.com/?sitemap854.xml" "Mozilla/5.0 (Linux; Android 7.0;) AppleWebKit/537.36 (KHTML, like Gecko) Mobile Safari/537.36 (compatible; PetalBot;+https://webmaster.petalsearch.com/site/petalbot)"
114.119.165.226 - - [14/Mar/2026:22:08:04 +0800] "GET /m021032056 HTTP/1.1" 404 138 "https://auzdo.com/?sitemap595.xml" "Mozilla/5.0 (Linux; Android 7.0;) AppleWebKit/537.36 (KHTML, like Gecko) Mobile Safari/537.36 (compatible; PetalBot;+https://webmaster.petalsearch.com/site/petalbot)"
114.119.136.146 - - [14/Mar/2026:22:11:16 +0800] "GET /?_z=106018778 HTTP/1.1" 200 256 "https://auzdo.com/sitemap912.xml" "Mozilla/5.0 (Linux; Android 7.0;) AppleWebKit/537.36 (KHTML, like Gecko) Mobile Safari/537.36 (compatible; PetalBot;+https://webmaster.petalsearch.com/site/petalbot)"
114.119.157.112 - - [14/Mar/2026:22:13:10 +0800] "GET /?_z=023026487 HTTP/1.1" 200 256 "https://auzdo.com/sitemap855.xml" "Mozilla/5.0 (Linux; Android 7.0;) AppleWebKit/537.36 (KHTML, like Gecko) Mobile Safari/537.36 (compatible; PetalBot;+https://webmaster.petalsearch.com/site/petalbot)"
66.249.74.168 - - [14/Mar/2026:22:15:34 +0800] "GET /?detail/053039315093 HTTP/1.1" 200 256 "-" "Mozilla/5.0 (Linux; Android 6.0.1; Nexus 5X Build/MMB29P) AppleWebKit/537.36 (KHTML, like Gecko) Chrome/145.0.7632.116 Mobile Safari/537.36 (compatible; Googlebot/2.1; +http://www.google.com/bot.html)"
114.119.157.112 - - [14/Mar/2026:22:17:04 +0800] "GET /?_y=274027362 HTTP/1.1" 200 256 "https://auzdo.com/sitemap997.xml" "Mozilla/5.0 (Linux; Android 7.0;) AppleWebKit/537.36 (KHTML, like Gecko) Mobile Safari/537.36 (compatible; PetalBot;+https://webmaster.petalsearch.com/site/petalbot)"
114.119.139.78 - - [14/Mar/2026:22:18:17 +0800] "GET /sitemap792.xml HTTP/1.1" 404 138 "-" "Mozilla/5.0 (Linux; Android 7.0;) AppleWebKit/537.36 (KHTML, like Gecko) Mobile Safari/537.36 (compatible; PetalBot;+https://webmaster.petalsearch.com/site/petalbot)"
66.249.74.169 - - [14/Mar/2026:22:21:17 +0800] "GET /?detail/2120472687522 HTTP/1.1" 200 256 "-" "Mozilla/5.0 (Linux; Android 6.0.1; Nexus 5X Build/MMB29P) AppleWebKit/537.36 (KHTML, like Gecko) Chrome/145.0.7632.116 Mobile Safari/537.36 (compatible; Googlebot/2.1; +http://www.google.com/bot.html)"
114.119.157.112 - - [14/Mar/2026:22:22:44 +0800] "GET /?_z=239043733 HTTP/1.1" 200 256 "https://auzdo.com/sitemap986.xml" "Mozilla/5.0 (Linux; Android 7.0;) AppleWebKit/537.36 (KHTML, like Gecko) Mobile Safari/537.36 (compatible; PetalBot;+https://webmaster.petalsearch.com/site/petalbot)"
66.249.74.167 - - [14/Mar/2026:22:23:29 +0800] "GET /?goods/087026128 HTTP/1.1" 200 256 "-" "Mozilla/5.0 (Linux; Android 6.0.1; Nexus 5X Build/MMB29P) AppleWebKit/537.36 (KHTML, like Gecko) Chrome/145.0.7632.116 Mobile Safari/537.36 (compatible; Googlebot/2.1; +http://www.google.com/bot.html)"
114.119.147.32 - - [14/Mar/2026:22:25:23 +0800] "GET /?_z=119029165 HTTP/1.1" 200 256 "https://auzdo.com/?sitemap854.xml" "Mozilla/5.0 (Linux; Android 7.0;) AppleWebKit/537.36 (KHTML, like Gecko) Mobile Safari/537.36 (compatible; PetalBot;+https://webmaster.petalsearch.com/site/petalbot)"
114.119.138.214 - - [14/Mar/2026:22:28:43 +0800] "GET /?_z=079026817 HTTP/1.1" 200 256 "https://auzdo.com/sitemap848.xml" "Mozilla/5.0 (Linux; Android 7.0;) AppleWebKit/537.36 (KHTML, like Gecko) Mobile Safari/537.36 (compatible; PetalBot;+https://webmaster.petalsearch.com/site/petalbot)"
66.249.74.167 - - [14/Mar/2026:22:30:42 +0800] "GET /?goods/051005803 HTTP/1.1" 200 256 "-" "Mozilla/5.0 (Linux; Android 6.0.1; Nexus 5X Build/MMB29P) AppleWebKit/537.36 (KHTML, like Gecko) Chrome/145.0.7632.116 Mobile Safari/537.36 (compatible; Googlebot/2.1; +http://www.google.com/bot.html)"
114.119.138.214 - - [14/Mar/2026:22:31:03 +0800] "GET /?_y=125003597 HTTP/1.1" 200 256 "https://auzdo.com/sitemap817.xml" "Mozilla/5.0 (Linux; Android 7.0;) AppleWebKit/537.36 (KHTML, like Gecko) Mobile Safari/537.36 (compatible; PetalBot;+https://webmaster.petalsearch.com/site/petalbot)"
114.119.147.32 - - [14/Mar/2026:22:34:20 +0800] "GET /m131037332 HTTP/1.1" 404 138 "https://auzdo.com/?sitemap891.xml" "Mozilla/5.0 (Linux; Android 7.0;) AppleWebKit/537.36 (KHTML, like Gecko) Mobile Safari/537.36 (compatible; PetalBot;+https://webmaster.petalsearch.com/site/petalbot)"
114.119.157.112 - - [14/Mar/2026:22:35:39 +0800] "GET /m037012538 HTTP/1.1" 404 138 "https://auzdo.com/?sitemap595.xml" "Mozilla/5.0 (Linux; Android 7.0;) AppleWebKit/537.36 (KHTML, like Gecko) Mobile Safari/537.36 (compatible; PetalBot;+https://webmaster.petalsearch.com/site/petalbot)"
74.7.230.27 - - [14/Mar/2026:22:37:35 +0800] "GET /robots.txt HTTP/2.0" 404 138 "-" "Mozilla/5.0 (Macintosh; Intel Mac OS X 10_15_7) AppleWebKit/537.36 (KHTML, like Gecko) Chrome/131.0.0.0 Safari/537.36; compatible; OAI-SearchBot/1.3; robots.txt; +https://openai.com/searchbot"
74.7.227.185 - - [14/Mar/2026:22:37:38 +0800] "GET /?sitemap501.xml HTTP/2.0" 200 245 "-" "Mozilla/5.0 AppleWebKit/537.36 (KHTML, like Gecko; compatible; GPTBot/1.3; +https://openai.com/gptbot)"
114.119.132.57 - - [14/Mar/2026:22:38:01 +0800] "GET /?_y=248012310 HTTP/1.1" 200 256 "https://auzdo.com/sitemap912.xml" "Mozilla/5.0 (Linux; Android 7.0;) AppleWebKit/537.36 (KHTML, like Gecko) Mobile Safari/537.36 (compatible; PetalBot;+https://webmaster.petalsearch.com/site/petalbot)"
