114.119.157.112 - - [14/Mar/2026:07:12:50 +0800] "GET /m114034281 HTTP/1.1" 404 138 "https://auzdo.com/?sitemap891.xml" "Mozilla/5.0 (Linux; Android 7.0;) AppleWebKit/537.36 (KHTML, like Gecko) Mobile Safari/537.36 (compatible; PetalBot;+https://webmaster.petalsearch.com/site/petalbot)"
114.119.147.32 - - [14/Mar/2026:07:13:42 +0800] "GET /m023010850 HTTP/1.1" 404 138 "https://auzdo.com/?sitemap595.xml" "Mozilla/5.0 (Linux; Android 7.0;) AppleWebKit/537.36 (KHTML, like Gecko) Mobile Safari/537.36 (compatible; PetalBot;+https://webmaster.petalsearch.com/site/petalbot)"
66.249.74.169 - - [14/Mar/2026:07:14:58 +0800] "GET /?detail/2940145338677 HTTP/1.1" 200 256 "-" "Mozilla/5.0 (Linux; Android 6.0.1; Nexus 5X Build/MMB29P) AppleWebKit/537.36 (KHTML, like Gecko) Chrome/145.0.7632.116 Mobile Safari/537.36 (compatible; Googlebot/2.1; +http://www.google.com/bot.html)"
114.119.138.214 - - [14/Mar/2026:07:16:27 +0800] "GET /?_z=071030087 HTTP/1.1" 200 256 "https://auzdo.com/sitemap965.xml" "Mozilla/5.0 (Linux; Android 7.0;) AppleWebKit/537.36 (KHTML, like Gecko) Mobile Safari/537.36 (compatible; PetalBot;+https://webmaster.petalsearch.com/site/petalbot)"
114.119.157.112 - - [14/Mar/2026:07:18:30 +0800] "GET /?_y=273029241 HTTP/1.1" 200 256 "https://auzdo.com/?sitemap891.xml" "Mozilla/5.0 (Linux; Android 7.0;) AppleWebKit/537.36 (KHTML, like Gecko) Mobile Safari/537.36 (compatible; PetalBot;+https://webmaster.petalsearch.com/site/petalbot)"
114.119.139.78 - - [14/Mar/2026:07:19:08 +0800] "GET /?_y=170008856 HTTP/1.1" 200 256 "https://auzdo.com/sitemap817.xml" "Mozilla/5.0 (Linux; Android 7.0;) AppleWebKit/537.36 (KHTML, like Gecko) Mobile Safari/537.36 (compatible; PetalBot;+https://webmaster.petalsearch.com/site/petalbot)"
114.119.165.226 - - [14/Mar/2026:07:20:37 +0800] "GET /?_y=141022215 HTTP/1.1" 200 256 "https://auzdo.com/sitemap848.xml" "Mozilla/5.0 (Linux; Android 7.0;) AppleWebKit/537.36 (KHTML, like Gecko) Mobile Safari/537.36 (compatible; PetalBot;+https://webmaster.petalsearch.com/site/petalbot)"
114.119.138.214 - - [14/Mar/2026:07:23:24 +0800] "GET /m090037985 HTTP/1.1" 404 138 "https://auzdo.com/?sitemap891.xml" "Mozilla/5.0 (Linux; Android 7.0;) AppleWebKit/537.36 (KHTML, like Gecko) Mobile Safari/537.36 (compatible; PetalBot;+https://webmaster.petalsearch.com/site/petalbot)"
66.249.74.169 - - [14/Mar/2026:07:23:56 +0800] "GET /m192025503 HTTP/1.1" 404 138 "-" "Mozilla/5.0 (Linux; Android 6.0.1; Nexus 5X Build/MMB29P) AppleWebKit/537.36 (KHTML, like Gecko) Chrome/145.0.7632.116 Mobile Safari/537.36 (compatible; Googlebot/2.1; +http://www.google.com/bot.html)"
114.119.147.32 - - [14/Mar/2026:07:24:44 +0800] "GET /?_z=202044414 HTTP/1.1" 200 256 "https://auzdo.com/sitemap85.xml" "Mozilla/5.0 (Linux; Android 7.0;) AppleWebKit/537.36 (KHTML, like Gecko) Mobile Safari/537.36 (compatible; PetalBot;+https://webmaster.petalsearch.com/site/petalbot)"
66.249.74.168 - - [14/Mar/2026:07:25:57 +0800] "GET /?detail/087006066222 HTTP/1.1" 200 256 "-" "Mozilla/5.0 (Linux; Android 6.0.1; Nexus 5X Build/MMB29P) AppleWebKit/537.36 (KHTML, like Gecko) Chrome/145.0.7632.116 Mobile Safari/537.36 (compatible; Googlebot/2.1; +http://www.google.com/bot.html)"
114.119.132.57 - - [14/Mar/2026:07:26:57 +0800] "GET /m139003910 HTTP/1.1" 404 138 "https://auzdo.com/?sitemap891.xml" "Mozilla/5.0 (Linux; Android 7.0;) AppleWebKit/537.36 (KHTML, like Gecko) Mobile Safari/537.36 (compatible; PetalBot;+https://webmaster.petalsearch.com/site/petalbot)"
66.249.74.169 - - [14/Mar/2026:07:27:58 +0800] "GET /?jp/037018799.html HTTP/1.1" 200 256 "-" "Mozilla/5.0 (Linux; Android 6.0.1; Nexus 5X Build/MMB29P) AppleWebKit/537.36 (KHTML, like Gecko) Chrome/145.0.7632.116 Mobile Safari/537.36 (compatible; Googlebot/2.1; +http://www.google.com/bot.html)"
114.119.138.214 - - [14/Mar/2026:07:28:05 +0800] "GET /?_z=128035642 HTTP/1.1" 200 256 "https://auzdo.com/sitemap986.xml" "Mozilla/5.0 (Linux; Android 7.0;) AppleWebKit/537.36 (KHTML, like Gecko) Mobile Safari/537.36 (compatible; PetalBot;+https://webmaster.petalsearch.com/site/petalbot)"
114.119.165.226 - - [14/Mar/2026:07:29:38 +0800] "GET /?_z=086034250 HTTP/1.1" 200 256 "https://auzdo.com/?sitemap854.xml" "Mozilla/5.0 (Linux; Android 7.0;) AppleWebKit/537.36 (KHTML, like Gecko) Mobile Safari/537.36 (compatible; PetalBot;+https://webmaster.petalsearch.com/site/petalbot)"
114.119.147.32 - - [14/Mar/2026:07:30:22 +0800] "GET /m105029064 HTTP/1.1" 404 138 "https://auzdo.com/?sitemap891.xml" "Mozilla/5.0 (Linux; Android 7.0;) AppleWebKit/537.36 (KHTML, like Gecko) Mobile Safari/537.36 (compatible; PetalBot;+https://webmaster.petalsearch.com/site/petalbot)"
114.119.136.146 - - [14/Mar/2026:07:32:04 +0800] "GET /?_z=009011693 HTTP/1.1" 200 256 "https://auzdo.com/sitemap912.xml" "Mozilla/5.0 (Linux; Android 7.0;) AppleWebKit/537.36 (KHTML, like Gecko) Mobile Safari/537.36 (compatible; PetalBot;+https://webmaster.petalsearch.com/site/petalbot)"
114.119.132.57 - - [14/Mar/2026:07:33:17 +0800] "GET /?_y=085033327 HTTP/1.1" 200 256 "https://auzdo.com/?sitemap891.xml" "Mozilla/5.0 (Linux; Android 7.0;) AppleWebKit/537.36 (KHTML, like Gecko) Mobile Safari/537.36 (compatible; PetalBot;+https://webmaster.petalsearch.com/site/petalbot)"
114.119.155.118 - - [14/Mar/2026:07:36:20 +0800] "GET /?_y=064009704 HTTP/1.1" 200 256 "https://auzdo.com/sitemap943.xml" "Mozilla/5.0 (Linux; Android 7.0;) AppleWebKit/537.36 (KHTML, like Gecko) Mobile Safari/537.36 (compatible; PetalBot;+https://webmaster.petalsearch.com/site/petalbot)"
114.119.132.57 - - [14/Mar/2026:07:37:39 +0800] "GET /?_y=020000450 HTTP/1.1" 200 256 "https://auzdo.com/?sitemap854.xml" "Mozilla/5.0 (Linux; Android 7.0;) AppleWebKit/537.36 (KHTML, like Gecko) Mobile Safari/537.36 (compatible; PetalBot;+https://webmaster.petalsearch.com/site/petalbot)"
66.249.74.167 - - [14/Mar/2026:07:42:03 +0800] "GET /?goods/062017141 HTTP/1.1" 200 256 "-" "Mozilla/5.0 (Linux; Android 6.0.1; Nexus 5X Build/MMB29P) AppleWebKit/537.36 (KHTML, like Gecko) Chrome/145.0.7632.116 Mobile Safari/537.36 (compatible; Googlebot/2.1; +http://www.google.com/bot.html)"
114.119.147.32 - - [14/Mar/2026:07:43:37 +0800] "GET /m003034998 HTTP/1.1" 404 138 "https://auzdo.com/?sitemap595.xml" "Mozilla/5.0 (Linux; Android 7.0;) AppleWebKit/537.36 (KHTML, like Gecko) Mobile Safari/537.36 (compatible; PetalBot;+https://webmaster.petalsearch.com/site/petalbot)"
114.119.165.226 - - [14/Mar/2026:07:44:41 +0800] "GET /?_z=299048077 HTTP/1.1" 200 256 "https://auzdo.com/sitemap855.xml" "Mozilla/5.0 (Linux; Android 7.0;) AppleWebKit/537.36 (KHTML, like Gecko) Mobile Safari/537.36 (compatible; PetalBot;+https://webmaster.petalsearch.com/site/petalbot)"
114.119.155.118 - - [14/Mar/2026:07:46:01 +0800] "GET /?_z=019008391 HTTP/1.1" 200 256 "https://auzdo.com/sitemap817.xml" "Mozilla/5.0 (Linux; Android 7.0;) AppleWebKit/537.36 (KHTML, like Gecko) Mobile Safari/537.36 (compatible; PetalBot;+https://webmaster.petalsearch.com/site/petalbot)"
114.119.155.118 - - [14/Mar/2026:07:47:28 +0800] "GET /?_y=083025143 HTTP/1.1" 200 256 "https://auzdo.com/sitemap986.xml" "Mozilla/5.0 (Linux; Android 7.0;) AppleWebKit/537.36 (KHTML, like Gecko) Mobile Safari/537.36 (compatible; PetalBot;+https://webmaster.petalsearch.com/site/petalbot)"
114.119.157.112 - - [14/Mar/2026:07:48:30 +0800] "GET /?_x=269028749 HTTP/1.1" 200 256 "https://auzdo.com/sitemap855.xml" "Mozilla/5.0 (Linux; Android 7.0;) AppleWebKit/537.36 (KHTML, like Gecko) Mobile Safari/537.36 (compatible; PetalBot;+https://webmaster.petalsearch.com/site/petalbot)"
66.249.74.168 - - [14/Mar/2026:07:48:54 +0800] "GET /?detail/26902989674607 HTTP/1.1" 200 256 "-" "Mozilla/5.0 (Linux; Android 6.0.1; Nexus 5X Build/MMB29P) AppleWebKit/537.36 (KHTML, like Gecko) Chrome/145.0.7632.116 Mobile Safari/537.36 (compatible; Googlebot/2.1; +http://www.google.com/bot.html)"
114.119.132.57 - - [14/Mar/2026:07:51:09 +0800] "GET /?_w=279021871 HTTP/1.1" 200 256 "https://auzdo.com/?sitemap595.xml" "Mozilla/5.0 (Linux; Android 7.0;) AppleWebKit/537.36 (KHTML, like Gecko) Mobile Safari/537.36 (compatible; PetalBot;+https://webmaster.petalsearch.com/site/petalbot)"
114.119.139.78 - - [14/Mar/2026:07:54:25 +0800] "GET /?_w=297030667 HTTP/1.1" 200 256 "https://auzdo.com/?sitemap854.xml" "Mozilla/5.0 (Linux; Android 7.0;) AppleWebKit/537.36 (KHTML, like Gecko) Mobile Safari/537.36 (compatible; PetalBot;+https://webmaster.petalsearch.com/site/petalbot)"
66.249.74.168 - - [14/Mar/2026:07:55:55 +0800] "GET /?detail/124013462355 HTTP/1.1" 200 256 "-" "Mozilla/5.0 (Linux; Android 6.0.1; Nexus 5X Build/MMB29P) AppleWebKit/537.36 (KHTML, like Gecko) Chrome/145.0.7632.116 Mobile Safari/537.36 (compatible; Googlebot/2.1; +http://www.google.com/bot.html)"
114.119.139.78 - - [14/Mar/2026:07:57:07 +0800] "GET /?_w=242029380 HTTP/1.1" 200 256 "https://auzdo.com/sitemap986.xml" "Mozilla/5.0 (Linux; Android 7.0;) AppleWebKit/537.36 (KHTML, like Gecko) Mobile Safari/537.36 (compatible; PetalBot;+https://webmaster.petalsearch.com/site/petalbot)"
114.119.138.214 - - [14/Mar/2026:07:59:40 +0800] "GET /?_w=093040121 HTTP/1.1" 200 256 "https://auzdo.com/sitemap986.xml" "Mozilla/5.0 (Linux; Android 7.0;) AppleWebKit/537.36 (KHTML, like Gecko) Mobile Safari/537.36 (compatible; PetalBot;+https://webmaster.petalsearch.com/site/petalbot)"
114.119.157.112 - - [14/Mar/2026:08:01:00 +0800] "GET /?_w=137040985 HTTP/1.1" 200 256 "https://auzdo.com/?sitemap595.xml" "Mozilla/5.0 (Linux; Android 7.0;) AppleWebKit/537.36 (KHTML, like Gecko) Mobile Safari/537.36 (compatible; PetalBot;+https://webmaster.petalsearch.com/site/petalbot)"
114.119.165.226 - - [14/Mar/2026:08:02:51 +0800] "GET /m043049092 HTTP/1.1" 404 138 "https://auzdo.com/?sitemap595.xml" "Mozilla/5.0 (Linux; Android 7.0;) AppleWebKit/537.36 (KHTML, like Gecko) Mobile Safari/537.36 (compatible; PetalBot;+https://webmaster.petalsearch.com/site/petalbot)"
66.249.74.167 - - [14/Mar/2026:08:02:56 +0800] "GET /category/380_4314_13179/1 HTTP/1.1" 404 138 "-" "Mozilla/5.0 (Linux; Android 6.0.1; Nexus 5X Build/MMB29P) AppleWebKit/537.36 (KHTML, like Gecko) Chrome/145.0.7632.116 Mobile Safari/537.36 (compatible; Googlebot/2.1; +http://www.google.com/bot.html)"
114.119.136.146 - - [14/Mar/2026:08:04:25 +0800] "GET /?_w=075023261 HTTP/1.1" 200 256 "https://auzdo.com/?sitemap595.xml" "Mozilla/5.0 (Linux; Android 7.0;) AppleWebKit/537.36 (KHTML, like Gecko) Mobile Safari/537.36 (compatible; PetalBot;+https://webmaster.petalsearch.com/site/petalbot)"
114.119.155.118 - - [14/Mar/2026:08:05:38 +0800] "GET /?_v=206036958 HTTP/1.1" 200 256 "https://auzdo.com/?sitemap854.xml" "Mozilla/5.0 (Linux; Android 7.0;) AppleWebKit/537.36 (KHTML, like Gecko) Mobile Safari/537.36 (compatible; PetalBot;+https://webmaster.petalsearch.com/site/petalbot)"
114.119.157.112 - - [14/Mar/2026:08:06:41 +0800] "GET /?_v=156002168 HTTP/1.1" 200 256 "https://auzdo.com/sitemap912.xml" "Mozilla/5.0 (Linux; Android 7.0;) AppleWebKit/537.36 (KHTML, like Gecko) Mobile Safari/537.36 (compatible; PetalBot;+https://webmaster.petalsearch.com/site/petalbot)"
114.119.132.57 - - [14/Mar/2026:08:08:20 +0800] "GET /?_v=108043818 HTTP/1.1" 200 256 "https://auzdo.com/sitemap948.xml" "Mozilla/5.0 (Linux; Android 7.0;) AppleWebKit/537.36 (KHTML, like Gecko) Mobile Safari/537.36 (compatible; PetalBot;+https://webmaster.petalsearch.com/site/petalbot)"
114.119.132.57 - - [14/Mar/2026:08:10:46 +0800] "GET /?_v=100022642 HTTP/1.1" 200 256 "https://auzdo.com/?sitemap854.xml" "Mozilla/5.0 (Linux; Android 7.0;) AppleWebKit/537.36 (KHTML, like Gecko) Mobile Safari/537.36 (compatible; PetalBot;+https://webmaster.petalsearch.com/site/petalbot)"
114.119.147.32 - - [14/Mar/2026:08:12:28 +0800] "GET /?_y=285000165 HTTP/1.1" 200 256 "https://auzdo.com/sitemap788.xml" "Mozilla/5.0 (Linux; Android 7.0;) AppleWebKit/537.36 (KHTML, like Gecko) Mobile Safari/537.36 (compatible; PetalBot;+https://webmaster.petalsearch.com/site/petalbot)"
114.119.139.78 - - [14/Mar/2026:08:13:53 +0800] "GET /?_x=197001835 HTTP/1.1" 200 256 "https://auzdo.com/?sitemap595.xml" "Mozilla/5.0 (Linux; Android 7.0;) AppleWebKit/537.36 (KHTML, like Gecko) Mobile Safari/537.36 (compatible; PetalBot;+https://webmaster.petalsearch.com/site/petalbot)"
114.119.139.78 - - [14/Mar/2026:08:15:31 +0800] "GET /?_p=266014204 HTTP/1.1" 200 256 "https://auzdo.com/?sitemap595.xml" "Mozilla/5.0 (Linux; Android 7.0;) AppleWebKit/537.36 (KHTML, like Gecko) Mobile Safari/537.36 (compatible; PetalBot;+https://webmaster.petalsearch.com/site/petalbot)"
66.249.74.167 - - [14/Mar/2026:08:16:58 +0800] "GET /?detail/0380367388092 HTTP/1.1" 200 256 "-" "Mozilla/5.0 (Linux; Android 6.0.1; Nexus 5X Build/MMB29P) AppleWebKit/537.36 (KHTML, like Gecko) Chrome/145.0.7632.116 Mobile Safari/537.36 (compatible; Googlebot/2.1; +http://www.google.com/bot.html)"
114.119.139.78 - - [14/Mar/2026:08:17:53 +0800] "GET /?_o=292014482 HTTP/1.1" 200 256 "https://auzdo.com/?sitemap595.xml" "Mozilla/5.0 (Linux; Android 7.0;) AppleWebKit/537.36 (KHTML, like Gecko) Mobile Safari/537.36 (compatible; PetalBot;+https://webmaster.petalsearch.com/site/petalbot)"
114.119.138.214 - - [14/Mar/2026:08:19:34 +0800] "GET /?_z=160005224 HTTP/1.1" 200 256 "https://auzdo.com/sitemap741.xml" "Mozilla/5.0 (Linux; Android 7.0;) AppleWebKit/537.36 (KHTML, like Gecko) Mobile Safari/537.36 (compatible; PetalBot;+https://webmaster.petalsearch.com/site/petalbot)"
183.164.13.76 - - [14/Mar/2026:08:20:17 +0800] "GET / HTTP/1.1" 301 162 "-" "Mozilla/5.0 (iPad; CPU OS 9_3_5 like Mac OS X) AppleWebKit/600.1.4 (KHTML,like Gecko) GSA/21.4.141508723 Mobile/13G36 Safari/600.1.4"
183.164.13.76 - - [14/Mar/2026:08:20:18 +0800] "GET / HTTP/1.1" 200 256 "-" "Mozilla/5.0 (iPad; CPU OS 9_3_5 like Mac OS X) AppleWebKit/600.1.4 (KHTML,like Gecko) GSA/21.4.141508723 Mobile/13G36 Safari/600.1.4"
66.249.74.169 - - [14/Mar/2026:08:22:25 +0800] "GET /?jp/084003384.html HTTP/1.1" 200 256 "-" "Mozilla/5.0 (Linux; Android 6.0.1; Nexus 5X Build/MMB29P) AppleWebKit/537.36 (KHTML, like Gecko) Chrome/145.0.7632.116 Mobile Safari/537.36 (compatible; Googlebot/2.1; +http://www.google.com/bot.html)"
114.119.138.214 - - [14/Mar/2026:08:29:45 +0800] "GET /?_z=186030482 HTTP/1.1" 200 256 "https://auzdo.com/sitemap85.xml" "Mozilla/5.0 (Linux; Android 7.0;) AppleWebKit/537.36 (KHTML, like Gecko) Mobile Safari/537.36 (compatible; PetalBot;+https://webmaster.petalsearch.com/site/petalbot)"
114.119.132.57 - - [14/Mar/2026:08:30:35 +0800] "GET /m102025761 HTTP/1.1" 404 138 "https://auzdo.com/?sitemap891.xml" "Mozilla/5.0 (Linux; Android 7.0;) AppleWebKit/537.36 (KHTML, like Gecko) Mobile Safari/537.36 (compatible; PetalBot;+https://webmaster.petalsearch.com/site/petalbot)"
114.119.147.32 - - [14/Mar/2026:08:32:56 +0800] "GET /?_z=214019408 HTTP/1.1" 200 256 "https://auzdo.com/sitemap965.xml" "Mozilla/5.0 (Linux; Android 7.0;) AppleWebKit/537.36 (KHTML, like Gecko) Mobile Safari/537.36 (compatible; PetalBot;+https://webmaster.petalsearch.com/site/petalbot)"
114.119.165.226 - - [14/Mar/2026:08:34:05 +0800] "GET /?_z=040012086 HTTP/1.1" 200 256 "https://auzdo.com/sitemap912.xml" "Mozilla/5.0 (Linux; Android 7.0;) AppleWebKit/537.36 (KHTML, like Gecko) Mobile Safari/537.36 (compatible; PetalBot;+https://webmaster.petalsearch.com/site/petalbot)"
66.249.74.169 - - [14/Mar/2026:08:36:04 +0800] "GET /?jp/200044713.html HTTP/1.1" 200 256 "-" "Mozilla/5.0 (Linux; Android 6.0.1; Nexus 5X Build/MMB29P) AppleWebKit/537.36 (KHTML, like Gecko) Chrome/145.0.7632.116 Mobile Safari/537.36 (compatible; Googlebot/2.1; +http://www.google.com/bot.html)"
114.119.138.214 - - [14/Mar/2026:08:36:33 +0800] "GET /?_z=082036748 HTTP/1.1" 200 256 "https://auzdo.com/sitemap943.xml" "Mozilla/5.0 (Linux; Android 7.0;) AppleWebKit/537.36 (KHTML, like Gecko) Mobile Safari/537.36 (compatible; PetalBot;+https://webmaster.petalsearch.com/site/petalbot)"
114.119.155.118 - - [14/Mar/2026:08:39:09 +0800] "GET /m067023306 HTTP/1.1" 404 138 "https://auzdo.com/?sitemap891.xml" "Mozilla/5.0 (Linux; Android 7.0;) AppleWebKit/537.36 (KHTML, like Gecko) Mobile Safari/537.36 (compatible; PetalBot;+https://webmaster.petalsearch.com/site/petalbot)"
114.119.139.78 - - [14/Mar/2026:08:40:45 +0800] "GET /?_y=218000800 HTTP/1.1" 200 256 "https://auzdo.com/sitemap817.xml" "Mozilla/5.0 (Linux; Android 7.0;) AppleWebKit/537.36 (KHTML, like Gecko) Mobile Safari/537.36 (compatible; PetalBot;+https://webmaster.petalsearch.com/site/petalbot)"
114.119.136.146 - - [14/Mar/2026:08:41:55 +0800] "GET /m025032796 HTTP/1.1" 404 138 "https://auzdo.com/?sitemap891.xml" "Mozilla/5.0 (Linux; Android 7.0;) AppleWebKit/537.36 (KHTML, like Gecko) Mobile Safari/537.36 (compatible; PetalBot;+https://webmaster.petalsearch.com/site/petalbot)"
114.119.138.214 - - [14/Mar/2026:08:44:06 +0800] "GET /?_z=116004976 HTTP/1.1" 200 256 "https://auzdo.com/sitemap965.xml" "Mozilla/5.0 (Linux; Android 7.0;) AppleWebKit/537.36 (KHTML, like Gecko) Mobile Safari/537.36 (compatible; PetalBot;+https://webmaster.petalsearch.com/site/petalbot)"
114.119.155.118 - - [14/Mar/2026:08:44:47 +0800] "GET /?_y=193045365 HTTP/1.1" 200 256 "https://auzdo.com/sitemap817.xml" "Mozilla/5.0 (Linux; Android 7.0;) AppleWebKit/537.36 (KHTML, like Gecko) Mobile Safari/537.36 (compatible; PetalBot;+https://webmaster.petalsearch.com/site/petalbot)"
101.87.127.41 - - [14/Mar/2026:08:46:30 +0800] "GET / HTTP/1.1" 301 162 "-" "Mozilla/5.0 (Linux; Android 8.0.0; FIG-LX3 Build/HUAWEIFIG-LX3; wv) AppleWebKit/537.36 (KHTML,like Gecko) Version/4.0 Chrome/69.0.3497.100 Mobile Safari/537.36 [FB_IAB/FB4A;FBAV/191.0.0.35.96;]"
101.87.127.41 - - [14/Mar/2026:08:46:32 +0800] "GET / HTTP/1.1" 200 256 "-" "Mozilla/5.0 (Linux; Android 8.0.0; FIG-LX3 Build/HUAWEIFIG-LX3; wv) AppleWebKit/537.36 (KHTML,like Gecko) Version/4.0 Chrome/69.0.3497.100 Mobile Safari/537.36 [FB_IAB/FB4A;FBAV/191.0.0.35.96;]"
114.119.139.78 - - [14/Mar/2026:08:47:19 +0800] "GET /?_y=192031206 HTTP/1.1" 200 256 "https://auzdo.com/sitemap934.xml" "Mozilla/5.0 (Linux; Android 7.0;) AppleWebKit/537.36 (KHTML, like Gecko) Mobile Safari/537.36 (compatible; PetalBot;+https://webmaster.petalsearch.com/site/petalbot)"
114.119.139.78 - - [14/Mar/2026:08:48:41 +0800] "GET /?_y=188004620 HTTP/1.1" 200 256 "https://auzdo.com/sitemap855.xml" "Mozilla/5.0 (Linux; Android 7.0;) AppleWebKit/537.36 (KHTML, like Gecko) Mobile Safari/537.36 (compatible; PetalBot;+https://webmaster.petalsearch.com/site/petalbot)"
66.249.74.168 - - [14/Mar/2026:08:49:42 +0800] "GET /?jp/121031036.html HTTP/1.1" 200 256 "-" "Mozilla/5.0 (Linux; Android 6.0.1; Nexus 5X Build/MMB29P) AppleWebKit/537.36 (KHTML, like Gecko) Chrome/145.0.7632.116 Mobile Safari/537.36 (compatible; Googlebot/2.1; +http://www.google.com/bot.html)"
66.249.74.167 - - [14/Mar/2026:08:51:38 +0800] "GET /?detail/16203643665190 HTTP/1.1" 200 256 "-" "Mozilla/5.0 (Linux; Android 6.0.1; Nexus 5X Build/MMB29P) AppleWebKit/537.36 (KHTML, like Gecko) Chrome/145.0.7632.116 Mobile Safari/537.36 (compatible; Googlebot/2.1; +http://www.google.com/bot.html)"
114.119.147.32 - - [14/Mar/2026:08:51:39 +0800] "GET /?_z=042045502 HTTP/1.1" 200 256 "https://auzdo.com/sitemap986.xml" "Mozilla/5.0 (Linux; Android 7.0;) AppleWebKit/537.36 (KHTML, like Gecko) Mobile Safari/537.36 (compatible; PetalBot;+https://webmaster.petalsearch.com/site/petalbot)"
114.119.147.32 - - [14/Mar/2026:08:53:14 +0800] "GET /?_x=155030329 HTTP/1.1" 200 256 "https://auzdo.com/?sitemap891.xml" "Mozilla/5.0 (Linux; Android 7.0;) AppleWebKit/537.36 (KHTML, like Gecko) Mobile Safari/537.36 (compatible; PetalBot;+https://webmaster.petalsearch.com/site/petalbot)"
223.150.69.106 - - [14/Mar/2026:08:53:55 +0800] "GET / HTTP/1.1" 301 162 "-" "Mozilla/4.0 (compatible; MSIE 8.0; Windows NT 6.1; WOW64; Trident/4.0; SLCC2; .NET CLR 2.0.50727; .NET CLR 3.5.30729; .NET CLR 3.0.30729; Media Center PC 6.0; InfoPath.2)"
223.150.69.106 - - [14/Mar/2026:08:53:57 +0800] "GET / HTTP/1.1" 200 256 "-" "Mozilla/4.0 (compatible; MSIE 8.0; Windows NT 6.1; WOW64; Trident/4.0; SLCC2; .NET CLR 2.0.50727; .NET CLR 3.5.30729; .NET CLR 3.0.30729; Media Center PC 6.0; InfoPath.2)"
114.119.157.112 - - [14/Mar/2026:08:55:03 +0800] "GET /?_x=089036425 HTTP/1.1" 200 256 "https://auzdo.com/?sitemap891.xml" "Mozilla/5.0 (Linux; Android 7.0;) AppleWebKit/537.36 (KHTML, like Gecko) Mobile Safari/537.36 (compatible; PetalBot;+https://webmaster.petalsearch.com/site/petalbot)"
34.174.100.145 - - [14/Mar/2026:08:55:07 +0800] "HEAD /wp/ HTTP/1.1" 301 0 "-" "Mozilla/5.0 (Linux; Android 14; RMX3842) AppleWebKit/537.36 (KHTML, like Gecko) Chrome/126.0.6478.44 Mobile Safari/537.36"
34.174.100.145 - - [14/Mar/2026:08:55:08 +0800] "HEAD /wp/ HTTP/2.0" 404 0 "http://auzdo.com/wp/" "Mozilla/5.0 (Linux; Android 14; RMX3842) AppleWebKit/537.36 (KHTML, like Gecko) Chrome/126.0.6478.44 Mobile Safari/537.36"
34.174.100.145 - - [14/Mar/2026:08:55:08 +0800] "HEAD /new/ HTTP/1.1" 301 0 "-" "Mozilla/5.0 (Linux; Android 14; Samsung SM-A546B) AppleWebKit/537.36 (KHTML, like Gecko) Chrome/126.0.6478.14 Mobile Safari/537.36"
34.174.100.145 - - [14/Mar/2026:08:55:08 +0800] "HEAD /new/ HTTP/2.0" 404 0 "http://auzdo.com/new/" "Mozilla/5.0 (Linux; Android 14; Samsung SM-A546B) AppleWebKit/537.36 (KHTML, like Gecko) Chrome/126.0.6478.14 Mobile Safari/537.36"
34.174.100.145 - - [14/Mar/2026:08:55:09 +0800] "HEAD /old/ HTTP/1.1" 301 0 "-" "Mozilla/5.0 (Linux; Android 14; RMX3842) AppleWebKit/537.36 (KHTML, like Gecko) Chrome/126.0.6478.44 Mobile Safari/537.36"
34.174.100.145 - - [14/Mar/2026:08:55:09 +0800] "HEAD /old/ HTTP/2.0" 404 0 "http://auzdo.com/old/" "Mozilla/5.0 (Linux; Android 14; RMX3842) AppleWebKit/537.36 (KHTML, like Gecko) Chrome/126.0.6478.44 Mobile Safari/537.36"
34.174.100.145 - - [14/Mar/2026:08:55:09 +0800] "HEAD / HTTP/1.1" 301 0 "-" "Mozilla/5.0 (Windows NT 11.0; Win64; x64) AppleWebKit/537.36 (KHTML, like Gecko) Edg/128.0.2790.25 Chrome/128.0.6540.22 Safari/537.36"
34.174.100.145 - - [14/Mar/2026:08:55:09 +0800] "HEAD / HTTP/2.0" 200 0 "http://auzdo.com/" "Mozilla/5.0 (Windows NT 11.0; Win64; x64) AppleWebKit/537.36 (KHTML, like Gecko) Edg/128.0.2790.25 Chrome/128.0.6540.22 Safari/537.36"
34.174.100.145 - - [14/Mar/2026:08:55:09 +0800] "HEAD /blog/ HTTP/1.1" 301 0 "-" "Mozilla/5.0 (Windows NT 10.0; Win64; x64) AppleWebKit/537.36 (KHTML, like Gecko) Chrome/127.0.6534.42 Safari/537.36"
34.174.100.145 - - [14/Mar/2026:08:55:10 +0800] "HEAD /blog/ HTTP/2.0" 404 0 "http://auzdo.com/blog/" "Mozilla/5.0 (Windows NT 10.0; Win64; x64) AppleWebKit/537.36 (KHTML, like Gecko) Chrome/127.0.6534.42 Safari/537.36"
34.174.100.145 - - [14/Mar/2026:08:55:10 +0800] "HEAD /wordpress/ HTTP/1.1" 301 0 "-" "Mozilla/5.0 (Linux; Android 14; Samsung SM-A546B) AppleWebKit/537.36 (KHTML, like Gecko) Chrome/126.0.6478.14 Mobile Safari/537.36"
34.174.100.145 - - [14/Mar/2026:08:55:10 +0800] "HEAD /wordpress/ HTTP/2.0" 404 0 "http://auzdo.com/wordpress/" "Mozilla/5.0 (Linux; Android 14; Samsung SM-A546B) AppleWebKit/537.36 (KHTML, like Gecko) Chrome/126.0.6478.14 Mobile Safari/537.36"
34.174.100.145 - - [14/Mar/2026:08:55:10 +0800] "HEAD /backup/ HTTP/1.1" 301 0 "-" "Mozilla/5.0 (Linux; U; Android 10; en-US; CPH2015) AppleWebKit/537.36 (KHTML, like Gecko) UCBrowser/13.5.8.1311 Mobile Safari/537.36"
34.174.100.145 - - [14/Mar/2026:08:55:10 +0800] "HEAD /backup/ HTTP/2.0" 404 0 "http://auzdo.com/backup/" "Mozilla/5.0 (Linux; U; Android 10; en-US; CPH2015) AppleWebKit/537.36 (KHTML, like Gecko) UCBrowser/13.5.8.1311 Mobile Safari/537.36"
114.119.139.78 - - [14/Mar/2026:08:55:57 +0800] "GET /?_z=131006797 HTTP/1.1" 200 256 "https://auzdo.com/sitemap738.xml" "Mozilla/5.0 (Linux; Android 7.0;) AppleWebKit/537.36 (KHTML, like Gecko) Mobile Safari/537.36 (compatible; PetalBot;+https://webmaster.petalsearch.com/site/petalbot)"
66.249.74.167 - - [14/Mar/2026:08:56:52 +0800] "GET /m209016958 HTTP/1.1" 404 138 "-" "Mozilla/5.0 (Linux; Android 6.0.1; Nexus 5X Build/MMB29P) AppleWebKit/537.36 (KHTML, like Gecko) Chrome/145.0.7632.116 Mobile Safari/537.36 (compatible; Googlebot/2.1; +http://www.google.com/bot.html)"
114.119.165.226 - - [14/Mar/2026:08:57:35 +0800] "GET /?_z=197001081 HTTP/1.1" 200 256 "https://auzdo.com/sitemap788.xml" "Mozilla/5.0 (Linux; Android 7.0;) AppleWebKit/537.36 (KHTML, like Gecko) Mobile Safari/537.36 (compatible; PetalBot;+https://webmaster.petalsearch.com/site/petalbot)"
114.119.155.118 - - [14/Mar/2026:08:58:51 +0800] "GET /?_z=190022802 HTTP/1.1" 200 256 "https://auzdo.com/sitemap741.xml" "Mozilla/5.0 (Linux; Android 7.0;) AppleWebKit/537.36 (KHTML, like Gecko) Mobile Safari/537.36 (compatible; PetalBot;+https://webmaster.petalsearch.com/site/petalbot)"
114.119.147.32 - - [14/Mar/2026:09:00:02 +0800] "GET /?_w=285033365 HTTP/1.1" 200 256 "https://auzdo.com/sitemap986.xml" "Mozilla/5.0 (Linux; Android 7.0;) AppleWebKit/537.36 (KHTML, like Gecko) Mobile Safari/537.36 (compatible; PetalBot;+https://webmaster.petalsearch.com/site/petalbot)"
66.249.74.167 - - [14/Mar/2026:09:00:53 +0800] "GET /category/87/1 HTTP/1.1" 404 138 "-" "Mozilla/5.0 (Linux; Android 6.0.1; Nexus 5X Build/MMB29P) AppleWebKit/537.36 (KHTML, like Gecko) Chrome/145.0.7632.116 Mobile Safari/537.36 (compatible; Googlebot/2.1; +http://www.google.com/bot.html)"
114.119.157.112 - - [14/Mar/2026:09:01:32 +0800] "GET /?_w=107041027 HTTP/1.1" 200 256 "https://auzdo.com/sitemap738.xml" "Mozilla/5.0 (Linux; Android 7.0;) AppleWebKit/537.36 (KHTML, like Gecko) Mobile Safari/537.36 (compatible; PetalBot;+https://webmaster.petalsearch.com/site/petalbot)"
114.119.155.118 - - [14/Mar/2026:09:04:18 +0800] "GET /?_y=141026927 HTTP/1.1" 200 256 "https://auzdo.com/sitemap788.xml" "Mozilla/5.0 (Linux; Android 7.0;) AppleWebKit/537.36 (KHTML, like Gecko) Mobile Safari/537.36 (compatible; PetalBot;+https://webmaster.petalsearch.com/site/petalbot)"
45.227.253.15 - - [14/Mar/2026:09:05:18 +0800] "GET /index.php/jk HTTP/1.1" 200 256 "-" "Mozilla/5.0 (iPad; U; CPU OS 4_3_4 like Mac OS X; ja) AppleWebKit/533.17.9 (KHTML, like Gecko) Version/5.0.2 Mobile/8J2 Safari/6533.18.5"
114.119.136.146 - - [14/Mar/2026:09:07:20 +0800] "GET /?_w=226030382 HTTP/1.1" 200 256 "https://auzdo.com/?sitemap891.xml" "Mozilla/5.0 (Linux; Android 7.0;) AppleWebKit/537.36 (KHTML, like Gecko) Mobile Safari/537.36 (compatible; PetalBot;+https://webmaster.petalsearch.com/site/petalbot)"
114.119.165.226 - - [14/Mar/2026:09:08:50 +0800] "GET /m089022774 HTTP/1.1" 404 138 "https://auzdo.com/?sitemap891.xml" "Mozilla/5.0 (Linux; Android 7.0;) AppleWebKit/537.36 (KHTML, like Gecko) Mobile Safari/537.36 (compatible; PetalBot;+https://webmaster.petalsearch.com/site/petalbot)"
66.249.74.167 - - [14/Mar/2026:09:09:55 +0800] "GET /?goods/249022488 HTTP/1.1" 200 256 "-" "Mozilla/5.0 (Linux; Android 6.0.1; Nexus 5X Build/MMB29P) AppleWebKit/537.36 (KHTML, like Gecko) Chrome/145.0.7632.116 Mobile Safari/537.36 (compatible; Googlebot/2.1; +http://www.google.com/bot.html)"
114.119.132.57 - - [14/Mar/2026:09:09:57 +0800] "GET /?_z=256009606 HTTP/1.1" 200 256 "https://auzdo.com/sitemap997.xml" "Mozilla/5.0 (Linux; Android 7.0;) AppleWebKit/537.36 (KHTML, like Gecko) Mobile Safari/537.36 (compatible; PetalBot;+https://webmaster.petalsearch.com/site/petalbot)"
114.119.147.32 - - [14/Mar/2026:09:11:10 +0800] "GET /m046020967 HTTP/1.1" 404 138 "https://auzdo.com/?sitemap854.xml" "Mozilla/5.0 (Linux; Android 7.0;) AppleWebKit/537.36 (KHTML, like Gecko) Mobile Safari/537.36 (compatible; PetalBot;+https://webmaster.petalsearch.com/site/petalbot)"
81.71.99.63 - - [14/Mar/2026:09:11:54 +0800] "GET /hh HTTP/2.0" 301 162 "-" "Mozilla/5.0 (Linux; Android 6.0; Nexus 5 Build/MRA58N) AppleWebKit/537.36 (KHTML, like Gecko) Chrome/99.0.4844.51 Mobile Safari/537.36 MicroMessenger/7.0.1"
81.71.99.63 - - [14/Mar/2026:09:11:55 +0800] "GET /hh/ HTTP/2.0" 200 889 "-" "Mozilla/5.0 (Linux; Android 6.0; Nexus 5 Build/MRA58N) AppleWebKit/537.36 (KHTML, like Gecko) Chrome/99.0.4844.51 Mobile Safari/537.36 MicroMessenger/7.0.1"
81.71.99.63 - - [14/Mar/2026:09:11:55 +0800] "GET /hh/js/qq.php HTTP/2.0" 200 177 "https://www.auzdo.com/hh/" "Mozilla/5.0 (Linux; Android 6.0; Nexus 5 Build/MRA58N) AppleWebKit/537.36 (KHTML, like Gecko) Chrome/99.0.4844.51 Mobile Safari/537.36 MicroMessenger/7.0.1"
114.119.165.226 - - [14/Mar/2026:09:12:51 +0800] "GET /?_z=031018461 HTTP/1.1" 200 256 "https://auzdo.com/sitemap912.xml" "Mozilla/5.0 (Linux; Android 7.0;) AppleWebKit/537.36 (KHTML, like Gecko) Mobile Safari/537.36 (compatible; PetalBot;+https://webmaster.petalsearch.com/site/petalbot)"
114.119.139.78 - - [14/Mar/2026:09:13:55 +0800] "GET /m052007955 HTTP/1.1" 404 138 "https://auzdo.com/?sitemap891.xml" "Mozilla/5.0 (Linux; Android 7.0;) AppleWebKit/537.36 (KHTML, like Gecko) Mobile Safari/537.36 (compatible; PetalBot;+https://webmaster.petalsearch.com/site/petalbot)"
114.119.138.214 - - [14/Mar/2026:09:15:31 +0800] "GET /?_y=296048514 HTTP/1.1" 200 256 "https://auzdo.com/?sitemap854.xml" "Mozilla/5.0 (Linux; Android 7.0;) AppleWebKit/537.36 (KHTML, like Gecko) Mobile Safari/537.36 (compatible; PetalBot;+https://webmaster.petalsearch.com/site/petalbot)"
66.249.74.169 - - [14/Mar/2026:09:15:55 +0800] "GET /category/172_2148_2149_8459_8460/1 HTTP/1.1" 404 138 "-" "Mozilla/5.0 (Linux; Android 6.0.1; Nexus 5X Build/MMB29P) AppleWebKit/537.36 (KHTML, like Gecko) Chrome/145.0.7632.116 Mobile Safari/537.36 (compatible; Googlebot/2.1; +http://www.google.com/bot.html)"
114.119.147.32 - - [14/Mar/2026:09:16:41 +0800] "GET /?_y=027011417 HTTP/1.1" 200 256 "https://auzdo.com/sitemap986.xml" "Mozilla/5.0 (Linux; Android 7.0;) AppleWebKit/537.36 (KHTML, like Gecko) Mobile Safari/537.36 (compatible; PetalBot;+https://webmaster.petalsearch.com/site/petalbot)"
114.119.139.78 - - [14/Mar/2026:09:18:48 +0800] "GET /?_x=217007427 HTTP/1.1" 200 256 "https://auzdo.com/?sitemap854.xml" "Mozilla/5.0 (Linux; Android 7.0;) AppleWebKit/537.36 (KHTML, like Gecko) Mobile Safari/537.36 (compatible; PetalBot;+https://webmaster.petalsearch.com/site/petalbot)"
20.116.61.192 - - [14/Mar/2026:09:19:39 +0800] "GET /wp-content/plugins/hellopress/wp_filemanager.php HTTP/1.1" 301 162 "-" "-"
20.116.61.192 - - [14/Mar/2026:09:19:40 +0800] "GET /wp-content/plugins/hellopress/wp_filemanager.php HTTP/1.1" 404 138 "-" "-"
20.116.61.192 - - [14/Mar/2026:09:19:40 +0800] "GET /wk/index.php HTTP/1.1" 301 162 "-" "-"
20.116.61.192 - - [14/Mar/2026:09:19:40 +0800] "GET /wk/index.php HTTP/1.1" 404 138 "-" "-"
20.116.61.192 - - [14/Mar/2026:09:19:41 +0800] "GET /inputs.php HTTP/1.1" 301 162 "-" "-"
20.116.61.192 - - [14/Mar/2026:09:19:41 +0800] "GET /inputs.php HTTP/1.1" 404 138 "-" "-"
20.116.61.192 - - [14/Mar/2026:09:19:41 +0800] "GET /ioxi-o.php HTTP/1.1" 301 162 "-" "-"
20.116.61.192 - - [14/Mar/2026:09:19:41 +0800] "GET /ioxi-o.php HTTP/1.1" 404 138 "-" "-"
20.116.61.192 - - [14/Mar/2026:09:19:41 +0800] "GET /function/function.php HTTP/1.1" 301 162 "-" "-"
20.116.61.192 - - [14/Mar/2026:09:19:42 +0800] "GET /function/function.php HTTP/1.1" 404 138 "-" "-"
20.116.61.192 - - [14/Mar/2026:09:19:42 +0800] "GET /rip.php HTTP/1.1" 301 162 "-" "-"
20.116.61.192 - - [14/Mar/2026:09:19:42 +0800] "GET /rip.php HTTP/1.1" 404 138 "-" "-"
20.116.61.192 - - [14/Mar/2026:09:19:42 +0800] "GET /admin.php HTTP/1.1" 301 162 "-" "-"
20.116.61.192 - - [14/Mar/2026:09:19:43 +0800] "GET /admin.php HTTP/1.1" 404 138 "-" "-"
20.116.61.192 - - [14/Mar/2026:09:19:43 +0800] "GET /wp-content/uploads/index.php HTTP/1.1" 301 162 "-" "-"
20.116.61.192 - - [14/Mar/2026:09:19:43 +0800] "GET /wp-content/uploads/index.php HTTP/1.1" 404 138 "-" "-"
20.116.61.192 - - [14/Mar/2026:09:19:43 +0800] "GET /cache.php HTTP/1.1" 301 162 "-" "-"
20.116.61.192 - - [14/Mar/2026:09:19:43 +0800] "GET /cache.php HTTP/1.1" 404 138 "-" "-"
20.116.61.192 - - [14/Mar/2026:09:19:44 +0800] "GET /themes.php HTTP/1.1" 301 162 "-" "-"
20.116.61.192 - - [14/Mar/2026:09:19:44 +0800] "GET /themes.php HTTP/1.1" 404 138 "-" "-"
20.116.61.192 - - [14/Mar/2026:09:19:44 +0800] "GET /an.php HTTP/1.1" 301 162 "-" "-"
20.116.61.192 - - [14/Mar/2026:09:19:44 +0800] "GET /an.php HTTP/1.1" 404 138 "-" "-"
20.116.61.192 - - [14/Mar/2026:09:19:44 +0800] "GET /index/function.php HTTP/1.1" 301 162 "-" "-"
20.116.61.192 - - [14/Mar/2026:09:19:45 +0800] "GET /index/function.php HTTP/1.1" 404 138 "-" "-"
20.116.61.192 - - [14/Mar/2026:09:19:45 +0800] "GET /randkeyword.PhP7 HTTP/1.1" 301 162 "-" "-"
20.116.61.192 - - [14/Mar/2026:09:19:45 +0800] "GET /randkeyword.PhP7 HTTP/1.1" 404 138 "-" "-"
20.116.61.192 - - [14/Mar/2026:09:19:45 +0800] "GET /ws.php HTTP/1.1" 301 162 "-" "-"
20.116.61.192 - - [14/Mar/2026:09:19:45 +0800] "GET /ws.php HTTP/1.1" 404 138 "-" "-"
20.116.61.192 - - [14/Mar/2026:09:19:46 +0800] "GET /404.php HTTP/1.1" 301 162 "-" "-"
20.116.61.192 - - [14/Mar/2026:09:19:46 +0800] "GET /404.php HTTP/1.1" 404 138 "-" "-"
20.116.61.192 - - [14/Mar/2026:09:19:46 +0800] "GET /wp-admin/user/index.php HTTP/1.1" 301 162 "-" "-"
20.116.61.192 - - [14/Mar/2026:09:19:46 +0800] "GET /wp-admin/user/index.php HTTP/1.1" 404 138 "-" "-"
20.116.61.192 - - [14/Mar/2026:09:19:46 +0800] "GET /wp-conf.php HTTP/1.1" 301 162 "-" "-"
20.116.61.192 - - [14/Mar/2026:09:19:47 +0800] "GET /wp-conf.php HTTP/1.1" 404 138 "-" "-"
20.116.61.192 - - [14/Mar/2026:09:19:47 +0800] "GET /wp-content/themes/hideo/network.php HTTP/1.1" 301 162 "-" "-"
20.116.61.192 - - [14/Mar/2026:09:19:47 +0800] "GET /wp-content/themes/hideo/network.php HTTP/1.1" 404 138 "-" "-"
20.116.61.192 - - [14/Mar/2026:09:19:47 +0800] "GET /wp-login.php HTTP/1.1" 301 162 "-" "-"
20.116.61.192 - - [14/Mar/2026:09:19:48 +0800] "GET /wp-login.php HTTP/1.1" 404 138 "-" "-"
20.116.61.192 - - [14/Mar/2026:09:19:48 +0800] "GET /abc.php HTTP/1.1" 301 162 "-" "-"
20.116.61.192 - - [14/Mar/2026:09:19:48 +0800] "GET /abc.php HTTP/1.1" 404 138 "-" "-"
20.116.61.192 - - [14/Mar/2026:09:19:48 +0800] "GET /abcd.php HTTP/1.1" 301 162 "-" "-"
20.116.61.192 - - [14/Mar/2026:09:19:48 +0800] "GET /abcd.php HTTP/1.1" 404 138 "-" "-"
20.116.61.192 - - [14/Mar/2026:09:19:49 +0800] "GET /as.php HTTP/1.1" 301 162 "-" "-"
20.116.61.192 - - [14/Mar/2026:09:19:49 +0800] "GET /as.php HTTP/1.1" 404 138 "-" "-"
20.116.61.192 - - [14/Mar/2026:09:19:49 +0800] "GET /wp-trackback.php HTTP/1.1" 301 162 "-" "-"
20.116.61.192 - - [14/Mar/2026:09:19:49 +0800] "GET /wp-trackback.php HTTP/1.1" 404 138 "-" "-"
20.116.61.192 - - [14/Mar/2026:09:19:49 +0800] "GET /about.php HTTP/1.1" 301 162 "-" "-"
20.116.61.192 - - [14/Mar/2026:09:19:50 +0800] "GET /about.php HTTP/1.1" 404 138 "-" "-"
20.116.61.192 - - [14/Mar/2026:09:19:50 +0800] "GET /file.php HTTP/1.1" 301 162 "-" "-"
20.116.61.192 - - [14/Mar/2026:09:19:50 +0800] "GET /file.php HTTP/1.1" 404 138 "-" "-"
20.116.61.192 - - [14/Mar/2026:09:19:50 +0800] "GET /adminfuns.php HTTP/1.1" 301 162 "-" "-"
20.116.61.192 - - [14/Mar/2026:09:19:50 +0800] "GET /adminfuns.php HTTP/1.1" 404 138 "-" "-"
20.116.61.192 - - [14/Mar/2026:09:19:51 +0800] "GET /wp-good.php HTTP/1.1" 301 162 "-" "-"
20.116.61.192 - - [14/Mar/2026:09:19:51 +0800] "GET /wp-good.php HTTP/1.1" 404 138 "-" "-"
20.116.61.192 - - [14/Mar/2026:09:19:51 +0800] "GET /xmlrpc.php HTTP/1.1" 301 162 "-" "-"
20.116.61.192 - - [14/Mar/2026:09:19:51 +0800] "GET /xmlrpc.php HTTP/1.1" 404 138 "-" "-"
20.116.61.192 - - [14/Mar/2026:09:19:52 +0800] "GET /goods.php HTTP/1.1" 301 162 "-" "-"
20.116.61.192 - - [14/Mar/2026:09:19:52 +0800] "GET /goods.php HTTP/1.1" 404 138 "-" "-"
20.116.61.192 - - [14/Mar/2026:09:19:52 +0800] "GET /class-t.api.php HTTP/1.1" 301 162 "-" "-"
20.116.61.192 - - [14/Mar/2026:09:19:52 +0800] "GET /class-t.api.php HTTP/1.1" 404 138 "-" "-"
20.116.61.192 - - [14/Mar/2026:09:19:52 +0800] "GET /sf.php HTTP/1.1" 301 162 "-" "-"
20.116.61.192 - - [14/Mar/2026:09:19:53 +0800] "GET /sf.php HTTP/1.1" 404 138 "-" "-"
20.116.61.192 - - [14/Mar/2026:09:19:53 +0800] "GET /kbfr.php HTTP/1.1" 301 162 "-" "-"
20.116.61.192 - - [14/Mar/2026:09:19:53 +0800] "GET /kbfr.php HTTP/1.1" 404 138 "-" "-"
20.116.61.192 - - [14/Mar/2026:09:19:53 +0800] "GET /autoload_classmap.php HTTP/1.1" 301 162 "-" "-"
20.116.61.192 - - [14/Mar/2026:09:19:53 +0800] "GET /autoload_classmap.php HTTP/1.1" 404 138 "-" "-"
20.116.61.192 - - [14/Mar/2026:09:19:54 +0800] "GET /chosen.php?p= HTTP/1.1" 301 162 "-" "-"
66.249.74.167 - - [14/Mar/2026:09:19:54 +0800] "GET /?jp/280036760.html HTTP/1.1" 200 256 "-" "Mozilla/5.0 (Linux; Android 6.0.1; Nexus 5X Build/MMB29P) AppleWebKit/537.36 (KHTML, like Gecko) Chrome/145.0.7632.116 Mobile Safari/537.36 (compatible; Googlebot/2.1; +http://www.google.com/bot.html)"
20.116.61.192 - - [14/Mar/2026:09:19:54 +0800] "GET /chosen.php?p= HTTP/1.1" 404 138 "-" "-"
20.116.61.192 - - [14/Mar/2026:09:19:54 +0800] "GET /classwithtostring.php HTTP/1.1" 301 162 "-" "-"
20.116.61.192 - - [14/Mar/2026:09:19:54 +0800] "GET /classwithtostring.php HTTP/1.1" 404 138 "-" "-"
20.116.61.192 - - [14/Mar/2026:09:19:54 +0800] "GET /defaults.php HTTP/1.1" 301 162 "-" "-"
20.116.61.192 - - [14/Mar/2026:09:19:55 +0800] "GET /defaults.php HTTP/1.1" 404 138 "-" "-"
20.116.61.192 - - [14/Mar/2026:09:19:55 +0800] "GET /wp-includes/ HTTP/1.1" 301 162 "-" "-"
20.116.61.192 - - [14/Mar/2026:09:19:55 +0800] "GET /wp-includes/ HTTP/1.1" 404 138 "-" "-"
20.116.61.192 - - [14/Mar/2026:09:19:55 +0800] "GET /.well-known/ HTTP/1.1" 403 146 "-" "-"
20.116.61.192 - - [14/Mar/2026:09:19:55 +0800] "GET /info.php HTTP/1.1" 301 162 "-" "-"
20.116.61.192 - - [14/Mar/2026:09:19:56 +0800] "GET /info.php HTTP/1.1" 404 138 "-" "-"
20.116.61.192 - - [14/Mar/2026:09:19:56 +0800] "GET /cgi-bin/ HTTP/1.1" 301 162 "-" "-"
20.116.61.192 - - [14/Mar/2026:09:19:56 +0800] "GET /cgi-bin/ HTTP/1.1" 404 138 "-" "-"
20.116.61.192 - - [14/Mar/2026:09:19:56 +0800] "GET /uploads/ HTTP/1.1" 301 162 "-" "-"
20.116.61.192 - - [14/Mar/2026:09:19:57 +0800] "GET /uploads/ HTTP/1.1" 404 138 "-" "-"
20.116.61.192 - - [14/Mar/2026:09:19:57 +0800] "GET /wp-admin/images/ HTTP/1.1" 301 162 "-" "-"
20.116.61.192 - - [14/Mar/2026:09:19:57 +0800] "GET /wp-admin/images/ HTTP/1.1" 404 138 "-" "-"
20.116.61.192 - - [14/Mar/2026:09:19:57 +0800] "GET /wp-includes/Requests/src/Response/about.php HTTP/1.1" 301 162 "-" "-"
20.116.61.192 - - [14/Mar/2026:09:19:57 +0800] "GET /wp-includes/Requests/src/Response/about.php HTTP/1.1" 404 138 "-" "-"
20.116.61.192 - - [14/Mar/2026:09:19:58 +0800] "GET /wp-includes/html-api/ HTTP/1.1" 301 162 "-" "-"
20.116.61.192 - - [14/Mar/2026:09:19:58 +0800] "GET /wp-includes/html-api/ HTTP/1.1" 404 138 "-" "-"
20.116.61.192 - - [14/Mar/2026:09:19:58 +0800] "GET /wp-content/admin.php HTTP/1.1" 301 162 "-" "-"
20.116.61.192 - - [14/Mar/2026:09:19:58 +0800] "GET /wp-content/admin.php HTTP/1.1" 404 138 "-" "-"
20.116.61.192 - - [14/Mar/2026:09:19:58 +0800] "GET /wp-admin/css/colors/ectoplasm/ HTTP/1.1" 301 162 "-" "-"
20.116.61.192 - - [14/Mar/2026:09:19:59 +0800] "GET /wp-admin/css/colors/ectoplasm/ HTTP/1.1" 404 138 "-" "-"
20.116.61.192 - - [14/Mar/2026:09:19:59 +0800] "GET /wp-content/uploads/ HTTP/1.1" 301 162 "-" "-"
20.116.61.192 - - [14/Mar/2026:09:19:59 +0800] "GET /wp-content/uploads/ HTTP/1.1" 404 138 "-" "-"
20.116.61.192 - - [14/Mar/2026:09:19:59 +0800] "GET /wp-content/themes/admin.php HTTP/1.1" 301 162 "-" "-"
20.116.61.192 - - [14/Mar/2026:09:19:59 +0800] "GET /wp-content/themes/admin.php HTTP/1.1" 404 138 "-" "-"
20.116.61.192 - - [14/Mar/2026:09:20:00 +0800] "GET /wp-content/themes/index.php HTTP/1.1" 301 162 "-" "-"
20.116.61.192 - - [14/Mar/2026:09:20:00 +0800] "GET /wp-content/themes/index.php HTTP/1.1" 404 138 "-" "-"
20.116.61.192 - - [14/Mar/2026:09:20:00 +0800] "GET /wp-content/plugins/index.php HTTP/1.1" 301 162 "-" "-"
20.116.61.192 - - [14/Mar/2026:09:20:00 +0800] "GET /wp-content/plugins/index.php HTTP/1.1" 404 138 "-" "-"
20.116.61.192 - - [14/Mar/2026:09:20:00 +0800] "GET /wp-includes/PHPMailer/ HTTP/1.1" 301 162 "-" "-"
20.116.61.192 - - [14/Mar/2026:09:20:01 +0800] "GET /wp-includes/PHPMailer/ HTTP/1.1" 404 138 "-" "-"
20.116.61.192 - - [14/Mar/2026:09:20:01 +0800] "GET /wp-includes/images/ HTTP/1.1" 301 162 "-" "-"
20.116.61.192 - - [14/Mar/2026:09:20:01 +0800] "GET /wp-includes/images/ HTTP/1.1" 404 138 "-" "-"
20.116.61.192 - - [14/Mar/2026:09:20:01 +0800] "GET /wp-content/plugins/WordPressCore/ HTTP/1.1" 301 162 "-" "-"
20.116.61.192 - - [14/Mar/2026:09:20:02 +0800] "GET /wp-content/plugins/WordPressCore/ HTTP/1.1" 404 138 "-" "-"
20.116.61.192 - - [14/Mar/2026:09:20:02 +0800] "GET /wp-good.php HTTP/1.1" 301 162 "-" "-"
20.116.61.192 - - [14/Mar/2026:09:20:02 +0800] "GET /wp-good.php HTTP/1.1" 404 138 "-" "-"
20.116.61.192 - - [14/Mar/2026:09:20:02 +0800] "GET /file.php HTTP/1.1" 301 162 "-" "-"
20.116.61.192 - - [14/Mar/2026:09:20:02 +0800] "GET /file.php HTTP/1.1" 404 138 "-" "-"
20.116.61.192 - - [14/Mar/2026:09:20:03 +0800] "GET /bless.php HTTP/1.1" 301 162 "-" "-"
20.116.61.192 - - [14/Mar/2026:09:20:03 +0800] "GET /bless.php HTTP/1.1" 404 138 "-" "-"
20.116.61.192 - - [14/Mar/2026:09:20:03 +0800] "GET /admin.php HTTP/1.1" 301 162 "-" "-"
20.116.61.192 - - [14/Mar/2026:09:20:03 +0800] "GET /admin.php HTTP/1.1" 404 138 "-" "-"
20.116.61.192 - - [14/Mar/2026:09:20:03 +0800] "GET /ioxi-o.php HTTP/1.1" 301 162 "-" "-"
20.116.61.192 - - [14/Mar/2026:09:20:04 +0800] "GET /ioxi-o.php HTTP/1.1" 404 138 "-" "-"
20.116.61.192 - - [14/Mar/2026:09:20:04 +0800] "GET /adminfuns.php HTTP/1.1" 301 162 "-" "-"
20.116.61.192 - - [14/Mar/2026:09:20:04 +0800] "GET /adminfuns.php HTTP/1.1" 404 138 "-" "-"
20.116.61.192 - - [14/Mar/2026:09:20:04 +0800] "GET /wp-content/admin.php HTTP/1.1" 301 162 "-" "-"
20.116.61.192 - - [14/Mar/2026:09:20:04 +0800] "GET /wp-content/admin.php HTTP/1.1" 404 138 "-" "-"
20.116.61.192 - - [14/Mar/2026:09:20:05 +0800] "GET /aa.php HTTP/1.1" 301 162 "-" "-"
20.116.61.192 - - [14/Mar/2026:09:20:05 +0800] "GET /aa.php HTTP/1.1" 404 138 "-" "-"
20.116.61.192 - - [14/Mar/2026:09:20:05 +0800] "GET /xmrlpc.php HTTP/1.1" 301 162 "-" "-"
20.116.61.192 - - [14/Mar/2026:09:20:05 +0800] "GET /xmrlpc.php HTTP/1.1" 404 138 "-" "-"
20.116.61.192 - - [14/Mar/2026:09:20:06 +0800] "GET /class.php HTTP/1.1" 301 162 "-" "-"
20.116.61.192 - - [14/Mar/2026:09:20:06 +0800] "GET /class.php HTTP/1.1" 404 138 "-" "-"
20.116.61.192 - - [14/Mar/2026:09:20:06 +0800] "GET /goods.php HTTP/1.1" 301 162 "-" "-"
20.116.61.192 - - [14/Mar/2026:09:20:06 +0800] "GET /goods.php HTTP/1.1" 404 138 "-" "-"
20.116.61.192 - - [14/Mar/2026:09:20:06 +0800] "GET /info.php HTTP/1.1" 301 162 "-" "-"
20.116.61.192 - - [14/Mar/2026:09:20:07 +0800] "GET /info.php HTTP/1.1" 404 138 "-" "-"
20.116.61.192 - - [14/Mar/2026:09:20:07 +0800] "GET /as.php HTTP/1.1" 301 162 "-" "-"
20.116.61.192 - - [14/Mar/2026:09:20:07 +0800] "GET /as.php HTTP/1.1" 404 138 "-" "-"
20.116.61.192 - - [14/Mar/2026:09:20:07 +0800] "GET /aw.php HTTP/1.1" 301 162 "-" "-"
20.116.61.192 - - [14/Mar/2026:09:20:07 +0800] "GET /aw.php HTTP/1.1" 404 138 "-" "-"
20.116.61.192 - - [14/Mar/2026:09:20:08 +0800] "GET /bb.php HTTP/1.1" 301 162 "-" "-"
20.116.61.192 - - [14/Mar/2026:09:20:08 +0800] "GET /bb.php HTTP/1.1" 404 138 "-" "-"
20.116.61.192 - - [14/Mar/2026:09:20:08 +0800] "GET /about.php HTTP/1.1" 301 162 "-" "-"
20.116.61.192 - - [14/Mar/2026:09:20:08 +0800] "GET /about.php HTTP/1.1" 404 138 "-" "-"
20.116.61.192 - - [14/Mar/2026:09:20:08 +0800] "GET /222.php HTTP/1.1" 301 162 "-" "-"
20.116.61.192 - - [14/Mar/2026:09:20:09 +0800] "GET /222.php HTTP/1.1" 404 138 "-" "-"
20.116.61.192 - - [14/Mar/2026:09:20:09 +0800] "GET /test1.php HTTP/1.1" 301 162 "-" "-"
20.116.61.192 - - [14/Mar/2026:09:20:09 +0800] "GET /test1.php HTTP/1.1" 404 138 "-" "-"
20.116.61.192 - - [14/Mar/2026:09:20:09 +0800] "GET /classwithtostring.php HTTP/1.1" 301 162 "-" "-"
20.116.61.192 - - [14/Mar/2026:09:20:09 +0800] "GET /classwithtostring.php HTTP/1.1" 404 138 "-" "-"
20.116.61.192 - - [14/Mar/2026:09:20:10 +0800] "GET /css/autoload_classmap.php HTTP/1.1" 301 162 "-" "-"
20.116.61.192 - - [14/Mar/2026:09:20:10 +0800] "GET /css/autoload_classmap.php HTTP/1.1" 404 138 "-" "-"
20.116.61.192 - - [14/Mar/2026:09:20:10 +0800] "GET /fx.php HTTP/1.1" 301 162 "-" "-"
20.116.61.192 - - [14/Mar/2026:09:20:10 +0800] "GET /fx.php HTTP/1.1" 404 138 "-" "-"
20.116.61.192 - - [14/Mar/2026:09:20:11 +0800] "GET /gelay.php HTTP/1.1" 301 162 "-" "-"
20.116.61.192 - - [14/Mar/2026:09:20:11 +0800] "GET /gelay.php HTTP/1.1" 404 138 "-" "-"
20.116.61.192 - - [14/Mar/2026:09:20:11 +0800] "GET /god4m.php HTTP/1.1" 301 162 "-" "-"
20.116.61.192 - - [14/Mar/2026:09:20:11 +0800] "GET /god4m.php HTTP/1.1" 404 138 "-" "-"
20.116.61.192 - - [14/Mar/2026:09:20:11 +0800] "GET /mari.php HTTP/1.1" 301 162 "-" "-"
20.116.61.192 - - [14/Mar/2026:09:20:12 +0800] "GET /mari.php HTTP/1.1" 404 138 "-" "-"
20.116.61.192 - - [14/Mar/2026:09:20:12 +0800] "GET /moon.php HTTP/1.1" 301 162 "-" "-"
20.116.61.192 - - [14/Mar/2026:09:20:12 +0800] "GET /moon.php HTTP/1.1" 404 138 "-" "-"
20.116.61.192 - - [14/Mar/2026:09:20:12 +0800] "GET /o.php HTTP/1.1" 301 162 "-" "-"
20.116.61.192 - - [14/Mar/2026:09:20:12 +0800] "GET /o.php HTTP/1.1" 404 138 "-" "-"
20.116.61.192 - - [14/Mar/2026:09:20:13 +0800] "GET /tmp.php HTTP/1.1" 301 162 "-" "-"
20.116.61.192 - - [14/Mar/2026:09:20:13 +0800] "GET /tmp.php HTTP/1.1" 404 138 "-" "-"
20.116.61.192 - - [14/Mar/2026:09:20:13 +0800] "GET /wp-admin/js/ HTTP/1.1" 301 162 "-" "-"
20.116.61.192 - - [14/Mar/2026:09:20:13 +0800] "GET /wp-admin/js/ HTTP/1.1" 404 138 "-" "-"
20.116.61.192 - - [14/Mar/2026:09:20:13 +0800] "GET /wp-admin/a.php HTTP/1.1" 301 162 "-" "-"
20.116.61.192 - - [14/Mar/2026:09:20:14 +0800] "GET /wp-admin/a.php HTTP/1.1" 404 138 "-" "-"
20.116.61.192 - - [14/Mar/2026:09:20:14 +0800] "GET /wp-admin/alfa.php HTTP/1.1" 301 162 "-" "-"
20.116.61.192 - - [14/Mar/2026:09:20:14 +0800] "GET /wp-admin/alfa.php HTTP/1.1" 404 138 "-" "-"
20.116.61.192 - - [14/Mar/2026:09:20:14 +0800] "GET /wp-admin/css/colors HTTP/1.1" 301 162 "-" "-"
20.116.61.192 - - [14/Mar/2026:09:20:14 +0800] "GET /wp-admin/css/colors HTTP/1.1" 404 138 "-" "-"
20.116.61.192 - - [14/Mar/2026:09:20:15 +0800] "GET /wp-admin/js/widgets/ HTTP/1.1" 301 162 "-" "-"
20.116.61.192 - - [14/Mar/2026:09:20:15 +0800] "GET /wp-admin/js/widgets/ HTTP/1.1" 404 138 "-" "-"
20.116.61.192 - - [14/Mar/2026:09:20:15 +0800] "GET /wp-admin/network/index.php HTTP/1.1" 301 162 "-" "-"
20.116.61.192 - - [14/Mar/2026:09:20:15 +0800] "GET /wp-admin/network/index.php HTTP/1.1" 404 138 "-" "-"
20.116.61.192 - - [14/Mar/2026:09:20:16 +0800] "GET /wp-content/plugins/core-plugin/include.php HTTP/1.1" 301 162 "-" "-"
20.116.61.192 - - [14/Mar/2026:09:20:16 +0800] "GET /wp-content/plugins/core-plugin/include.php HTTP/1.1" 404 138 "-" "-"
20.116.61.192 - - [14/Mar/2026:09:20:16 +0800] "GET /wp-includes/IXR/test1.php HTTP/1.1" 301 162 "-" "-"
20.116.61.192 - - [14/Mar/2026:09:20:16 +0800] "GET /wp-includes/IXR/test1.php HTTP/1.1" 404 138 "-" "-"
20.116.61.192 - - [14/Mar/2026:09:20:16 +0800] "GET /wp-includes/js/crop/cropper.php HTTP/1.1" 301 162 "-" "-"
20.116.61.192 - - [14/Mar/2026:09:20:17 +0800] "GET /wp-includes/js/crop/cropper.php HTTP/1.1" 404 138 "-" "-"
20.116.61.192 - - [14/Mar/2026:09:20:17 +0800] "GET /wp-content/themes/ HTTP/1.1" 301 162 "-" "-"
20.116.61.192 - - [14/Mar/2026:09:20:17 +0800] "GET /wp-content/themes/ HTTP/1.1" 404 138 "-" "-"
20.116.61.192 - - [14/Mar/2026:09:20:17 +0800] "GET /wp-includes/ID3/ HTTP/1.1" 301 162 "-" "-"
20.116.61.192 - - [14/Mar/2026:09:20:17 +0800] "GET /wp-includes/ID3/ HTTP/1.1" 404 138 "-" "-"
114.119.157.112 - - [14/Mar/2026:09:21:09 +0800] "GET /m060004985 HTTP/1.1" 404 138 "https://auzdo.com/?sitemap595.xml" "Mozilla/5.0 (Linux; Android 7.0;) AppleWebKit/537.36 (KHTML, like Gecko) Mobile Safari/537.36 (compatible; PetalBot;+https://webmaster.petalsearch.com/site/petalbot)"
66.249.74.168 - - [14/Mar/2026:09:22:55 +0800] "GET /?goods/013015191 HTTP/1.1" 200 256 "-" "Mozilla/5.0 (Linux; Android 6.0.1; Nexus 5X Build/MMB29P) AppleWebKit/537.36 (KHTML, like Gecko) Chrome/145.0.7632.116 Mobile Safari/537.36 (compatible; Googlebot/2.1; +http://www.google.com/bot.html)"
114.119.147.32 - - [14/Mar/2026:09:24:21 +0800] "GET /?_x=223041129 HTTP/1.1" 200 256 "https://auzdo.com/sitemap912.xml" "Mozilla/5.0 (Linux; Android 7.0;) AppleWebKit/537.36 (KHTML, like Gecko) Mobile Safari/537.36 (compatible; PetalBot;+https://webmaster.petalsearch.com/site/petalbot)"
20.78.168.104 - - [14/Mar/2026:09:24:58 +0800] "GET /bolt.php HTTP/1.1" 404 138 "-" "Mozilla/5.0 (Windows NT 10.0; Win64; x64) AppleWebKit/537.36 (KHTML, like Gecko) Chrome/120.0.0.0 Safari/537.36"
20.78.168.104 - - [14/Mar/2026:09:24:58 +0800] "GET /ff1.php HTTP/1.1" 404 138 "-" "Mozilla/5.0 (Windows NT 10.0; Win64; x64) AppleWebKit/537.36 (KHTML, like Gecko) Chrome/120.0.0.0 Safari/537.36"
20.78.168.104 - - [14/Mar/2026:09:24:58 +0800] "GET /about.php HTTP/1.1" 404 138 "-" "Mozilla/5.0 (Windows NT 10.0; Win64; x64) AppleWebKit/537.36 (KHTML, like Gecko) Chrome/120.0.0.0 Safari/537.36"
20.78.168.104 - - [14/Mar/2026:09:24:58 +0800] "GET /admin.php HTTP/1.1" 404 138 "-" "Mozilla/5.0 (Windows NT 10.0; Win64; x64) AppleWebKit/537.36 (KHTML, like Gecko) Chrome/120.0.0.0 Safari/537.36"
20.78.168.104 - - [14/Mar/2026:09:24:58 +0800] "GET /new.php HTTP/1.1" 404 138 "-" "Mozilla/5.0 (Windows NT 10.0; Win64; x64) AppleWebKit/537.36 (KHTML, like Gecko) Chrome/120.0.0.0 Safari/537.36"
20.78.168.104 - - [14/Mar/2026:09:24:58 +0800] "GET /.trash7206/index.php HTTP/1.1" 404 138 "-" "Mozilla/5.0 (Windows NT 10.0; Win64; x64) AppleWebKit/537.36 (KHTML, like Gecko) Chrome/120.0.0.0 Safari/537.36"
20.78.168.104 - - [14/Mar/2026:09:24:58 +0800] "GET /.well-known/logs233/index.php?p= HTTP/1.1" 403 548 "-" "Mozilla/5.0 (Windows NT 10.0; Win64; x64) AppleWebKit/537.36 (KHTML, like Gecko) Chrome/120.0.0.0 Safari/537.36"
20.78.168.104 - - [14/Mar/2026:09:24:58 +0800] "GET /wp-content/themes/haha.php HTTP/1.1" 404 138 "-" "Mozilla/5.0 (Windows NT 10.0; Win64; x64) AppleWebKit/537.36 (KHTML, like Gecko) Chrome/120.0.0.0 Safari/537.36"
