93.123.109.246 - - [13/Mar/2026:22:17:55 +0800] "GET /src/Mailer/Mailer.php HTTP/1.1" 404 138 "https://www.auzdo.com/" "Mozilla/5.0 (Macintosh; Intel Mac OS X 10_15_7) AppleWebKit/605.1.15 (KHTML, like Gecko) Version/18.2 Safari/605.1.15"
93.123.109.246 - - [13/Mar/2026:22:17:55 +0800] "GET /config/email.php.swp HTTP/1.1" 404 138 "https://www.auzdo.com/" "Mozilla/5.0 (X11; Linux x86_64; rv:133.0) Gecko/20100101 Firefox/133.0"
93.123.109.246 - - [13/Mar/2026:22:17:55 +0800] "GET /config/initializers/mandrill.rb HTTP/1.1" 404 138 "https://www.auzdo.com/" "Mozilla/5.0 (X11; Linux x86_64) AppleWebKit/537.36 (KHTML, like Gecko) Chrome/131.0.0.0 Safari/537.36"
93.123.109.246 - - [13/Mar/2026:22:17:55 +0800] "GET /app/Services/EmailService.php HTTP/1.1" 404 138 "https://www.auzdo.com/" "Mozilla/5.0 (Windows NT 10.0; Win64; x64) AppleWebKit/537.36 (KHTML, like Gecko) Chrome/131.0.0.0 Safari/537.36"
93.123.109.246 - - [13/Mar/2026:22:17:55 +0800] "GET /config/smtp.bak.php HTTP/1.1" 404 138 "https://www.auzdo.com/" "Mozilla/5.0 (Linux; Android 14; SM-S928B) AppleWebKit/537.36 (KHTML, like Gecko) Chrome/131.0.0.0 Mobile Safari/537.36"
93.123.109.246 - - [13/Mar/2026:22:17:55 +0800] "GET /config/mail.php~ HTTP/1.1" 404 138 "https://www.auzdo.com/" "Mozilla/5.0 (Windows NT 10.0; Win64; x64) AppleWebKit/537.36 (KHTML, like Gecko) Chrome/131.0.0.0 Safari/537.36"
93.123.109.246 - - [13/Mar/2026:22:17:56 +0800] "GET /src/Service/EmailService.php HTTP/1.1" 404 138 "https://www.auzdo.com/" "Mozilla/5.0 (Macintosh; Intel Mac OS X 10_15_7) AppleWebKit/537.36 (KHTML, like Gecko) Chrome/130.0.0.0 Safari/537.36"
93.123.109.246 - - [13/Mar/2026:22:17:56 +0800] "GET /config/email.php.save HTTP/1.1" 404 138 "https://www.auzdo.com/" "Mozilla/5.0 (X11; Linux x86_64) AppleWebKit/537.36 (KHTML, like Gecko) Chrome/131.0.0.0 Safari/537.36"
93.123.109.246 - - [13/Mar/2026:22:17:57 +0800] "GET /config/email.bak.php HTTP/1.1" 404 138 "https://www.auzdo.com/" "Mozilla/5.0 (Windows NT 10.0; Win64; x64; rv:132.0) Gecko/20100101 Firefox/132.0"
93.123.109.246 - - [13/Mar/2026:22:18:00 +0800] "GET /config/mail.php.save HTTP/1.1" 404 138 "https://www.auzdo.com/" "Mozilla/5.0 (Windows NT 10.0; Win64; x64) AppleWebKit/537.36 (KHTML, like Gecko) Chrome/131.0.0.0 Safari/537.36"
93.123.109.246 - - [13/Mar/2026:22:18:00 +0800] "GET /config/mail.config.ts HTTP/1.1" 404 138 "https://www.auzdo.com/" "Mozilla/5.0 (Windows NT 10.0; Win64; x64; rv:132.0) Gecko/20100101 Firefox/132.0"
93.123.109.246 - - [13/Mar/2026:22:18:00 +0800] "GET /config/email.php~ HTTP/1.1" 404 138 "https://www.auzdo.com/" "Mozilla/5.0 (X11; Linux x86_64; rv:133.0) Gecko/20100101 Firefox/133.0"
93.123.109.246 - - [13/Mar/2026:22:18:00 +0800] "GET /config/email.php.back HTTP/1.1" 404 138 "https://www.auzdo.com/" "Mozilla/5.0 (Windows NT 10.0; Win64; x64) AppleWebKit/537.36 (KHTML, like Gecko) Chrome/131.0.0.0 Safari/537.36"
93.123.109.246 - - [13/Mar/2026:22:18:07 +0800] "GET /app/Helpers/EmailHelper.php HTTP/1.1" 404 138 "https://www.auzdo.com/" "Mozilla/5.0 (Macintosh; Intel Mac OS X 10_15_7) AppleWebKit/537.36 (KHTML, like Gecko) Chrome/130.0.0.0 Safari/537.36"
93.123.109.246 - - [13/Mar/2026:22:18:07 +0800] "GET /mail.dist.php HTTP/1.1" 404 138 "https://www.auzdo.com/" "Mozilla/5.0 (Windows NT 10.0; Win64; x64) AppleWebKit/537.36 (KHTML, like Gecko) Chrome/130.0.0.0 Safari/537.36"
93.123.109.246 - - [13/Mar/2026:22:18:07 +0800] "GET /config/smtp.php.back HTTP/1.1" 404 138 "https://www.auzdo.com/" "Mozilla/5.0 (Windows NT 10.0; Win64; x64) AppleWebKit/537.36 (KHTML, like Gecko) Chrome/130.0.0.0 Safari/537.36"
93.123.109.246 - - [13/Mar/2026:22:18:07 +0800] "GET /email.sample.php HTTP/1.1" 404 138 "https://www.auzdo.com/" "Mozilla/5.0 (Windows NT 10.0; Win64; x64; rv:133.0) Gecko/20100101 Firefox/133.0"
93.123.109.246 - - [13/Mar/2026:22:18:07 +0800] "GET /config/production/smtp.php HTTP/1.1" 404 138 "https://www.auzdo.com/" "Mozilla/5.0 (Macintosh; Intel Mac OS X 10_15_7) AppleWebKit/537.36 (KHTML, like Gecko) Chrome/130.0.0.0 Safari/537.36"
93.123.109.246 - - [13/Mar/2026:22:18:07 +0800] "GET /app/Services/MailService.php HTTP/1.1" 404 138 "https://www.auzdo.com/" "Mozilla/5.0 (Macintosh; Intel Mac OS X 10_15_7) AppleWebKit/605.1.15 (KHTML, like Gecko) Version/18.2 Safari/605.1.15"
93.123.109.246 - - [13/Mar/2026:22:18:07 +0800] "GET /src/Service/MailerService.php HTTP/1.1" 404 138 "https://www.auzdo.com/" "Mozilla/5.0 (Windows NT 10.0; Win64; x64) AppleWebKit/537.36 (KHTML, like Gecko) Chrome/131.0.0.0 Safari/537.36 Edg/131.0.0.0"
93.123.109.246 - - [13/Mar/2026:22:18:08 +0800] "GET /config/smtp.php.bak HTTP/1.1" 404 138 "https://www.auzdo.com/" "Mozilla/5.0 (Macintosh; Intel Mac OS X 10_15_7) AppleWebKit/605.1.15 (KHTML, like Gecko) Version/18.2 Safari/605.1.15"
93.123.109.246 - - [13/Mar/2026:22:18:18 +0800] "GET /config/mail_backup.php HTTP/1.1" 404 138 "https://www.auzdo.com/" "Mozilla/5.0 (Windows NT 10.0; Win64; x64) AppleWebKit/537.36 (KHTML, like Gecko) Chrome/130.0.0.0 Safari/537.36"
93.123.109.246 - - [13/Mar/2026:22:18:19 +0800] "GET /config/mail.php.sample HTTP/1.1" 404 138 "https://www.auzdo.com/" "Mozilla/5.0 (Windows NT 10.0; Win64; x64; rv:132.0) Gecko/20100101 Firefox/132.0"
93.123.109.246 - - [13/Mar/2026:22:18:19 +0800] "GET /lib/config/mail.dart HTTP/1.1" 404 138 "https://www.auzdo.com/" "Mozilla/5.0 (X11; Linux x86_64; rv:133.0) Gecko/20100101 Firefox/133.0"
93.123.109.246 - - [13/Mar/2026:22:18:19 +0800] "GET /config/prod/mail.php HTTP/1.1" 404 138 "https://www.auzdo.com/" "Mozilla/5.0 (Windows NT 10.0; Win64; x64) AppleWebKit/537.36 (KHTML, like Gecko) Chrome/130.0.0.0 Safari/537.36"
93.123.109.246 - - [13/Mar/2026:22:18:19 +0800] "GET /config/development/mail.php HTTP/1.1" 404 138 "https://www.auzdo.com/" "Mozilla/5.0 (Windows NT 10.0; Win64; x64) AppleWebKit/537.36 (KHTML, like Gecko) Chrome/131.0.0.0 Safari/537.36"
93.123.109.246 - - [13/Mar/2026:22:18:19 +0800] "GET /config/stage/smtp.php HTTP/1.1" 404 138 "https://www.auzdo.com/" "Mozilla/5.0 (Windows NT 10.0; Win64; x64) AppleWebKit/537.36 (KHTML, like Gecko) Chrome/131.0.0.0 Safari/537.36 Edg/131.0.0.0"
93.123.109.246 - - [13/Mar/2026:22:18:19 +0800] "GET /config/dev/email.php HTTP/1.1" 404 138 "https://www.auzdo.com/" "Mozilla/5.0 (Windows NT 10.0; Win64; x64) AppleWebKit/537.36 (KHTML, like Gecko) Chrome/131.0.0.0 Safari/537.36"
93.123.109.246 - - [13/Mar/2026:22:18:19 +0800] "GET /config/email.php.back HTTP/1.1" 404 138 "https://www.auzdo.com/" "Mozilla/5.0 (Macintosh; Intel Mac OS X 10_15_7) AppleWebKit/537.36 (KHTML, like Gecko) Chrome/130.0.0.0 Safari/537.36"
93.123.109.246 - - [13/Mar/2026:22:18:19 +0800] "GET /mail.sample.php HTTP/1.1" 404 138 "https://www.auzdo.com/" "Mozilla/5.0 (X11; Linux x86_64) AppleWebKit/537.36 (KHTML, like Gecko) Chrome/131.0.0.0 Safari/537.36"
93.123.109.246 - - [13/Mar/2026:22:18:25 +0800] "GET /config/email.php.sample HTTP/1.1" 404 138 "https://www.auzdo.com/" "Mozilla/5.0 (Macintosh; Intel Mac OS X 10_15_7) AppleWebKit/605.1.15 (KHTML, like Gecko) Version/18.2 Safari/605.1.15"
93.123.109.246 - - [13/Mar/2026:22:18:25 +0800] "GET /config/mail.tmp HTTP/1.1" 404 138 "https://www.auzdo.com/" "Mozilla/5.0 (Windows NT 10.0; Win64; x64) AppleWebKit/537.36 (KHTML, like Gecko) Chrome/131.0.0.0 Safari/537.36"
93.123.109.246 - - [13/Mar/2026:22:18:25 +0800] "GET /config/smtp.php.swp HTTP/1.1" 404 138 "https://www.auzdo.com/" "Mozilla/5.0 (Windows NT 10.0; Win64; x64) AppleWebKit/537.36 (KHTML, like Gecko) Chrome/131.0.0.0 Safari/537.36 Edg/131.0.0.0"
93.123.109.246 - - [13/Mar/2026:22:18:25 +0800] "GET /config/stage/email.php HTTP/1.1" 404 138 "https://www.auzdo.com/" "Mozilla/5.0 (Windows NT 10.0; Win64; x64) AppleWebKit/537.36 (KHTML, like Gecko) Chrome/131.0.0.0 Safari/537.36 Edg/131.0.0.0"
93.123.109.246 - - [13/Mar/2026:22:18:27 +0800] "GET /config/mail.bak.php HTTP/1.1" 404 138 "https://www.auzdo.com/" "Mozilla/5.0 (X11; Linux x86_64; rv:133.0) Gecko/20100101 Firefox/133.0"
93.123.109.246 - - [13/Mar/2026:22:18:31 +0800] "GET /config/mail.php.example HTTP/1.1" 404 138 "https://www.auzdo.com/" "Mozilla/5.0 (Windows NT 10.0; Win64; x64; rv:132.0) Gecko/20100101 Firefox/132.0"
93.123.109.246 - - [13/Mar/2026:22:18:31 +0800] "GET /config/test/mail.php HTTP/1.1" 404 138 "https://www.auzdo.com/" "Mozilla/5.0 (Windows NT 10.0; Win64; x64) AppleWebKit/537.36 (KHTML, like Gecko) Chrome/131.0.0.0 Safari/537.36 Edg/131.0.0.0"
93.123.109.246 - - [13/Mar/2026:22:18:31 +0800] "GET /config/prod/smtp.php HTTP/1.1" 404 138 "https://www.auzdo.com/" "Mozilla/5.0 (Macintosh; Intel Mac OS X 10_15_7) AppleWebKit/537.36 (KHTML, like Gecko) Chrome/130.0.0.0 Safari/537.36"
93.123.109.246 - - [13/Mar/2026:22:18:31 +0800] "GET /config/staging/mail.php HTTP/1.1" 404 138 "https://www.auzdo.com/" "Mozilla/5.0 (Windows NT 10.0; Win64; x64) AppleWebKit/537.36 (KHTML, like Gecko) Chrome/131.0.0.0 Safari/537.36"
93.123.109.246 - - [13/Mar/2026:22:18:31 +0800] "GET /config/smtp.php.save HTTP/1.1" 404 138 "https://www.auzdo.com/" "Mozilla/5.0 (X11; Linux x86_64; rv:133.0) Gecko/20100101 Firefox/133.0"
93.123.109.246 - - [13/Mar/2026:22:18:31 +0800] "GET /config/smtp.tmp HTTP/1.1" 404 138 "https://www.auzdo.com/" "Mozilla/5.0 (Macintosh; Intel Mac OS X 10_15_7) AppleWebKit/537.36 (KHTML, like Gecko) Chrome/130.0.0.0 Safari/537.36"
93.123.109.246 - - [13/Mar/2026:22:18:31 +0800] "GET /config/mail.php.dist HTTP/1.1" 404 138 "https://www.auzdo.com/" "Mozilla/5.0 (X11; Linux x86_64; rv:133.0) Gecko/20100101 Firefox/133.0"
93.123.109.246 - - [13/Mar/2026:22:18:31 +0800] "GET /log/mail.log HTTP/1.1" 404 138 "https://www.auzdo.com/" "Mozilla/5.0 (Macintosh; Intel Mac OS X 10_15_7) AppleWebKit/537.36 (KHTML, like Gecko) Chrome/131.0.0.0 Safari/537.36"
93.123.109.246 - - [13/Mar/2026:22:18:36 +0800] "GET /config/development/smtp.php HTTP/1.1" 404 138 "https://www.auzdo.com/" "Mozilla/5.0 (iPhone; CPU iPhone OS 18_1 like Mac OS X) AppleWebKit/605.1.15 (KHTML, like Gecko) Version/18.1 Mobile/15E148 Safari/604.1"
93.123.109.246 - - [13/Mar/2026:22:18:36 +0800] "GET /config/dev/mail.php HTTP/1.1" 404 138 "https://www.auzdo.com/" "Mozilla/5.0 (X11; Linux x86_64; rv:133.0) Gecko/20100101 Firefox/133.0"
93.123.109.246 - - [13/Mar/2026:22:18:36 +0800] "GET /config/local/smtp.php HTTP/1.1" 404 138 "https://www.auzdo.com/" "Mozilla/5.0 (Macintosh; Intel Mac OS X 10_15_7) AppleWebKit/537.36 (KHTML, like Gecko) Chrome/131.0.0.0 Safari/537.36"
93.123.109.246 - - [13/Mar/2026:22:18:36 +0800] "GET /logs/email.log HTTP/1.1" 404 138 "https://www.auzdo.com/" "Mozilla/5.0 (Windows NT 10.0; Win64; x64) AppleWebKit/537.36 (KHTML, like Gecko) Chrome/131.0.0.0 Safari/537.36 Edg/131.0.0.0"
93.123.109.246 - - [13/Mar/2026:22:18:36 +0800] "GET /config/test/email.php HTTP/1.1" 404 138 "https://www.auzdo.com/" "Mozilla/5.0 (Windows NT 10.0; Win64; x64) AppleWebKit/537.36 (KHTML, like Gecko) Chrome/130.0.0.0 Safari/537.36"
93.123.109.246 - - [13/Mar/2026:22:18:36 +0800] "GET /storage/logs/email.log HTTP/1.1" 404 138 "https://www.auzdo.com/" "Mozilla/5.0 (Windows NT 10.0; Win64; x64; rv:133.0) Gecko/20100101 Firefox/133.0"
93.123.109.246 - - [13/Mar/2026:22:18:36 +0800] "GET /logs/sendmail.log HTTP/1.1" 404 138 "https://www.auzdo.com/" "Mozilla/5.0 (Macintosh; Intel Mac OS X 10_15_7) AppleWebKit/537.36 (KHTML, like Gecko) Chrome/130.0.0.0 Safari/537.36"
93.123.109.246 - - [13/Mar/2026:22:18:37 +0800] "GET /config/email.php.dist HTTP/1.1" 404 138 "https://www.auzdo.com/" "Mozilla/5.0 (Windows NT 10.0; Win64; x64; rv:132.0) Gecko/20100101 Firefox/132.0"
114.119.138.214 - - [13/Mar/2026:22:18:42 +0800] "GET /?_y=152031246 HTTP/1.1" 200 256 "https://auzdo.com/sitemap848.xml" "Mozilla/5.0 (Linux; Android 7.0;) AppleWebKit/537.36 (KHTML, like Gecko) Mobile Safari/537.36 (compatible; PetalBot;+https://webmaster.petalsearch.com/site/petalbot)"
93.123.109.246 - - [13/Mar/2026:22:18:42 +0800] "GET /logs/smtp.log HTTP/1.1" 404 138 "https://www.auzdo.com/" "Mozilla/5.0 (Macintosh; Intel Mac OS X 10_15_7) AppleWebKit/537.36 (KHTML, like Gecko) Chrome/130.0.0.0 Safari/537.36"
93.123.109.246 - - [13/Mar/2026:22:18:43 +0800] "GET /config/local/email.php HTTP/1.1" 404 138 "https://www.auzdo.com/" "Mozilla/5.0 (X11; Linux x86_64; rv:133.0) Gecko/20100101 Firefox/133.0"
93.123.109.246 - - [13/Mar/2026:22:18:43 +0800] "GET /email.dist.php HTTP/1.1" 404 138 "https://www.auzdo.com/" "Mozilla/5.0 (Macintosh; Intel Mac OS X 10_15_7) AppleWebKit/605.1.15 (KHTML, like Gecko) Version/18.2 Safari/605.1.15"
93.123.109.246 - - [13/Mar/2026:22:18:43 +0800] "GET /smtp.ini HTTP/1.1" 404 138 "https://www.auzdo.com/" "Mozilla/5.0 (Macintosh; Intel Mac OS X 10_15_7) AppleWebKit/537.36 (KHTML, like Gecko) Chrome/130.0.0.0 Safari/537.36"
93.123.109.246 - - [13/Mar/2026:22:18:48 +0800] "GET /config/mail.conf HTTP/1.1" 404 138 "https://www.auzdo.com/" "Mozilla/5.0 (Windows NT 10.0; Win64; x64; rv:132.0) Gecko/20100101 Firefox/132.0"
93.123.109.246 - - [13/Mar/2026:22:18:48 +0800] "GET /log/email.log HTTP/1.1" 404 138 "https://www.auzdo.com/" "Mozilla/5.0 (Macintosh; Intel Mac OS X 10_15_7) AppleWebKit/605.1.15 (KHTML, like Gecko) Version/18.2 Safari/605.1.15"
93.123.109.246 - - [13/Mar/2026:22:18:48 +0800] "GET /smtp.log HTTP/1.1" 404 138 "https://www.auzdo.com/" "Mozilla/5.0 (iPhone; CPU iPhone OS 18_1 like Mac OS X) AppleWebKit/605.1.15 (KHTML, like Gecko) Version/18.1 Mobile/15E148 Safari/604.1"
93.123.109.246 - - [13/Mar/2026:22:18:48 +0800] "GET /mail.ini HTTP/1.1" 404 138 "https://www.auzdo.com/" "Mozilla/5.0 (X11; Linux x86_64; rv:133.0) Gecko/20100101 Firefox/133.0"
93.123.109.246 - - [13/Mar/2026:22:18:48 +0800] "GET /config/email.cfg HTTP/1.1" 404 138 "https://www.auzdo.com/" "Mozilla/5.0 (Windows NT 10.0; Win64; x64; rv:132.0) Gecko/20100101 Firefox/132.0"
93.123.109.246 - - [13/Mar/2026:22:18:48 +0800] "GET /config/smtp.ini HTTP/1.1" 404 138 "https://www.auzdo.com/" "Mozilla/5.0 (Macintosh; Intel Mac OS X 10_15_7) AppleWebKit/537.36 (KHTML, like Gecko) Chrome/130.0.0.0 Safari/537.36"
93.123.109.246 - - [13/Mar/2026:22:18:56 +0800] "GET /config/test/smtp.php HTTP/1.1" 404 138 "https://www.auzdo.com/" "Mozilla/5.0 (Windows NT 10.0; Win64; x64) AppleWebKit/537.36 (KHTML, like Gecko) Chrome/131.0.0.0 Safari/537.36 Edg/131.0.0.0"
93.123.109.246 - - [13/Mar/2026:22:19:00 +0800] "GET /email.xml HTTP/1.1" 404 138 "https://www.auzdo.com/" "Mozilla/5.0 (Linux; Android 14; SM-S928B) AppleWebKit/537.36 (KHTML, like Gecko) Chrome/131.0.0.0 Mobile Safari/537.36"
93.123.109.246 - - [13/Mar/2026:22:19:00 +0800] "GET /config/email.xml HTTP/1.1" 404 138 "https://www.auzdo.com/" "Mozilla/5.0 (Windows NT 10.0; Win64; x64; rv:132.0) Gecko/20100101 Firefox/132.0"
93.123.109.246 - - [13/Mar/2026:22:19:00 +0800] "GET /logs/smtp.log HTTP/1.1" 404 138 "https://www.auzdo.com/" "Mozilla/5.0 (Windows NT 10.0; Win64; x64) AppleWebKit/537.36 (KHTML, like Gecko) Chrome/131.0.0.0 Safari/537.36 Edg/131.0.0.0"
93.123.109.246 - - [13/Mar/2026:22:19:00 +0800] "GET /storage/logs/smtp.log HTTP/1.1" 404 138 "https://www.auzdo.com/" "Mozilla/5.0 (Windows NT 10.0; Win64; x64) AppleWebKit/537.36 (KHTML, like Gecko) Chrome/131.0.0.0 Safari/537.36 Edg/131.0.0.0"
93.123.109.246 - - [13/Mar/2026:22:19:00 +0800] "GET /logs/mail.log HTTP/1.1" 404 138 "https://www.auzdo.com/" "Mozilla/5.0 (Macintosh; Intel Mac OS X 10_15_7) AppleWebKit/537.36 (KHTML, like Gecko) Chrome/130.0.0.0 Safari/537.36"
93.123.109.246 - - [13/Mar/2026:22:19:00 +0800] "GET /config/development/email.php HTTP/1.1" 404 138 "https://www.auzdo.com/" "Mozilla/5.0 (Macintosh; Intel Mac OS X 10_15_7) AppleWebKit/537.36 (KHTML, like Gecko) Chrome/131.0.0.0 Safari/537.36"
93.123.109.246 - - [13/Mar/2026:22:19:00 +0800] "GET /config/smtp.xml HTTP/1.1" 404 138 "https://www.auzdo.com/" "Mozilla/5.0 (Linux; Android 14; SM-S928B) AppleWebKit/537.36 (KHTML, like Gecko) Chrome/131.0.0.0 Mobile Safari/537.36"
93.123.109.246 - - [13/Mar/2026:22:19:00 +0800] "GET /mail.xml HTTP/1.1" 404 138 "https://www.auzdo.com/" "Mozilla/5.0 (Macintosh; Intel Mac OS X 10_15_7) AppleWebKit/605.1.15 (KHTML, like Gecko) Version/18.2 Safari/605.1.15"
93.123.109.246 - - [13/Mar/2026:22:19:00 +0800] "GET /etc/mail.conf HTTP/1.1" 404 138 "https://www.auzdo.com/" "Mozilla/5.0 (Macintosh; Intel Mac OS X 10_15_7) AppleWebKit/537.36 (KHTML, like Gecko) Chrome/130.0.0.0 Safari/537.36"
93.123.109.246 - - [13/Mar/2026:22:19:00 +0800] "GET /etc/email.conf HTTP/1.1" 404 138 "https://www.auzdo.com/" "Mozilla/5.0 (Macintosh; Intel Mac OS X 10_15_7) AppleWebKit/537.36 (KHTML, like Gecko) Chrome/130.0.0.0 Safari/537.36"
93.123.109.246 - - [13/Mar/2026:22:19:00 +0800] "GET /sendmail.log HTTP/1.1" 404 138 "https://www.auzdo.com/" "Mozilla/5.0 (Windows NT 10.0; Win64; x64) AppleWebKit/537.36 (KHTML, like Gecko) Chrome/130.0.0.0 Safari/537.36"
93.123.109.246 - - [13/Mar/2026:22:19:06 +0800] "GET /etc/smtp.conf HTTP/1.1" 404 138 "https://www.auzdo.com/" "Mozilla/5.0 (Windows NT 10.0; Win64; x64) AppleWebKit/537.36 (KHTML, like Gecko) Chrome/130.0.0.0 Safari/537.36"
93.123.109.246 - - [13/Mar/2026:22:19:06 +0800] "GET /config/smtp.ini HTTP/1.1" 404 138 "https://www.auzdo.com/" "Mozilla/5.0 (iPhone; CPU iPhone OS 18_1 like Mac OS X) AppleWebKit/605.1.15 (KHTML, like Gecko) Version/18.1 Mobile/15E148 Safari/604.1"
93.123.109.246 - - [13/Mar/2026:22:19:06 +0800] "GET /config/email.conf HTTP/1.1" 404 138 "https://www.auzdo.com/" "Mozilla/5.0 (Windows NT 10.0; Win64; x64; rv:133.0) Gecko/20100101 Firefox/133.0"
93.123.109.246 - - [13/Mar/2026:22:19:06 +0800] "GET /configuration/smtp.php HTTP/1.1" 404 138 "https://www.auzdo.com/" "Mozilla/5.0 (Macintosh; Intel Mac OS X 10_15_7) AppleWebKit/537.36 (KHTML, like Gecko) Chrome/131.0.0.0 Safari/537.36"
93.123.109.246 - - [13/Mar/2026:22:19:06 +0800] "GET /config/email.ini HTTP/1.1" 404 138 "https://www.auzdo.com/" "Mozilla/5.0 (X11; Linux x86_64; rv:133.0) Gecko/20100101 Firefox/133.0"
93.123.109.246 - - [13/Mar/2026:22:19:06 +0800] "GET /var/log/email.log HTTP/1.1" 404 138 "https://www.auzdo.com/" "Mozilla/5.0 (X11; Linux x86_64; rv:133.0) Gecko/20100101 Firefox/133.0"
93.123.109.246 - - [13/Mar/2026:22:19:06 +0800] "GET /config/mail.toml HTTP/1.1" 404 138 "https://www.auzdo.com/" "Mozilla/5.0 (Windows NT 10.0; Win64; x64) AppleWebKit/537.36 (KHTML, like Gecko) Chrome/131.0.0.0 Safari/537.36 Edg/131.0.0.0"
93.123.109.246 - - [13/Mar/2026:22:19:07 +0800] "GET /settings/mail.php HTTP/1.1" 404 138 "https://www.auzdo.com/" "Mozilla/5.0 (Windows NT 10.0; Win64; x64) AppleWebKit/537.36 (KHTML, like Gecko) Chrome/131.0.0.0 Safari/537.36"
93.123.109.246 - - [13/Mar/2026:22:19:07 +0800] "GET /storage/logs/mail.log HTTP/1.1" 404 138 "https://www.auzdo.com/" "Mozilla/5.0 (Windows NT 10.0; Win64; x64; rv:133.0) Gecko/20100101 Firefox/133.0"
93.123.109.246 - - [13/Mar/2026:22:19:07 +0800] "GET /config/mail.cfg HTTP/1.1" 404 138 "https://www.auzdo.com/" "Mozilla/5.0 (Windows NT 10.0; Win64; x64) AppleWebKit/537.36 (KHTML, like Gecko) Chrome/130.0.0.0 Safari/537.36"
93.123.109.246 - - [13/Mar/2026:22:19:13 +0800] "GET /mail.ini HTTP/1.1" 404 138 "https://www.auzdo.com/" "Mozilla/5.0 (Windows NT 10.0; Win64; x64) AppleWebKit/537.36 (KHTML, like Gecko) Chrome/131.0.0.0 Safari/537.36"
93.123.109.246 - - [13/Mar/2026:22:19:13 +0800] "GET /email.ini HTTP/1.1" 404 138 "https://www.auzdo.com/" "Mozilla/5.0 (Windows NT 10.0; Win64; x64) AppleWebKit/537.36 (KHTML, like Gecko) Chrome/131.0.0.0 Safari/537.36 Edg/131.0.0.0"
93.123.109.246 - - [13/Mar/2026:22:19:13 +0800] "GET /smtp.cfg HTTP/1.1" 404 138 "https://www.auzdo.com/" "Mozilla/5.0 (Windows NT 10.0; Win64; x64) AppleWebKit/537.36 (KHTML, like Gecko) Chrome/130.0.0.0 Safari/537.36"
93.123.109.246 - - [13/Mar/2026:22:19:13 +0800] "GET /config/mail.xml HTTP/1.1" 404 138 "https://www.auzdo.com/" "Mozilla/5.0 (Windows NT 10.0; Win64; x64) AppleWebKit/537.36 (KHTML, like Gecko) Chrome/130.0.0.0 Safari/537.36"
93.123.109.246 - - [13/Mar/2026:22:19:13 +0800] "GET /var/log/mail.log HTTP/1.1" 404 138 "https://www.auzdo.com/" "Mozilla/5.0 (Macintosh; Intel Mac OS X 10_15_7) AppleWebKit/605.1.15 (KHTML, like Gecko) Version/18.2 Safari/605.1.15"
93.123.109.246 - - [13/Mar/2026:22:19:18 +0800] "GET /application/email.php HTTP/1.1" 404 138 "https://www.auzdo.com/" "Mozilla/5.0 (X11; Linux x86_64; rv:133.0) Gecko/20100101 Firefox/133.0"
93.123.109.246 - - [13/Mar/2026:22:19:18 +0800] "GET /shared/config/mail.php HTTP/1.1" 404 138 "https://www.auzdo.com/" "Mozilla/5.0 (Windows NT 10.0; Win64; x64; rv:133.0) Gecko/20100101 Firefox/133.0"
93.123.109.246 - - [13/Mar/2026:22:19:18 +0800] "GET /email.xml HTTP/1.1" 404 138 "https://www.auzdo.com/" "Mozilla/5.0 (Windows NT 10.0; Win64; x64) AppleWebKit/537.36 (KHTML, like Gecko) Chrome/131.0.0.0 Safari/537.36 Edg/131.0.0.0"
93.123.109.246 - - [13/Mar/2026:22:19:23 +0800] "GET /configurations/email.php HTTP/1.1" 404 138 "https://www.auzdo.com/" "Mozilla/5.0 (Windows NT 10.0; Win64; x64) AppleWebKit/537.36 (KHTML, like Gecko) Chrome/131.0.0.0 Safari/537.36"
93.123.109.246 - - [13/Mar/2026:22:19:23 +0800] "GET /configuration/email.php HTTP/1.1" 404 138 "https://www.auzdo.com/" "Mozilla/5.0 (X11; Linux x86_64; rv:133.0) Gecko/20100101 Firefox/133.0"
93.123.109.246 - - [13/Mar/2026:22:19:23 +0800] "GET /services/config/mail.php HTTP/1.1" 404 138 "https://www.auzdo.com/" "Mozilla/5.0 (Windows NT 10.0; Win64; x64; rv:132.0) Gecko/20100101 Firefox/132.0"
93.123.109.246 - - [13/Mar/2026:22:19:23 +0800] "GET /etc/email.conf HTTP/1.1" 404 138 "https://www.auzdo.com/" "Mozilla/5.0 (iPhone; CPU iPhone OS 18_1 like Mac OS X) AppleWebKit/605.1.15 (KHTML, like Gecko) Version/18.1 Mobile/15E148 Safari/604.1"
93.123.109.246 - - [13/Mar/2026:22:19:23 +0800] "GET /smtp.conf HTTP/1.1" 404 138 "https://www.auzdo.com/" "Mozilla/5.0 (Macintosh; Intel Mac OS X 10_15_7) AppleWebKit/537.36 (KHTML, like Gecko) Chrome/130.0.0.0 Safari/537.36"
93.123.109.246 - - [13/Mar/2026:22:19:23 +0800] "GET /configurations/smtp.php HTTP/1.1" 404 138 "https://www.auzdo.com/" "Mozilla/5.0 (iPhone; CPU iPhone OS 18_1 like Mac OS X) AppleWebKit/605.1.15 (KHTML, like Gecko) Version/18.1 Mobile/15E148 Safari/604.1"
93.123.109.246 - - [13/Mar/2026:22:19:23 +0800] "GET /sendmail.log HTTP/1.1" 404 138 "https://www.auzdo.com/" "Mozilla/5.0 (Windows NT 10.0; Win64; x64; rv:133.0) Gecko/20100101 Firefox/133.0"
93.123.109.246 - - [13/Mar/2026:22:19:23 +0800] "GET /mail.conf HTTP/1.1" 404 138 "https://www.auzdo.com/" "Mozilla/5.0 (Windows NT 10.0; Win64; x64; rv:133.0) Gecko/20100101 Firefox/133.0"
93.123.109.246 - - [13/Mar/2026:22:19:23 +0800] "GET /config/smtp.xml HTTP/1.1" 404 138 "https://www.auzdo.com/" "Mozilla/5.0 (Macintosh; Intel Mac OS X 10_15_7) AppleWebKit/537.36 (KHTML, like Gecko) Chrome/130.0.0.0 Safari/537.36"
93.123.109.246 - - [13/Mar/2026:22:19:23 +0800] "GET /configurations/mail.php HTTP/1.1" 404 138 "https://www.auzdo.com/" "Mozilla/5.0 (Linux; Android 14; SM-S928B) AppleWebKit/537.36 (KHTML, like Gecko) Chrome/131.0.0.0 Mobile Safari/537.36"
93.123.109.246 - - [13/Mar/2026:22:19:23 +0800] "GET /application/settings/mail.php HTTP/1.1" 404 138 "https://www.auzdo.com/" "Mozilla/5.0 (X11; Linux x86_64) AppleWebKit/537.36 (KHTML, like Gecko) Chrome/131.0.0.0 Safari/537.36"
93.123.109.246 - - [13/Mar/2026:22:19:23 +0800] "GET /email.conf HTTP/1.1" 404 138 "https://www.auzdo.com/" "Mozilla/5.0 (Windows NT 10.0; Win64; x64; rv:133.0) Gecko/20100101 Firefox/133.0"
93.123.109.246 - - [13/Mar/2026:22:19:23 +0800] "GET /mail.cfg HTTP/1.1" 404 138 "https://www.auzdo.com/" "Mozilla/5.0 (Macintosh; Intel Mac OS X 10_15_7) AppleWebKit/537.36 (KHTML, like Gecko) Chrome/130.0.0.0 Safari/537.36"
93.123.109.246 - - [13/Mar/2026:22:19:30 +0800] "GET /public_html/mail.php HTTP/1.1" 404 138 "https://www.auzdo.com/" "Mozilla/5.0 (Macintosh; Intel Mac OS X 10_15_7) AppleWebKit/537.36 (KHTML, like Gecko) Chrome/131.0.0.0 Safari/537.36"
93.123.109.246 - - [13/Mar/2026:22:19:30 +0800] "GET /includes/config/mail.php HTTP/1.1" 404 138 "https://www.auzdo.com/" "Mozilla/5.0 (Windows NT 10.0; Win64; x64) AppleWebKit/537.36 (KHTML, like Gecko) Chrome/131.0.0.0 Safari/537.36 Edg/131.0.0.0"
93.123.109.246 - - [13/Mar/2026:22:19:30 +0800] "GET /includes/config/email.php HTTP/1.1" 404 138 "https://www.auzdo.com/" "Mozilla/5.0 (Windows NT 10.0; Win64; x64; rv:132.0) Gecko/20100101 Firefox/132.0"
93.123.109.246 - - [13/Mar/2026:22:19:30 +0800] "GET /web/mail.php HTTP/1.1" 404 138 "https://www.auzdo.com/" "Mozilla/5.0 (Macintosh; Intel Mac OS X 10_15_7) AppleWebKit/537.36 (KHTML, like Gecko) Chrome/131.0.0.0 Safari/537.36"
93.123.109.246 - - [13/Mar/2026:22:19:30 +0800] "GET /archives/config/mail.php HTTP/1.1" 404 138 "https://www.auzdo.com/" "Mozilla/5.0 (Macintosh; Intel Mac OS X 10_15_7) AppleWebKit/605.1.15 (KHTML, like Gecko) Version/18.2 Safari/605.1.15"
93.123.109.246 - - [13/Mar/2026:22:19:30 +0800] "GET /administrator/config/mail.php HTTP/1.1" 404 138 "https://www.auzdo.com/" "Mozilla/5.0 (Macintosh; Intel Mac OS X 10_15_7) AppleWebKit/605.1.15 (KHTML, like Gecko) Version/18.2 Safari/605.1.15"
93.123.109.246 - - [13/Mar/2026:22:19:30 +0800] "GET /admin/config/mail.php HTTP/1.1" 404 138 "https://www.auzdo.com/" "Mozilla/5.0 (Windows NT 10.0; Win64; x64) AppleWebKit/537.36 (KHTML, like Gecko) Chrome/130.0.0.0 Safari/537.36"
93.123.109.246 - - [13/Mar/2026:22:19:30 +0800] "GET /apps/config/mail.php HTTP/1.1" 404 138 "https://www.auzdo.com/" "Mozilla/5.0 (X11; Linux x86_64) AppleWebKit/537.36 (KHTML, like Gecko) Chrome/131.0.0.0 Safari/537.36"
93.123.109.246 - - [13/Mar/2026:22:19:30 +0800] "GET /settings/email.php HTTP/1.1" 404 138 "https://www.auzdo.com/" "Mozilla/5.0 (Windows NT 10.0; Win64; x64; rv:132.0) Gecko/20100101 Firefox/132.0"
93.123.109.246 - - [13/Mar/2026:22:19:30 +0800] "GET /data/config/mail.php HTTP/1.1" 404 138 "https://www.auzdo.com/" "Mozilla/5.0 (Windows NT 10.0; Win64; x64) AppleWebKit/537.36 (KHTML, like Gecko) Chrome/131.0.0.0 Safari/537.36 Edg/131.0.0.0"
93.123.109.246 - - [13/Mar/2026:22:19:30 +0800] "GET /backup/config/mail.php HTTP/1.1" 404 138 "https://www.auzdo.com/" "Mozilla/5.0 (Windows NT 10.0; Win64; x64) AppleWebKit/537.36 (KHTML, like Gecko) Chrome/131.0.0.0 Safari/537.36 Edg/131.0.0.0"
93.123.109.246 - - [13/Mar/2026:22:19:30 +0800] "GET /public/mail.php HTTP/1.1" 404 138 "https://www.auzdo.com/" "Mozilla/5.0 (X11; Linux x86_64; rv:133.0) Gecko/20100101 Firefox/133.0"
93.123.109.246 - - [13/Mar/2026:22:19:30 +0800] "GET /lib/config/email.php HTTP/1.1" 404 138 "https://www.auzdo.com/" "Mozilla/5.0 (Windows NT 10.0; Win64; x64; rv:133.0) Gecko/20100101 Firefox/133.0"
93.123.109.246 - - [13/Mar/2026:22:19:30 +0800] "GET /protected/config/mail.php HTTP/1.1" 404 138 "https://www.auzdo.com/" "Mozilla/5.0 (Windows NT 10.0; Win64; x64) AppleWebKit/537.36 (KHTML, like Gecko) Chrome/131.0.0.0 Safari/537.36 Edg/131.0.0.0"
93.123.109.246 - - [13/Mar/2026:22:19:30 +0800] "GET /application/settings/mail.php HTTP/1.1" 404 138 "https://www.auzdo.com/" "Mozilla/5.0 (Macintosh; Intel Mac OS X 10_15_7) AppleWebKit/537.36 (KHTML, like Gecko) Chrome/131.0.0.0 Safari/537.36"
93.123.109.246 - - [13/Mar/2026:22:19:30 +0800] "GET /backups/config/mail.php HTTP/1.1" 404 138 "https://www.auzdo.com/" "Mozilla/5.0 (iPhone; CPU iPhone OS 18_1 like Mac OS X) AppleWebKit/605.1.15 (KHTML, like Gecko) Version/18.1 Mobile/15E148 Safari/604.1"
93.123.109.246 - - [13/Mar/2026:22:19:35 +0800] "GET /htdocs/mail.php HTTP/1.1" 404 138 "https://www.auzdo.com/" "Mozilla/5.0 (Windows NT 10.0; Win64; x64; rv:133.0) Gecko/20100101 Firefox/133.0"
93.123.109.246 - - [13/Mar/2026:22:19:35 +0800] "GET /etc/mail.conf HTTP/1.1" 404 138 "https://www.auzdo.com/" "Mozilla/5.0 (Windows NT 10.0; Win64; x64; rv:132.0) Gecko/20100101 Firefox/132.0"
93.123.109.246 - - [13/Mar/2026:22:19:35 +0800] "GET /application/mail.php HTTP/1.1" 404 138 "https://www.auzdo.com/" "Mozilla/5.0 (Windows NT 10.0; Win64; x64) AppleWebKit/537.36 (KHTML, like Gecko) Chrome/130.0.0.0 Safari/537.36"
93.123.109.246 - - [13/Mar/2026:22:19:35 +0800] "GET /core/config/mail.php HTTP/1.1" 404 138 "https://www.auzdo.com/" "Mozilla/5.0 (Windows NT 10.0; Win64; x64; rv:132.0) Gecko/20100101 Firefox/132.0"
93.123.109.246 - - [13/Mar/2026:22:19:48 +0800] "GET /settings/email.php HTTP/1.1" 404 138 "https://www.auzdo.com/" "Mozilla/5.0 (Macintosh; Intel Mac OS X 10_15_7) AppleWebKit/605.1.15 (KHTML, like Gecko) Version/18.2 Safari/605.1.15"
93.123.109.246 - - [13/Mar/2026:22:19:48 +0800] "GET /integrations/mailgun/config.php HTTP/1.1" 404 138 "https://www.auzdo.com/" "Mozilla/5.0 (Linux; Android 14; SM-S928B) AppleWebKit/537.36 (KHTML, like Gecko) Chrome/131.0.0.0 Mobile Safari/537.36"
93.123.109.246 - - [13/Mar/2026:22:19:48 +0800] "GET /config/params.php HTTP/1.1" 404 138 "https://www.auzdo.com/" "Mozilla/5.0 (iPhone; CPU iPhone OS 18_1 like Mac OS X) AppleWebKit/605.1.15 (KHTML, like Gecko) Version/18.1 Mobile/15E148 Safari/604.1"
93.123.109.246 - - [13/Mar/2026:22:19:53 +0800] "GET /mail.xml HTTP/1.1" 404 138 "https://www.auzdo.com/" "Mozilla/5.0 (Linux; Android 14; SM-S928B) AppleWebKit/537.36 (KHTML, like Gecko) Chrome/131.0.0.0 Mobile Safari/537.36"
93.123.109.246 - - [13/Mar/2026:22:20:00 +0800] "GET /secure/config/mail.php HTTP/1.1" 404 138 "https://www.auzdo.com/" "Mozilla/5.0 (X11; Linux x86_64) AppleWebKit/537.36 (KHTML, like Gecko) Chrome/131.0.0.0 Safari/537.36"
93.123.109.246 - - [13/Mar/2026:22:20:04 +0800] "GET /releases/current/config/mail.php HTTP/1.1" 404 138 "https://www.auzdo.com/" "Mozilla/5.0 (Macintosh; Intel Mac OS X 10_15_7) AppleWebKit/605.1.15 (KHTML, like Gecko) Version/18.2 Safari/605.1.15"
93.123.109.246 - - [13/Mar/2026:22:20:05 +0800] "GET /config/autoload/local.php HTTP/1.1" 404 138 "https://www.auzdo.com/" "Mozilla/5.0 (Windows NT 10.0; Win64; x64) AppleWebKit/537.36 (KHTML, like Gecko) Chrome/130.0.0.0 Safari/537.36"
93.123.109.246 - - [13/Mar/2026:22:20:10 +0800] "GET /.ebextensions/02-mail.config HTTP/1.1" 404 138 "https://www.auzdo.com/" "Mozilla/5.0 (iPhone; CPU iPhone OS 18_1 like Mac OS X) AppleWebKit/605.1.15 (KHTML, like Gecko) Version/18.1 Mobile/15E148 Safari/604.1"
93.123.109.246 - - [13/Mar/2026:22:20:10 +0800] "GET /integrations/ses/config.php HTTP/1.1" 404 138 "https://www.auzdo.com/" "Mozilla/5.0 (Macintosh; Intel Mac OS X 10_15_7) AppleWebKit/605.1.15 (KHTML, like Gecko) Version/18.2 Safari/605.1.15"
93.123.109.246 - - [13/Mar/2026:22:20:10 +0800] "GET /integrations/brevo/config.php HTTP/1.1" 404 138 "https://www.auzdo.com/" "Mozilla/5.0 (Macintosh; Intel Mac OS X 10_15_7) AppleWebKit/605.1.15 (KHTML, like Gecko) Version/18.2 Safari/605.1.15"
93.123.109.246 - - [13/Mar/2026:22:20:10 +0800] "GET /common/config/main.php HTTP/1.1" 404 138 "https://www.auzdo.com/" "Mozilla/5.0 (Windows NT 10.0; Win64; x64) AppleWebKit/537.36 (KHTML, like Gecko) Chrome/131.0.0.0 Safari/537.36 Edg/131.0.0.0"
93.123.109.246 - - [13/Mar/2026:22:20:10 +0800] "GET /clients/config/mail.php HTTP/1.1" 404 138 "https://www.auzdo.com/" "Mozilla/5.0 (Linux; Android 14; SM-S928B) AppleWebKit/537.36 (KHTML, like Gecko) Chrome/131.0.0.0 Mobile Safari/537.36"
93.123.109.246 - - [13/Mar/2026:22:20:10 +0800] "GET /fuel/app/config/email.php HTTP/1.1" 404 138 "https://www.auzdo.com/" "Mozilla/5.0 (Macintosh; Intel Mac OS X 10_15_7) AppleWebKit/537.36 (KHTML, like Gecko) Chrome/130.0.0.0 Safari/537.36"
93.123.109.246 - - [13/Mar/2026:22:20:10 +0800] "GET /fuel/app/config/development/email.php HTTP/1.1" 404 138 "https://www.auzdo.com/" "Mozilla/5.0 (Macintosh; Intel Mac OS X 10_15_7) AppleWebKit/537.36 (KHTML, like Gecko) Chrome/131.0.0.0 Safari/537.36"
93.123.109.246 - - [13/Mar/2026:22:20:10 +0800] "GET /common/config/main-local.php HTTP/1.1" 404 138 "https://www.auzdo.com/" "Mozilla/5.0 (Macintosh; Intel Mac OS X 10_15_7) AppleWebKit/605.1.15 (KHTML, like Gecko) Version/18.2 Safari/605.1.15"
93.123.109.246 - - [13/Mar/2026:22:20:10 +0800] "GET /archive/config/mail.php HTTP/1.1" 404 138 "https://www.auzdo.com/" "Mozilla/5.0 (Windows NT 10.0; Win64; x64) AppleWebKit/537.36 (KHTML, like Gecko) Chrome/131.0.0.0 Safari/537.36"
93.123.109.246 - - [13/Mar/2026:22:20:11 +0800] "GET /.ebextensions/mail.config HTTP/1.1" 404 138 "https://www.auzdo.com/" "Mozilla/5.0 (Linux; Android 14; SM-S928B) AppleWebKit/537.36 (KHTML, like Gecko) Chrome/131.0.0.0 Mobile Safari/537.36"
93.123.109.246 - - [13/Mar/2026:22:20:11 +0800] "GET /.netlify/functions/mail.js HTTP/1.1" 404 138 "https://www.auzdo.com/" "Mozilla/5.0 (Linux; Android 14; SM-S928B) AppleWebKit/537.36 (KHTML, like Gecko) Chrome/131.0.0.0 Mobile Safari/537.36"
93.123.109.246 - - [13/Mar/2026:22:20:11 +0800] "GET /functions/mail.js HTTP/1.1" 404 138 "https://www.auzdo.com/" "Mozilla/5.0 (Macintosh; Intel Mac OS X 10_15_7) AppleWebKit/605.1.15 (KHTML, like Gecko) Version/18.2 Safari/605.1.15"
93.123.109.246 - - [13/Mar/2026:22:20:17 +0800] "GET /tenants/config/mail.php HTTP/1.1" 404 138 "https://www.auzdo.com/" "Mozilla/5.0 (Macintosh; Intel Mac OS X 10_15_7) AppleWebKit/537.36 (KHTML, like Gecko) Chrome/131.0.0.0 Safari/537.36"
93.123.109.246 - - [13/Mar/2026:22:20:17 +0800] "GET /integrations/mailjet/config.php HTTP/1.1" 404 138 "https://www.auzdo.com/" "Mozilla/5.0 (Macintosh; Intel Mac OS X 10_15_7) AppleWebKit/537.36 (KHTML, like Gecko) Chrome/130.0.0.0 Safari/537.36"
93.123.109.246 - - [13/Mar/2026:22:20:17 +0800] "GET /legacy/config/mail.php HTTP/1.1" 404 138 "https://www.auzdo.com/" "Mozilla/5.0 (X11; Linux x86_64) AppleWebKit/537.36 (KHTML, like Gecko) Chrome/131.0.0.0 Safari/537.36"
93.123.109.246 - - [13/Mar/2026:22:20:17 +0800] "GET /helpers/mail.php HTTP/1.1" 404 138 "https://www.auzdo.com/" "Mozilla/5.0 (Windows NT 10.0; Win64; x64) AppleWebKit/537.36 (KHTML, like Gecko) Chrome/131.0.0.0 Safari/537.36"
93.123.109.246 - - [13/Mar/2026:22:20:22 +0800] "GET /config/autoload/global.php HTTP/1.1" 404 138 "https://www.auzdo.com/" "Mozilla/5.0 (Windows NT 10.0; Win64; x64) AppleWebKit/537.36 (KHTML, like Gecko) Chrome/131.0.0.0 Safari/537.36 Edg/131.0.0.0"
93.123.109.246 - - [13/Mar/2026:22:20:22 +0800] "GET /integrations/mailgun/config.php HTTP/1.1" 404 138 "https://www.auzdo.com/" "Mozilla/5.0 (Macintosh; Intel Mac OS X 10_15_7) AppleWebKit/537.36 (KHTML, like Gecko) Chrome/130.0.0.0 Safari/537.36"
93.123.109.246 - - [13/Mar/2026:22:20:22 +0800] "GET /config/autoload/mail.global.php HTTP/1.1" 404 138 "https://www.auzdo.com/" "Mozilla/5.0 (Windows NT 10.0; Win64; x64; rv:133.0) Gecko/20100101 Firefox/133.0"
114.119.165.226 - - [13/Mar/2026:22:21:39 +0800] "GET /?_y=088037928 HTTP/1.1" 200 256 "https://auzdo.com/?sitemap595.xml" "Mozilla/5.0 (Linux; Android 7.0;) AppleWebKit/537.36 (KHTML, like Gecko) Mobile Safari/537.36 (compatible; PetalBot;+https://webmaster.petalsearch.com/site/petalbot)"
66.249.74.168 - - [13/Mar/2026:22:21:51 +0800] "GET /?detail/183029779198 HTTP/1.1" 200 256 "-" "Mozilla/5.0 (Linux; Android 6.0.1; Nexus 5X Build/MMB29P) AppleWebKit/537.36 (KHTML, like Gecko) Chrome/145.0.7632.116 Mobile Safari/537.36 (compatible; Googlebot/2.1; +http://www.google.com/bot.html)"
114.119.157.112 - - [13/Mar/2026:22:24:20 +0800] "GET /m121025282 HTTP/1.1" 404 138 "https://auzdo.com/?sitemap891.xml" "Mozilla/5.0 (Linux; Android 7.0;) AppleWebKit/537.36 (KHTML, like Gecko) Mobile Safari/537.36 (compatible; PetalBot;+https://webmaster.petalsearch.com/site/petalbot)"
114.119.136.146 - - [13/Mar/2026:22:25:43 +0800] "GET /m004040771 HTTP/1.1" 404 138 "https://auzdo.com/?sitemap891.xml" "Mozilla/5.0 (Linux; Android 7.0;) AppleWebKit/537.36 (KHTML, like Gecko) Mobile Safari/537.36 (compatible; PetalBot;+https://webmaster.petalsearch.com/site/petalbot)"
117.181.193.52 - - [13/Mar/2026:22:27:33 +0800] "GET / HTTP/1.1" 301 162 "-" "Mozilla/5.0 (Linux; Android 6.0; MYA-L03 Build/HUAWEIMYA-L03; wv) AppleWebKit/537.36 (KHTML,like Gecko) Version/4.0 Chrome/69.0.3497.100 Mobile Safari/537.36 [FB_IAB/FB4A;FBAV/193.0.0.45.101;]"
117.181.193.52 - - [13/Mar/2026:22:27:37 +0800] "GET / HTTP/1.1" 200 256 "-" "Mozilla/5.0 (Linux; Android 6.0; MYA-L03 Build/HUAWEIMYA-L03; wv) AppleWebKit/537.36 (KHTML,like Gecko) Version/4.0 Chrome/69.0.3497.100 Mobile Safari/537.36 [FB_IAB/FB4A;FBAV/193.0.0.45.101;]"
114.119.138.214 - - [13/Mar/2026:22:28:18 +0800] "GET /?_z=220012952 HTTP/1.1" 200 256 "https://auzdo.com/sitemap788.xml" "Mozilla/5.0 (Linux; Android 7.0;) AppleWebKit/537.36 (KHTML, like Gecko) Mobile Safari/537.36 (compatible; PetalBot;+https://webmaster.petalsearch.com/site/petalbot)"
114.119.147.32 - - [13/Mar/2026:22:29:36 +0800] "GET /?_z=205008361 HTTP/1.1" 200 256 "https://auzdo.com/sitemap830.xml" "Mozilla/5.0 (Linux; Android 7.0;) AppleWebKit/537.36 (KHTML, like Gecko) Mobile Safari/537.36 (compatible; PetalBot;+https://webmaster.petalsearch.com/site/petalbot)"
114.119.155.118 - - [13/Mar/2026:22:30:55 +0800] "GET /?_z=202022462 HTTP/1.1" 200 256 "https://auzdo.com/sitemap855.xml" "Mozilla/5.0 (Linux; Android 7.0;) AppleWebKit/537.36 (KHTML, like Gecko) Mobile Safari/537.36 (compatible; PetalBot;+https://webmaster.petalsearch.com/site/petalbot)"
114.119.157.112 - - [13/Mar/2026:22:32:37 +0800] "GET /?_z=162045580 HTTP/1.1" 200 256 "https://auzdo.com/sitemap848.xml" "Mozilla/5.0 (Linux; Android 7.0;) AppleWebKit/537.36 (KHTML, like Gecko) Mobile Safari/537.36 (compatible; PetalBot;+https://webmaster.petalsearch.com/site/petalbot)"
114.119.155.118 - - [13/Mar/2026:22:34:02 +0800] "GET /?_z=103036141 HTTP/1.1" 200 256 "https://auzdo.com/sitemap948.xml" "Mozilla/5.0 (Linux; Android 7.0;) AppleWebKit/537.36 (KHTML, like Gecko) Mobile Safari/537.36 (compatible; PetalBot;+https://webmaster.petalsearch.com/site/petalbot)"
114.119.136.146 - - [13/Mar/2026:22:34:55 +0800] "GET /?_z=057029075 HTTP/1.1" 200 256 "https://auzdo.com/?sitemap854.xml" "Mozilla/5.0 (Linux; Android 7.0;) AppleWebKit/537.36 (KHTML, like Gecko) Mobile Safari/537.36 (compatible; PetalBot;+https://webmaster.petalsearch.com/site/petalbot)"
114.119.155.118 - - [13/Mar/2026:22:36:43 +0800] "GET /?_y=130016284 HTTP/1.1" 200 256 "https://auzdo.com/sitemap855.xml" "Mozilla/5.0 (Linux; Android 7.0;) AppleWebKit/537.36 (KHTML, like Gecko) Mobile Safari/537.36 (compatible; PetalBot;+https://webmaster.petalsearch.com/site/petalbot)"
74.7.230.47 - - [13/Mar/2026:22:37:32 +0800] "GET /robots.txt HTTP/2.0" 404 138 "-" "Mozilla/5.0 (Macintosh; Intel Mac OS X 10_15_7) AppleWebKit/537.36 (KHTML, like Gecko) Chrome/131.0.0.0 Safari/537.36; compatible; OAI-SearchBot/1.3; robots.txt; +https://openai.com/searchbot"
74.7.227.185 - - [13/Mar/2026:22:37:35 +0800] "GET /?sitemap501.xml HTTP/2.0" 200 245 "-" "Mozilla/5.0 AppleWebKit/537.36 (KHTML, like Gecko; compatible; GPTBot/1.3; +https://openai.com/gptbot)"
114.119.147.32 - - [13/Mar/2026:22:37:38 +0800] "GET /?_y=031006975 HTTP/1.1" 200 256 "https://auzdo.com/sitemap741.xml" "Mozilla/5.0 (Linux; Android 7.0;) AppleWebKit/537.36 (KHTML, like Gecko) Mobile Safari/537.36 (compatible; PetalBot;+https://webmaster.petalsearch.com/site/petalbot)"
114.119.136.146 - - [13/Mar/2026:22:39:09 +0800] "GET /?_y=014016338 HTTP/1.1" 200 256 "https://auzdo.com/sitemap855.xml" "Mozilla/5.0 (Linux; Android 7.0;) AppleWebKit/537.36 (KHTML, like Gecko) Mobile Safari/537.36 (compatible; PetalBot;+https://webmaster.petalsearch.com/site/petalbot)"
114.119.136.146 - - [13/Mar/2026:22:40:43 +0800] "GET /?_x=250001930 HTTP/1.1" 200 256 "https://auzdo.com/sitemap738.xml" "Mozilla/5.0 (Linux; Android 7.0;) AppleWebKit/537.36 (KHTML, like Gecko) Mobile Safari/537.36 (compatible; PetalBot;+https://webmaster.petalsearch.com/site/petalbot)"
114.119.157.112 - - [13/Mar/2026:22:42:29 +0800] "GET /?_x=235025819 HTTP/1.1" 200 256 "https://auzdo.com/sitemap830.xml" "Mozilla/5.0 (Linux; Android 7.0;) AppleWebKit/537.36 (KHTML, like Gecko) Mobile Safari/537.36 (compatible; PetalBot;+https://webmaster.petalsearch.com/site/petalbot)"
66.249.74.169 - - [13/Mar/2026:22:42:54 +0800] "GET /?detail/205036199753 HTTP/1.1" 200 256 "-" "Mozilla/5.0 (Linux; Android 6.0.1; Nexus 5X Build/MMB29P) AppleWebKit/537.36 (KHTML, like Gecko) Chrome/145.0.7632.116 Mobile Safari/537.36 (compatible; Googlebot/2.1; +http://www.google.com/bot.html)"
114.119.138.214 - - [13/Mar/2026:22:43:27 +0800] "GET /?_x=205019167 HTTP/1.1" 200 256 "https://auzdo.com/?sitemap891.xml" "Mozilla/5.0 (Linux; Android 7.0;) AppleWebKit/537.36 (KHTML, like Gecko) Mobile Safari/537.36 (compatible; PetalBot;+https://webmaster.petalsearch.com/site/petalbot)"
74.7.230.47 - - [13/Mar/2026:22:44:23 +0800] "GET /robots.txt HTTP/2.0" 404 138 "-" "Mozilla/5.0 (Macintosh; Intel Mac OS X 10_15_7) AppleWebKit/537.36 (KHTML, like Gecko) Chrome/131.0.0.0 Safari/537.36; compatible; OAI-SearchBot/1.3; robots.txt; +https://openai.com/searchbot"
74.7.227.185 - - [13/Mar/2026:22:44:28 +0800] "GET /?sitemap887.xml HTTP/2.0" 200 245 "-" "Mozilla/5.0 AppleWebKit/537.36 (KHTML, like Gecko; compatible; GPTBot/1.3; +https://openai.com/gptbot)"
114.119.132.57 - - [13/Mar/2026:22:45:47 +0800] "GET /?_z=250048452 HTTP/1.1" 200 256 "https://auzdo.com/sitemap997.xml" "Mozilla/5.0 (Linux; Android 7.0;) AppleWebKit/537.36 (KHTML, like Gecko) Mobile Safari/537.36 (compatible; PetalBot;+https://webmaster.petalsearch.com/site/petalbot)"
74.7.227.185 - - [13/Mar/2026:22:48:46 +0800] "GET /?sitemap646.xml HTTP/2.0" 200 245 "-" "Mozilla/5.0 AppleWebKit/537.36 (KHTML, like Gecko; compatible; GPTBot/1.3; +https://openai.com/gptbot)"
66.249.74.168 - - [13/Mar/2026:22:48:51 +0800] "GET /?goods/281034338 HTTP/1.1" 200 256 "-" "Mozilla/5.0 (Linux; Android 6.0.1; Nexus 5X Build/MMB29P) AppleWebKit/537.36 (KHTML, like Gecko) Chrome/145.0.7632.116 Mobile Safari/537.36 (compatible; Googlebot/2.1; +http://www.google.com/bot.html)"
114.119.147.32 - - [13/Mar/2026:22:50:50 +0800] "GET /?_x=040037326 HTTP/1.1" 200 256 "https://auzdo.com/sitemap934.xml" "Mozilla/5.0 (Linux; Android 7.0;) AppleWebKit/537.36 (KHTML, like Gecko) Mobile Safari/537.36 (compatible; PetalBot;+https://webmaster.petalsearch.com/site/petalbot)"
114.119.157.112 - - [13/Mar/2026:22:51:45 +0800] "GET /?_x=038019718 HTTP/1.1" 200 256 "https://auzdo.com/?sitemap891.xml" "Mozilla/5.0 (Linux; Android 7.0;) AppleWebKit/537.36 (KHTML, like Gecko) Mobile Safari/537.36 (compatible; PetalBot;+https://webmaster.petalsearch.com/site/petalbot)"
74.7.230.47 - - [13/Mar/2026:22:52:30 +0800] "GET /robots.txt HTTP/2.0" 404 138 "-" "Mozilla/5.0 (Macintosh; Intel Mac OS X 10_15_7) AppleWebKit/537.36 (KHTML, like Gecko) Chrome/131.0.0.0 Safari/537.36; compatible; OAI-SearchBot/1.3; robots.txt; +https://openai.com/searchbot"
74.7.227.185 - - [13/Mar/2026:22:52:36 +0800] "GET /?sitemap891.xml HTTP/2.0" 200 245 "-" "Mozilla/5.0 AppleWebKit/537.36 (KHTML, like Gecko; compatible; GPTBot/1.3; +https://openai.com/gptbot)"
114.119.147.32 - - [13/Mar/2026:22:54:57 +0800] "GET /?_w=292028170 HTTP/1.1" 200 256 "https://auzdo.com/sitemap986.xml" "Mozilla/5.0 (Linux; Android 7.0;) AppleWebKit/537.36 (KHTML, like Gecko) Mobile Safari/537.36 (compatible; PetalBot;+https://webmaster.petalsearch.com/site/petalbot)"
114.119.138.214 - - [13/Mar/2026:22:56:15 +0800] "GET /?_w=103012743 HTTP/1.1" 200 256 "https://auzdo.com/?sitemap891.xml" "Mozilla/5.0 (Linux; Android 7.0;) AppleWebKit/537.36 (KHTML, like Gecko) Mobile Safari/537.36 (compatible; PetalBot;+https://webmaster.petalsearch.com/site/petalbot)"
3.36.13.239 - - [13/Mar/2026:22:58:39 +0800] "GET / HTTP/1.1" 200 256 "-" "Mozilla/5.0 (X11; Linux x86_64) AppleWebKit/537.36 (KHTML, like Gecko) Chrome/131.0.0.0 Safari/537.36"
3.36.13.239 - - [13/Mar/2026:22:58:40 +0800] "POST / HTTP/1.1" 200 256 "-" "Mozilla/5.0 (X11; Linux x86_64) AppleWebKit/537.36 (KHTML, like Gecko) Chrome/131.0.0.0 Safari/537.36"
3.36.13.239 - - [13/Mar/2026:22:58:40 +0800] "POST / HTTP/1.1" 200 256 "-" "Mozilla/5.0 (X11; Linux x86_64) AppleWebKit/537.36 (KHTML, like Gecko) Chrome/131.0.0.0 Safari/537.36"
3.36.13.239 - - [13/Mar/2026:22:58:40 +0800] "POST / HTTP/1.1" 200 256 "-" "Mozilla/5.0 (X11; Linux x86_64) AppleWebKit/537.36 (KHTML, like Gecko) Chrome/131.0.0.0 Safari/537.36"
35.222.232.128 - - [13/Mar/2026:22:58:42 +0800] "GET / HTTP/1.1" 301 162 "-" "Mozilla/5.0 (compatible; CMS-Checker/1.0; +https://example.com)"
114.119.165.226 - - [13/Mar/2026:22:58:44 +0800] "GET /?_w=094025206 HTTP/1.1" 499 0 "https://auzdo.com/?sitemap891.xml" "Mozilla/5.0 (Linux; Android 7.0;) AppleWebKit/537.36 (KHTML, like Gecko) Mobile Safari/537.36 (compatible; PetalBot;+https://webmaster.petalsearch.com/site/petalbot)"
35.222.232.128 - - [13/Mar/2026:22:58:45 +0800] "GET / HTTP/2.0" 200 245 "http://www.auzdo.com" "Mozilla/5.0 (compatible; CMS-Checker/1.0; +https://example.com)"
34.90.71.57 - - [13/Mar/2026:23:00:04 +0800] "GET / HTTP/1.1" 301 162 "-" "Mozilla/5.0 (Windows NT 10.0; Win64; x64) AppleWebKit/537.36 (KHTML, like Gecko) Chrome/78.0.3904.108 Safari/537.36"
114.119.132.57 - - [13/Mar/2026:23:01:33 +0800] "GET /?_w=039044979 HTTP/1.1" 200 256 "https://auzdo.com/?sitemap891.xml" "Mozilla/5.0 (Linux; Android 7.0;) AppleWebKit/537.36 (KHTML, like Gecko) Mobile Safari/537.36 (compatible; PetalBot;+https://webmaster.petalsearch.com/site/petalbot)"
114.119.136.146 - - [13/Mar/2026:23:04:04 +0800] "GET /?_v=254047026 HTTP/1.1" 200 256 "https://auzdo.com/?sitemap854.xml" "Mozilla/5.0 (Linux; Android 7.0;) AppleWebKit/537.36 (KHTML, like Gecko) Mobile Safari/537.36 (compatible; PetalBot;+https://webmaster.petalsearch.com/site/petalbot)"
74.7.230.47 - - [13/Mar/2026:23:04:09 +0800] "GET /robots.txt HTTP/2.0" 404 138 "-" "Mozilla/5.0 (Macintosh; Intel Mac OS X 10_15_7) AppleWebKit/537.36 (KHTML, like Gecko) Chrome/131.0.0.0 Safari/537.36; compatible; OAI-SearchBot/1.3; robots.txt; +https://openai.com/searchbot"
74.7.227.185 - - [13/Mar/2026:23:04:13 +0800] "GET /?sitemap6.xml HTTP/2.0" 200 245 "-" "Mozilla/5.0 AppleWebKit/537.36 (KHTML, like Gecko; compatible; GPTBot/1.3; +https://openai.com/gptbot)"
114.119.155.118 - - [13/Mar/2026:23:06:17 +0800] "GET /?_v=212030432 HTTP/1.1" 200 256 "https://auzdo.com/sitemap948.xml" "Mozilla/5.0 (Linux; Android 7.0;) AppleWebKit/537.36 (KHTML, like Gecko) Mobile Safari/537.36 (compatible; PetalBot;+https://webmaster.petalsearch.com/site/petalbot)"
114.119.138.214 - - [13/Mar/2026:23:07:25 +0800] "GET /?_v=125028247 HTTP/1.1" 200 256 "https://auzdo.com/sitemap986.xml" "Mozilla/5.0 (Linux; Android 7.0;) AppleWebKit/537.36 (KHTML, like Gecko) Mobile Safari/537.36 (compatible; PetalBot;+https://webmaster.petalsearch.com/site/petalbot)"
114.119.132.57 - - [13/Mar/2026:23:08:07 +0800] "GET /?_y=047004047 HTTP/1.1" 200 256 "https://auzdo.com/sitemap997.xml" "Mozilla/5.0 (Linux; Android 7.0;) AppleWebKit/537.36 (KHTML, like Gecko) Mobile Safari/537.36 (compatible; PetalBot;+https://webmaster.petalsearch.com/site/petalbot)"
136.113.75.49 - - [13/Mar/2026:23:09:11 +0800] "GET / HTTP/1.1" 301 162 "-" "Mozilla/5.0 (compatible; CMS-Checker/1.0; +https://example.com)"
136.113.75.49 - - [13/Mar/2026:23:09:13 +0800] "GET / HTTP/2.0" 200 245 "http://auzdo.com" "Mozilla/5.0 (compatible; CMS-Checker/1.0; +https://example.com)"
114.119.147.32 - - [13/Mar/2026:23:09:51 +0800] "GET /?_x=174037160 HTTP/1.1" 200 256 "https://auzdo.com/?sitemap891.xml" "Mozilla/5.0 (Linux; Android 7.0;) AppleWebKit/537.36 (KHTML, like Gecko) Mobile Safari/537.36 (compatible; PetalBot;+https://webmaster.petalsearch.com/site/petalbot)"
114.119.139.78 - - [13/Mar/2026:23:11:01 +0800] "GET /?_x=020021560 HTTP/1.1" 200 256 "https://auzdo.com/sitemap912.xml" "Mozilla/5.0 (Linux; Android 7.0;) AppleWebKit/537.36 (KHTML, like Gecko) Mobile Safari/537.36 (compatible; PetalBot;+https://webmaster.petalsearch.com/site/petalbot)"
45.227.253.15 - - [13/Mar/2026:23:11:47 +0800] "GET /index.php/jk HTTP/1.1" 200 256 "-" "Mozilla/5.0 (Macintosh; Intel Mac OS X 10.12; rv:103.0) Gecko/20100101 Firefox/103.0"
74.7.230.47 - - [13/Mar/2026:23:12:45 +0800] "GET /robots.txt HTTP/2.0" 404 138 "-" "Mozilla/5.0 (Macintosh; Intel Mac OS X 10_15_7) AppleWebKit/537.36 (KHTML, like Gecko) Chrome/131.0.0.0 Safari/537.36; compatible; OAI-SearchBot/1.3; robots.txt; +https://openai.com/searchbot"
74.7.227.185 - - [13/Mar/2026:23:12:48 +0800] "GET /buy.php?sitemap943.xml HTTP/2.0" 404 138 "-" "Mozilla/5.0 AppleWebKit/537.36 (KHTML, like Gecko; compatible; GPTBot/1.3; +https://openai.com/gptbot)"
114.119.157.112 - - [13/Mar/2026:23:12:59 +0800] "GET /?_w=099029493 HTTP/1.1" 200 256 "https://auzdo.com/?sitemap595.xml" "Mozilla/5.0 (Linux; Android 7.0;) AppleWebKit/537.36 (KHTML, like Gecko) Mobile Safari/537.36 (compatible; PetalBot;+https://webmaster.petalsearch.com/site/petalbot)"
114.119.155.118 - - [13/Mar/2026:23:14:18 +0800] "GET /?_w=044049652 HTTP/1.1" 200 256 "https://auzdo.com/?sitemap891.xml" "Mozilla/5.0 (Linux; Android 7.0;) AppleWebKit/537.36 (KHTML, like Gecko) Mobile Safari/537.36 (compatible; PetalBot;+https://webmaster.petalsearch.com/site/petalbot)"
114.119.165.226 - - [13/Mar/2026:23:15:44 +0800] "GET /?_v=282040784 HTTP/1.1" 200 256 "https://auzdo.com/sitemap788.xml" "Mozilla/5.0 (Linux; Android 7.0;) AppleWebKit/537.36 (KHTML, like Gecko) Mobile Safari/537.36 (compatible; PetalBot;+https://webmaster.petalsearch.com/site/petalbot)"
114.119.132.57 - - [13/Mar/2026:23:16:54 +0800] "GET /?_v=092042292 HTTP/1.1" 200 256 "https://auzdo.com/sitemap738.xml" "Mozilla/5.0 (Linux; Android 7.0;) AppleWebKit/537.36 (KHTML, like Gecko) Mobile Safari/537.36 (compatible; PetalBot;+https://webmaster.petalsearch.com/site/petalbot)"
114.119.155.118 - - [13/Mar/2026:23:19:45 +0800] "GET /?_v=067007815 HTTP/1.1" 200 256 "https://auzdo.com/sitemap830.xml" "Mozilla/5.0 (Linux; Android 7.0;) AppleWebKit/537.36 (KHTML, like Gecko) Mobile Safari/537.36 (compatible; PetalBot;+https://webmaster.petalsearch.com/site/petalbot)"
114.119.155.118 - - [13/Mar/2026:23:21:00 +0800] "GET /?_v=066030176 HTTP/1.1" 200 256 "https://auzdo.com/sitemap788.xml" "Mozilla/5.0 (Linux; Android 7.0;) AppleWebKit/537.36 (KHTML, like Gecko) Mobile Safari/537.36 (compatible; PetalBot;+https://webmaster.petalsearch.com/site/petalbot)"
