114.119.157.112 - - [12/Mar/2026:18:31:40 +0800] "GET /?_w=255000779 HTTP/1.1" 200 256 "https://auzdo.com/?sitemap891.xml" "Mozilla/5.0 (Linux; Android 7.0;) AppleWebKit/537.36 (KHTML, like Gecko) Mobile Safari/537.36 (compatible; PetalBot;+https://webmaster.petalsearch.com/site/petalbot)"
114.119.138.214 - - [12/Mar/2026:18:32:35 +0800] "GET /sitemap848.xml HTTP/1.1" 404 138 "-" "Mozilla/5.0 (Linux; Android 7.0;) AppleWebKit/537.36 (KHTML, like Gecko) Mobile Safari/537.36 (compatible; PetalBot;+https://webmaster.petalsearch.com/site/petalbot)"
27.44.125.29 - - [12/Mar/2026:18:35:02 +0800] "GET /xk HTTP/2.0" 301 162 "-" "Mozilla/5.0 (Linux; Android 6.0; Nexus 5 Build/MRA58N) AppleWebKit/537.36 (KHTML, like Gecko) Chrome/99.0.4844.51 Mobile Safari/537.36 MicroMessenger/7.0.1"
27.44.125.29 - - [12/Mar/2026:18:35:02 +0800] "GET /xk/ HTTP/2.0" 200 914 "-" "Mozilla/5.0 (Linux; Android 6.0; Nexus 5 Build/MRA58N) AppleWebKit/537.36 (KHTML, like Gecko) Chrome/99.0.4844.51 Mobile Safari/537.36 MicroMessenger/7.0.1"
27.44.125.29 - - [12/Mar/2026:18:35:02 +0800] "GET /xk/js/qq.php HTTP/2.0" 200 177 "https://www.auzdo.com/xk/" "Mozilla/5.0 (Linux; Android 6.0; Nexus 5 Build/MRA58N) AppleWebKit/537.36 (KHTML, like Gecko) Chrome/99.0.4844.51 Mobile Safari/537.36 MicroMessenger/7.0.1"
114.119.138.214 - - [12/Mar/2026:18:35:53 +0800] "GET /?_z=146023724 HTTP/1.1" 200 256 "https://auzdo.com/sitemap948.xml" "Mozilla/5.0 (Linux; Android 7.0;) AppleWebKit/537.36 (KHTML, like Gecko) Mobile Safari/537.36 (compatible; PetalBot;+https://webmaster.petalsearch.com/site/petalbot)"
36.233.131.38 - - [12/Mar/2026:18:35:55 +0800] "GET /favicon.ico HTTP/2.0" 404 138 "https://www.auzdo.com/?ldtag_cl=W-SyaR2tT--njByWYvPsFAAA" "Mozilla/5.0 (Linux; Android 11; SAMSUNG SM-T295) AppleWebKit/537.36 (KHTML, like Gecko) SamsungBrowser/15.0 Chrome/90.0.4430.210 Mobile Safari/537.36"
114.119.139.78 - - [12/Mar/2026:18:38:24 +0800] "GET /?_z=217017457 HTTP/1.1" 200 256 "https://auzdo.com/sitemap943.xml" "Mozilla/5.0 (Linux; Android 7.0;) AppleWebKit/537.36 (KHTML, like Gecko) Mobile Safari/537.36 (compatible; PetalBot;+https://webmaster.petalsearch.com/site/petalbot)"
114.119.157.112 - - [12/Mar/2026:18:40:02 +0800] "GET /m036003615 HTTP/1.1" 404 138 "https://auzdo.com/?sitemap595.xml" "Mozilla/5.0 (Linux; Android 7.0;) AppleWebKit/537.36 (KHTML, like Gecko) Mobile Safari/537.36 (compatible; PetalBot;+https://webmaster.petalsearch.com/site/petalbot)"
210.61.247.55 - - [12/Mar/2026:18:40:34 +0800] "GET /xk/ HTTP/2.0" 200 914 "-" "Mozilla/5.0 (Windows NT 10.0; Win64; x64) AppleWebKit/537.36 (KHTML, like Gecko) Chrome/132.0.0.0 Safari/537.36 NetType/WIFI MicroMessenger/7.0.20.1781(0x6700143B) WindowsWechat(0x63090a13) UnifiedPCWindowsWechat(0xf254173b) XWEB/19027 Flue"
210.61.247.55 - - [12/Mar/2026:18:40:34 +0800] "GET /xk/js/qq.php HTTP/2.0" 200 177 "https://www.auzdo.com/xk/" "Mozilla/5.0 (Windows NT 10.0; Win64; x64) AppleWebKit/537.36 (KHTML, like Gecko) Chrome/132.0.0.0 Safari/537.36 NetType/WIFI MicroMessenger/7.0.20.1781(0x6700143B) WindowsWechat(0x63090a13) UnifiedPCWindowsWechat(0xf254173b) XWEB/19027 Flue"
210.61.247.55 - - [12/Mar/2026:18:40:35 +0800] "GET /favicon.ico HTTP/2.0" 404 138 "https://www.auzdo.com/xk/" "Mozilla/5.0 (Windows NT 10.0; Win64; x64) AppleWebKit/537.36 (KHTML, like Gecko) Chrome/132.0.0.0 Safari/537.36 NetType/WIFI MicroMessenger/7.0.20.1781(0x6700143B) WindowsWechat(0x63090a13) UnifiedPCWindowsWechat(0xf254173b) XWEB/19027 Flue"
114.119.147.32 - - [12/Mar/2026:18:42:23 +0800] "GET /m078023945 HTTP/1.1" 404 138 "https://auzdo.com/?sitemap891.xml" "Mozilla/5.0 (Linux; Android 7.0;) AppleWebKit/537.36 (KHTML, like Gecko) Mobile Safari/537.36 (compatible; PetalBot;+https://webmaster.petalsearch.com/site/petalbot)"
114.119.147.32 - - [12/Mar/2026:18:43:45 +0800] "GET /m043023500 HTTP/1.1" 404 138 "https://auzdo.com/?sitemap891.xml" "Mozilla/5.0 (Linux; Android 7.0;) AppleWebKit/537.36 (KHTML, like Gecko) Mobile Safari/537.36 (compatible; PetalBot;+https://webmaster.petalsearch.com/site/petalbot)"
114.119.157.112 - - [12/Mar/2026:18:45:06 +0800] "GET /?_z=142029416 HTTP/1.1" 200 256 "https://auzdo.com/sitemap738.xml" "Mozilla/5.0 (Linux; Android 7.0;) AppleWebKit/537.36 (KHTML, like Gecko) Mobile Safari/537.36 (compatible; PetalBot;+https://webmaster.petalsearch.com/site/petalbot)"
114.119.132.57 - - [12/Mar/2026:18:46:50 +0800] "GET /?_z=131043483 HTTP/1.1" 200 256 "https://auzdo.com/sitemap830.xml" "Mozilla/5.0 (Linux; Android 7.0;) AppleWebKit/537.36 (KHTML, like Gecko) Mobile Safari/537.36 (compatible; PetalBot;+https://webmaster.petalsearch.com/site/petalbot)"
66.249.74.167 - - [12/Mar/2026:18:47:32 +0800] "GET /?jp/225000274.html HTTP/1.1" 200 256 "-" "Mozilla/5.0 (Linux; Android 6.0.1; Nexus 5X Build/MMB29P) AppleWebKit/537.36 (KHTML, like Gecko) Chrome/145.0.7632.116 Mobile Safari/537.36 (compatible; Googlebot/2.1; +http://www.google.com/bot.html)"
66.249.74.168 - - [12/Mar/2026:18:47:33 +0800] "GET /?detail/17401197275880 HTTP/1.1" 200 256 "-" "Mozilla/5.0 (Linux; Android 6.0.1; Nexus 5X Build/MMB29P) AppleWebKit/537.36 (KHTML, like Gecko) Chrome/145.0.7632.116 Mobile Safari/537.36 (compatible; Googlebot/2.1; +http://www.google.com/bot.html)"
114.119.157.112 - - [12/Mar/2026:18:47:39 +0800] "GET /?_z=026010012 HTTP/1.1" 200 256 "https://auzdo.com/sitemap934.xml" "Mozilla/5.0 (Linux; Android 7.0;) AppleWebKit/537.36 (KHTML, like Gecko) Mobile Safari/537.36 (compatible; PetalBot;+https://webmaster.petalsearch.com/site/petalbot)"
66.249.74.167 - - [12/Mar/2026:18:49:33 +0800] "GET /?jp/252015410.html HTTP/1.1" 200 256 "-" "Mozilla/5.0 (Linux; Android 6.0.1; Nexus 5X Build/MMB29P) AppleWebKit/537.36 (KHTML, like Gecko) Chrome/145.0.7632.116 Mobile Safari/537.36 (compatible; Googlebot/2.1; +http://www.google.com/bot.html)"
66.249.74.167 - - [12/Mar/2026:18:49:35 +0800] "GET /?goods/177047019 HTTP/1.1" 200 256 "-" "Mozilla/5.0 (Linux; Android 6.0.1; Nexus 5X Build/MMB29P) AppleWebKit/537.36 (KHTML, like Gecko) Chrome/145.0.7632.116 Mobile Safari/537.36 (compatible; Googlebot/2.1; +http://www.google.com/bot.html)"
114.119.157.112 - - [12/Mar/2026:18:51:08 +0800] "GET /?_x=265002947 HTTP/1.1" 200 256 "https://auzdo.com/sitemap830.xml" "Mozilla/5.0 (Linux; Android 7.0;) AppleWebKit/537.36 (KHTML, like Gecko) Mobile Safari/537.36 (compatible; PetalBot;+https://webmaster.petalsearch.com/site/petalbot)"
114.119.147.32 - - [12/Mar/2026:18:52:35 +0800] "GET /?_y=281012177 HTTP/1.1" 200 256 "https://auzdo.com/sitemap948.xml" "Mozilla/5.0 (Linux; Android 7.0;) AppleWebKit/537.36 (KHTML, like Gecko) Mobile Safari/537.36 (compatible; PetalBot;+https://webmaster.petalsearch.com/site/petalbot)"
114.119.132.57 - - [12/Mar/2026:18:53:59 +0800] "GET /m089018866 HTTP/1.1" 404 138 "https://auzdo.com/?sitemap891.xml" "Mozilla/5.0 (Linux; Android 7.0;) AppleWebKit/537.36 (KHTML, like Gecko) Mobile Safari/537.36 (compatible; PetalBot;+https://webmaster.petalsearch.com/site/petalbot)"
114.119.139.78 - - [12/Mar/2026:18:58:28 +0800] "GET /?_v=153006965 HTTP/1.1" 200 256 "https://auzdo.com/sitemap817.xml" "Mozilla/5.0 (Linux; Android 7.0;) AppleWebKit/537.36 (KHTML, like Gecko) Mobile Safari/537.36 (compatible; PetalBot;+https://webmaster.petalsearch.com/site/petalbot)"
114.119.157.112 - - [12/Mar/2026:18:59:13 +0800] "GET /?_v=076002766 HTTP/1.1" 200 256 "https://auzdo.com/sitemap934.xml" "Mozilla/5.0 (Linux; Android 7.0;) AppleWebKit/537.36 (KHTML, like Gecko) Mobile Safari/537.36 (compatible; PetalBot;+https://webmaster.petalsearch.com/site/petalbot)"
114.119.147.32 - - [12/Mar/2026:19:01:56 +0800] "GET /m056038627 HTTP/1.1" 404 138 "https://auzdo.com/?sitemap891.xml" "Mozilla/5.0 (Linux; Android 7.0;) AppleWebKit/537.36 (KHTML, like Gecko) Mobile Safari/537.36 (compatible; PetalBot;+https://webmaster.petalsearch.com/site/petalbot)"
66.249.74.168 - - [12/Mar/2026:19:02:35 +0800] "GET /m005003368 HTTP/1.1" 404 138 "-" "Mozilla/5.0 (Linux; Android 6.0.1; Nexus 5X Build/MMB29P) AppleWebKit/537.36 (KHTML, like Gecko) Chrome/145.0.7632.116 Mobile Safari/537.36 (compatible; Googlebot/2.1; +http://www.google.com/bot.html)"
114.119.147.32 - - [12/Mar/2026:19:03:25 +0800] "GET /?_w=189045157 HTTP/1.1" 200 256 "https://auzdo.com/sitemap912.xml" "Mozilla/5.0 (Linux; Android 7.0;) AppleWebKit/537.36 (KHTML, like Gecko) Mobile Safari/537.36 (compatible; PetalBot;+https://webmaster.petalsearch.com/site/petalbot)"
114.119.165.226 - - [12/Mar/2026:19:04:50 +0800] "GET /?_w=074023692 HTTP/1.1" 200 256 "https://auzdo.com/sitemap788.xml" "Mozilla/5.0 (Linux; Android 7.0;) AppleWebKit/537.36 (KHTML, like Gecko) Mobile Safari/537.36 (compatible; PetalBot;+https://webmaster.petalsearch.com/site/petalbot)"
114.119.157.112 - - [12/Mar/2026:19:07:38 +0800] "GET /?_z=262019946 HTTP/1.1" 200 256 "https://auzdo.com/sitemap817.xml" "Mozilla/5.0 (Linux; Android 7.0;) AppleWebKit/537.36 (KHTML, like Gecko) Mobile Safari/537.36 (compatible; PetalBot;+https://webmaster.petalsearch.com/site/petalbot)"
114.119.138.214 - - [12/Mar/2026:19:09:02 +0800] "GET /?_z=107007163 HTTP/1.1" 200 256 "https://auzdo.com/sitemap948.xml" "Mozilla/5.0 (Linux; Android 7.0;) AppleWebKit/537.36 (KHTML, like Gecko) Mobile Safari/537.36 (compatible; PetalBot;+https://webmaster.petalsearch.com/site/petalbot)"
92.222.108.122 - - [12/Mar/2026:19:09:53 +0800] "GET /robots.txt HTTP/2.0" 404 138 "-" "Mozilla/5.0 (compatible; AhrefsBot/7.0; +http://ahrefs.com/robot/)"
51.161.37.202 - - [12/Mar/2026:19:09:59 +0800] "GET / HTTP/2.0" 200 245 "-" "Mozilla/5.0 (compatible; AhrefsBot/7.0; +http://ahrefs.com/robot/)"
114.119.139.78 - - [12/Mar/2026:19:11:33 +0800] "GET /m136006893 HTTP/1.1" 404 138 "https://auzdo.com/?sitemap891.xml" "Mozilla/5.0 (Linux; Android 7.0;) AppleWebKit/537.36 (KHTML, like Gecko) Mobile Safari/537.36 (compatible; PetalBot;+https://webmaster.petalsearch.com/site/petalbot)"
114.119.155.118 - - [12/Mar/2026:19:12:58 +0800] "GET /?_z=230036008 HTTP/1.1" 200 256 "https://auzdo.com/sitemap948.xml" "Mozilla/5.0 (Linux; Android 7.0;) AppleWebKit/537.36 (KHTML, like Gecko) Mobile Safari/537.36 (compatible; PetalBot;+https://webmaster.petalsearch.com/site/petalbot)"
43.157.43.147 - - [12/Mar/2026:19:13:36 +0800] "GET / HTTP/1.1" 301 162 "-" "Mozilla/5.0 (iPhone; CPU iPhone OS 13_2_3 like Mac OS X) AppleWebKit/605.1.15 (KHTML, like Gecko) Version/13.0.3 Mobile/15E148 Safari/604.1"
43.157.43.147 - - [12/Mar/2026:19:13:38 +0800] "GET / HTTP/1.1" 200 256 "http://auzdo.com" "Mozilla/5.0 (iPhone; CPU iPhone OS 13_2_3 like Mac OS X) AppleWebKit/605.1.15 (KHTML, like Gecko) Version/13.0.3 Mobile/15E148 Safari/604.1"
114.119.157.112 - - [12/Mar/2026:19:14:47 +0800] "GET /?_z=196009992 HTTP/1.1" 200 256 "https://auzdo.com/sitemap830.xml" "Mozilla/5.0 (Linux; Android 7.0;) AppleWebKit/537.36 (KHTML, like Gecko) Mobile Safari/537.36 (compatible; PetalBot;+https://webmaster.petalsearch.com/site/petalbot)"
66.249.74.168 - - [12/Mar/2026:19:16:37 +0800] "GET /category/640_1723_17580_19515/1 HTTP/1.1" 404 138 "-" "Mozilla/5.0 (Linux; Android 6.0.1; Nexus 5X Build/MMB29P) AppleWebKit/537.36 (KHTML, like Gecko) Chrome/145.0.7632.116 Mobile Safari/537.36 (compatible; Googlebot/2.1; +http://www.google.com/bot.html)"
114.119.139.78 - - [12/Mar/2026:19:17:05 +0800] "GET /?_z=108031214 HTTP/1.1" 200 256 "https://auzdo.com/sitemap788.xml" "Mozilla/5.0 (Linux; Android 7.0;) AppleWebKit/537.36 (KHTML, like Gecko) Mobile Safari/537.36 (compatible; PetalBot;+https://webmaster.petalsearch.com/site/petalbot)"
114.119.147.32 - - [12/Mar/2026:19:18:33 +0800] "GET /m116020381 HTTP/1.1" 404 138 "https://auzdo.com/?sitemap891.xml" "Mozilla/5.0 (Linux; Android 7.0;) AppleWebKit/537.36 (KHTML, like Gecko) Mobile Safari/537.36 (compatible; PetalBot;+https://webmaster.petalsearch.com/site/petalbot)"
114.119.155.118 - - [12/Mar/2026:19:20:13 +0800] "GET /?_x=196027680 HTTP/1.1" 200 256 "https://auzdo.com/sitemap912.xml" "Mozilla/5.0 (Linux; Android 7.0;) AppleWebKit/537.36 (KHTML, like Gecko) Mobile Safari/537.36 (compatible; PetalBot;+https://webmaster.petalsearch.com/site/petalbot)"
40.77.167.4 - - [12/Mar/2026:19:21:47 +0800] "GET /?sitemap891.xml HTTP/2.0" 200 245 "-" "Mozilla/5.0 AppleWebKit/537.36 (KHTML, like Gecko; compatible; bingbot/2.0; +http://www.bing.com/bingbot.htm) Chrome/116.0.1938.76 Safari/537.36"
114.119.136.146 - - [12/Mar/2026:19:24:38 +0800] "GET /?_x=195043591 HTTP/1.1" 200 256 "https://auzdo.com/sitemap934.xml" "Mozilla/5.0 (Linux; Android 7.0;) AppleWebKit/537.36 (KHTML, like Gecko) Mobile Safari/537.36 (compatible; PetalBot;+https://webmaster.petalsearch.com/site/petalbot)"
114.119.165.226 - - [12/Mar/2026:19:26:00 +0800] "GET /?_x=139048063 HTTP/1.1" 200 256 "https://auzdo.com/?sitemap891.xml" "Mozilla/5.0 (Linux; Android 7.0;) AppleWebKit/537.36 (KHTML, like Gecko) Mobile Safari/537.36 (compatible; PetalBot;+https://webmaster.petalsearch.com/site/petalbot)"
114.119.165.226 - - [12/Mar/2026:19:29:28 +0800] "GET /?_z=140038326 HTTP/1.1" 200 256 "https://auzdo.com/sitemap912.xml" "Mozilla/5.0 (Linux; Android 7.0;) AppleWebKit/537.36 (KHTML, like Gecko) Mobile Safari/537.36 (compatible; PetalBot;+https://webmaster.petalsearch.com/site/petalbot)"
45.227.253.15 - - [12/Mar/2026:19:32:18 +0800] "GET /?of=1 HTTP/1.1" 200 256 "-" "Mozilla/5.0 (Windows NT 10.0; Win64; x64) AppleWebKit/537.36 (KHTML, like Gecko) Chrome/85.0.4183.83 Safari/537.35"
114.119.136.146 - - [12/Mar/2026:19:32:20 +0800] "GET /?_w=229012789 HTTP/1.1" 200 256 "https://auzdo.com/sitemap788.xml" "Mozilla/5.0 (Linux; Android 7.0;) AppleWebKit/537.36 (KHTML, like Gecko) Mobile Safari/537.36 (compatible; PetalBot;+https://webmaster.petalsearch.com/site/petalbot)"
54.248.102.183 - - [12/Mar/2026:19:36:44 +0800] "GET /favicon.ico HTTP/1.1" 404 138 "-" "python-requests/2.27.1"
114.119.147.32 - - [12/Mar/2026:19:37:18 +0800] "GET /m067015842 HTTP/1.1" 404 138 "https://auzdo.com/?sitemap891.xml" "Mozilla/5.0 (Linux; Android 7.0;) AppleWebKit/537.36 (KHTML, like Gecko) Mobile Safari/537.36 (compatible; PetalBot;+https://webmaster.petalsearch.com/site/petalbot)"
114.119.139.78 - - [12/Mar/2026:19:37:58 +0800] "GET /m021045312 HTTP/1.1" 404 138 "https://auzdo.com/?sitemap595.xml" "Mozilla/5.0 (Linux; Android 7.0;) AppleWebKit/537.36 (KHTML, like Gecko) Mobile Safari/537.36 (compatible; PetalBot;+https://webmaster.petalsearch.com/site/petalbot)"
66.249.74.168 - - [12/Mar/2026:19:38:33 +0800] "GET /?goods/097022057 HTTP/1.1" 200 256 "-" "Mozilla/5.0 (Linux; Android 6.0.1; Nexus 5X Build/MMB29P) AppleWebKit/537.36 (KHTML, like Gecko) Chrome/145.0.7632.116 Mobile Safari/537.36 (compatible; Googlebot/2.1; +http://www.google.com/bot.html)"
2.58.56.62 - - [12/Mar/2026:19:39:08 +0800] "GET / HTTP/1.1" 301 162 "-" "Mozilla/5.0 (Windows NT 10.0; Win64; x64) AppleWebKit/537.36 (KHTML, like Gecko) Chrome/78.0.3904.108 Safari/537.36"
2.58.56.62 - - [12/Mar/2026:19:39:10 +0800] "GET / HTTP/1.1" 200 586 "-" "Mozilla/5.0 (Windows NT 10.0; Win64; x64) AppleWebKit/537.36 (KHTML, like Gecko) Chrome/78.0.3904.108 Safari/537.36"
2.58.56.62 - - [12/Mar/2026:19:39:10 +0800] "GET //wp-includes/wlwmanifest.xml HTTP/1.1" 404 138 "-" "Mozilla/5.0 (Windows NT 10.0; Win64; x64) AppleWebKit/537.36 (KHTML, like Gecko) Chrome/78.0.3904.108 Safari/537.36"
2.58.56.62 - - [12/Mar/2026:19:39:10 +0800] "GET //xmlrpc.php?rsd HTTP/1.1" 404 138 "-" "Mozilla/5.0 (Windows NT 10.0; Win64; x64) AppleWebKit/537.36 (KHTML, like Gecko) Chrome/78.0.3904.108 Safari/537.36"
2.58.56.62 - - [12/Mar/2026:19:39:11 +0800] "GET / HTTP/1.1" 200 586 "-" "Mozilla/5.0 (Windows NT 10.0; Win64; x64) AppleWebKit/537.36 (KHTML, like Gecko) Chrome/78.0.3904.108 Safari/537.36"
2.58.56.62 - - [12/Mar/2026:19:39:11 +0800] "GET //blog/wp-includes/wlwmanifest.xml HTTP/1.1" 404 138 "-" "Mozilla/5.0 (Windows NT 10.0; Win64; x64) AppleWebKit/537.36 (KHTML, like Gecko) Chrome/78.0.3904.108 Safari/537.36"
2.58.56.62 - - [12/Mar/2026:19:39:11 +0800] "GET //web/wp-includes/wlwmanifest.xml HTTP/1.1" 404 138 "-" "Mozilla/5.0 (Windows NT 10.0; Win64; x64) AppleWebKit/537.36 (KHTML, like Gecko) Chrome/78.0.3904.108 Safari/537.36"
2.58.56.62 - - [12/Mar/2026:19:39:11 +0800] "GET //wordpress/wp-includes/wlwmanifest.xml HTTP/1.1" 404 138 "-" "Mozilla/5.0 (Windows NT 10.0; Win64; x64) AppleWebKit/537.36 (KHTML, like Gecko) Chrome/78.0.3904.108 Safari/537.36"
2.58.56.62 - - [12/Mar/2026:19:39:11 +0800] "GET //website/wp-includes/wlwmanifest.xml HTTP/1.1" 404 138 "-" "Mozilla/5.0 (Windows NT 10.0; Win64; x64) AppleWebKit/537.36 (KHTML, like Gecko) Chrome/78.0.3904.108 Safari/537.36"
2.58.56.62 - - [12/Mar/2026:19:39:12 +0800] "GET //wp/wp-includes/wlwmanifest.xml HTTP/1.1" 404 138 "-" "Mozilla/5.0 (Windows NT 10.0; Win64; x64) AppleWebKit/537.36 (KHTML, like Gecko) Chrome/78.0.3904.108 Safari/537.36"
2.58.56.62 - - [12/Mar/2026:19:39:12 +0800] "GET //news/wp-includes/wlwmanifest.xml HTTP/1.1" 404 138 "-" "Mozilla/5.0 (Windows NT 10.0; Win64; x64) AppleWebKit/537.36 (KHTML, like Gecko) Chrome/78.0.3904.108 Safari/537.36"
2.58.56.62 - - [12/Mar/2026:19:39:12 +0800] "GET //2018/wp-includes/wlwmanifest.xml HTTP/1.1" 404 138 "-" "Mozilla/5.0 (Windows NT 10.0; Win64; x64) AppleWebKit/537.36 (KHTML, like Gecko) Chrome/78.0.3904.108 Safari/537.36"
2.58.56.62 - - [12/Mar/2026:19:39:12 +0800] "GET //2019/wp-includes/wlwmanifest.xml HTTP/1.1" 404 138 "-" "Mozilla/5.0 (Windows NT 10.0; Win64; x64) AppleWebKit/537.36 (KHTML, like Gecko) Chrome/78.0.3904.108 Safari/537.36"
2.58.56.62 - - [12/Mar/2026:19:39:12 +0800] "GET //shop/wp-includes/wlwmanifest.xml HTTP/1.1" 404 138 "-" "Mozilla/5.0 (Windows NT 10.0; Win64; x64) AppleWebKit/537.36 (KHTML, like Gecko) Chrome/78.0.3904.108 Safari/537.36"
2.58.56.62 - - [12/Mar/2026:19:39:26 +0800] "" 400 0 "-" "-"
114.119.147.32 - - [12/Mar/2026:19:40:52 +0800] "GET /?_y=171031057 HTTP/1.1" 200 256 "https://auzdo.com/sitemap848.xml" "Mozilla/5.0 (Linux; Android 7.0;) AppleWebKit/537.36 (KHTML, like Gecko) Mobile Safari/537.36 (compatible; PetalBot;+https://webmaster.petalsearch.com/site/petalbot)"
114.119.136.146 - - [12/Mar/2026:19:43:42 +0800] "GET /?_z=290000602 HTTP/1.1" 200 256 "https://auzdo.com/sitemap830.xml" "Mozilla/5.0 (Linux; Android 7.0;) AppleWebKit/537.36 (KHTML, like Gecko) Mobile Safari/537.36 (compatible; PetalBot;+https://webmaster.petalsearch.com/site/petalbot)"
66.249.74.169 - - [12/Mar/2026:19:44:40 +0800] "GET /?detail/04904224525593 HTTP/1.1" 200 256 "-" "Mozilla/5.0 (Linux; Android 6.0.1; Nexus 5X Build/MMB29P) AppleWebKit/537.36 (KHTML, like Gecko) Chrome/145.0.7632.116 Mobile Safari/537.36 (compatible; Googlebot/2.1; +http://www.google.com/bot.html)"
114.119.138.214 - - [12/Mar/2026:19:44:49 +0800] "GET /m066017247 HTTP/1.1" 404 138 "https://auzdo.com/?sitemap891.xml" "Mozilla/5.0 (Linux; Android 7.0;) AppleWebKit/537.36 (KHTML, like Gecko) Mobile Safari/537.36 (compatible; PetalBot;+https://webmaster.petalsearch.com/site/petalbot)"
114.119.139.78 - - [12/Mar/2026:19:46:54 +0800] "GET /?_y=219028853 HTTP/1.1" 200 256 "https://auzdo.com/sitemap948.xml" "Mozilla/5.0 (Linux; Android 7.0;) AppleWebKit/537.36 (KHTML, like Gecko) Mobile Safari/537.36 (compatible; PetalBot;+https://webmaster.petalsearch.com/site/petalbot)"
114.119.155.118 - - [12/Mar/2026:19:47:42 +0800] "GET /?_y=209021729 HTTP/1.1" 200 256 "https://auzdo.com/?sitemap595.xml" "Mozilla/5.0 (Linux; Android 7.0;) AppleWebKit/537.36 (KHTML, like Gecko) Mobile Safari/537.36 (compatible; PetalBot;+https://webmaster.petalsearch.com/site/petalbot)"
124.156.157.91 - - [12/Mar/2026:19:49:08 +0800] "GET / HTTP/1.1" 301 162 "-" "Mozilla/5.0 (iPhone; CPU iPhone OS 13_2_3 like Mac OS X) AppleWebKit/605.1.15 (KHTML, like Gecko) Version/13.0.3 Mobile/15E148 Safari/604.1"
124.156.157.91 - - [12/Mar/2026:19:49:09 +0800] "GET / HTTP/1.1" 200 256 "http://www.auzdo.com" "Mozilla/5.0 (iPhone; CPU iPhone OS 13_2_3 like Mac OS X) AppleWebKit/605.1.15 (KHTML, like Gecko) Version/13.0.3 Mobile/15E148 Safari/604.1"
66.249.74.168 - - [12/Mar/2026:19:50:33 +0800] "GET /?goods/104039720 HTTP/1.1" 200 256 "-" "Mozilla/5.0 (Linux; Android 6.0.1; Nexus 5X Build/MMB29P) AppleWebKit/537.36 (KHTML, like Gecko) Chrome/145.0.7632.116 Mobile Safari/537.36 (compatible; Googlebot/2.1; +http://www.google.com/bot.html)"
114.119.157.112 - - [12/Mar/2026:19:53:11 +0800] "GET /m034032911 HTTP/1.1" 404 138 "https://auzdo.com/?sitemap595.xml" "Mozilla/5.0 (Linux; Android 7.0;) AppleWebKit/537.36 (KHTML, like Gecko) Mobile Safari/537.36 (compatible; PetalBot;+https://webmaster.petalsearch.com/site/petalbot)"
114.119.136.146 - - [12/Mar/2026:19:57:33 +0800] "GET /m047048046 HTTP/1.1" 404 138 "https://auzdo.com/?sitemap891.xml" "Mozilla/5.0 (Linux; Android 7.0;) AppleWebKit/537.36 (KHTML, like Gecko) Mobile Safari/537.36 (compatible; PetalBot;+https://webmaster.petalsearch.com/site/petalbot)"
114.119.136.146 - - [12/Mar/2026:19:59:41 +0800] "GET /?_z=259022937 HTTP/1.1" 200 256 "https://auzdo.com/sitemap85.xml" "Mozilla/5.0 (Linux; Android 7.0;) AppleWebKit/537.36 (KHTML, like Gecko) Mobile Safari/537.36 (compatible; PetalBot;+https://webmaster.petalsearch.com/site/petalbot)"
114.119.136.146 - - [12/Mar/2026:20:00:29 +0800] "GET /sitemap267.xml HTTP/1.1" 404 138 "-" "Mozilla/5.0 (Linux; Android 7.0;) AppleWebKit/537.36 (KHTML, like Gecko) Mobile Safari/537.36 (compatible; PetalBot;+https://webmaster.petalsearch.com/site/petalbot)"
114.119.155.118 - - [12/Mar/2026:20:03:13 +0800] "GET /?_y=167000057 HTTP/1.1" 200 256 "https://auzdo.com/sitemap738.xml" "Mozilla/5.0 (Linux; Android 7.0;) AppleWebKit/537.36 (KHTML, like Gecko) Mobile Safari/537.36 (compatible; PetalBot;+https://webmaster.petalsearch.com/site/petalbot)"
114.119.139.78 - - [12/Mar/2026:20:04:20 +0800] "GET /m016048481 HTTP/1.1" 404 138 "https://auzdo.com/?sitemap891.xml" "Mozilla/5.0 (Linux; Android 7.0;) AppleWebKit/537.36 (KHTML, like Gecko) Mobile Safari/537.36 (compatible; PetalBot;+https://webmaster.petalsearch.com/site/petalbot)"
114.119.136.146 - - [12/Mar/2026:20:06:05 +0800] "GET /?_y=156017986 HTTP/1.1" 200 256 "https://auzdo.com/sitemap817.xml" "Mozilla/5.0 (Linux; Android 7.0;) AppleWebKit/537.36 (KHTML, like Gecko) Mobile Safari/537.36 (compatible; PetalBot;+https://webmaster.petalsearch.com/site/petalbot)"
114.119.157.112 - - [12/Mar/2026:20:07:18 +0800] "GET /?_x=235003567 HTTP/1.1" 200 256 "https://auzdo.com/sitemap830.xml" "Mozilla/5.0 (Linux; Android 7.0;) AppleWebKit/537.36 (KHTML, like Gecko) Mobile Safari/537.36 (compatible; PetalBot;+https://webmaster.petalsearch.com/site/petalbot)"
114.119.147.32 - - [12/Mar/2026:20:08:36 +0800] "GET /?_z=162022448 HTTP/1.1" 200 256 "https://auzdo.com/sitemap912.xml" "Mozilla/5.0 (Linux; Android 7.0;) AppleWebKit/537.36 (KHTML, like Gecko) Mobile Safari/537.36 (compatible; PetalBot;+https://webmaster.petalsearch.com/site/petalbot)"
114.119.155.118 - - [12/Mar/2026:20:10:41 +0800] "GET /?_x=227046973 HTTP/1.1" 200 256 "https://auzdo.com/?sitemap854.xml" "Mozilla/5.0 (Linux; Android 7.0;) AppleWebKit/537.36 (KHTML, like Gecko) Mobile Safari/537.36 (compatible; PetalBot;+https://webmaster.petalsearch.com/site/petalbot)"
114.119.136.146 - - [12/Mar/2026:20:12:01 +0800] "GET /?_x=080011054 HTTP/1.1" 200 256 "https://auzdo.com/?sitemap595.xml" "Mozilla/5.0 (Linux; Android 7.0;) AppleWebKit/537.36 (KHTML, like Gecko) Mobile Safari/537.36 (compatible; PetalBot;+https://webmaster.petalsearch.com/site/petalbot)"
66.249.74.169 - - [12/Mar/2026:20:12:35 +0800] "GET /?goods/162021844 HTTP/1.1" 200 256 "-" "Mozilla/5.0 (Linux; Android 6.0.1; Nexus 5X Build/MMB29P) AppleWebKit/537.36 (KHTML, like Gecko) Chrome/145.0.7632.116 Mobile Safari/537.36 (compatible; Googlebot/2.1; +http://www.google.com/bot.html)"
114.119.136.146 - - [12/Mar/2026:20:12:52 +0800] "GET /?_x=069036251 HTTP/1.1" 200 256 "https://auzdo.com/sitemap997.xml" "Mozilla/5.0 (Linux; Android 7.0;) AppleWebKit/537.36 (KHTML, like Gecko) Mobile Safari/537.36 (compatible; PetalBot;+https://webmaster.petalsearch.com/site/petalbot)"
114.119.165.226 - - [12/Mar/2026:20:14:49 +0800] "GET /?_x=053032227 HTTP/1.1" 200 256 "https://auzdo.com/sitemap934.xml" "Mozilla/5.0 (Linux; Android 7.0;) AppleWebKit/537.36 (KHTML, like Gecko) Mobile Safari/537.36 (compatible; PetalBot;+https://webmaster.petalsearch.com/site/petalbot)"
114.119.139.78 - - [12/Mar/2026:20:15:37 +0800] "GET /?_w=097003873 HTTP/1.1" 200 256 "https://auzdo.com/sitemap85.xml" "Mozilla/5.0 (Linux; Android 7.0;) AppleWebKit/537.36 (KHTML, like Gecko) Mobile Safari/537.36 (compatible; PetalBot;+https://webmaster.petalsearch.com/site/petalbot)"
114.119.139.78 - - [12/Mar/2026:20:17:31 +0800] "GET /?_w=033044217 HTTP/1.1" 200 256 "https://auzdo.com/sitemap948.xml" "Mozilla/5.0 (Linux; Android 7.0;) AppleWebKit/537.36 (KHTML, like Gecko) Mobile Safari/537.36 (compatible; PetalBot;+https://webmaster.petalsearch.com/site/petalbot)"
66.249.74.167 - - [12/Mar/2026:20:17:32 +0800] "GET /?jp/283046074.html HTTP/1.1" 200 256 "-" "Mozilla/5.0 (Linux; Android 6.0.1; Nexus 5X Build/MMB29P) AppleWebKit/537.36 (KHTML, like Gecko) Chrome/145.0.7632.116 Mobile Safari/537.36 (compatible; Googlebot/2.1; +http://www.google.com/bot.html)"
114.119.132.57 - - [12/Mar/2026:20:19:08 +0800] "GET /?_y=186000264 HTTP/1.1" 200 256 "https://auzdo.com/sitemap848.xml" "Mozilla/5.0 (Linux; Android 7.0;) AppleWebKit/537.36 (KHTML, like Gecko) Mobile Safari/537.36 (compatible; PetalBot;+https://webmaster.petalsearch.com/site/petalbot)"
114.119.136.146 - - [12/Mar/2026:20:20:30 +0800] "GET /?_w=021007915 HTTP/1.1" 200 256 "https://auzdo.com/?sitemap891.xml" "Mozilla/5.0 (Linux; Android 7.0;) AppleWebKit/537.36 (KHTML, like Gecko) Mobile Safari/537.36 (compatible; PetalBot;+https://webmaster.petalsearch.com/site/petalbot)"
114.119.138.214 - - [12/Mar/2026:20:22:38 +0800] "GET /?_v=220034630 HTTP/1.1" 200 256 "https://auzdo.com/sitemap848.xml" "Mozilla/5.0 (Linux; Android 7.0;) AppleWebKit/537.36 (KHTML, like Gecko) Mobile Safari/537.36 (compatible; PetalBot;+https://webmaster.petalsearch.com/site/petalbot)"
114.119.139.78 - - [12/Mar/2026:20:24:22 +0800] "GET /?_v=195043753 HTTP/1.1" 200 256 "https://auzdo.com/?sitemap595.xml" "Mozilla/5.0 (Linux; Android 7.0;) AppleWebKit/537.36 (KHTML, like Gecko) Mobile Safari/537.36 (compatible; PetalBot;+https://webmaster.petalsearch.com/site/petalbot)"
114.119.155.118 - - [12/Mar/2026:20:25:37 +0800] "GET /?_v=089017407 HTTP/1.1" 200 256 "https://auzdo.com/sitemap85.xml" "Mozilla/5.0 (Linux; Android 7.0;) AppleWebKit/537.36 (KHTML, like Gecko) Mobile Safari/537.36 (compatible; PetalBot;+https://webmaster.petalsearch.com/site/petalbot)"
194.180.48.253 - - [12/Mar/2026:20:26:09 +0800] "GET /.git/config HTTP/1.1" 404 138 "-" "fasthttp"
114.119.132.57 - - [12/Mar/2026:20:26:49 +0800] "GET /?_v=006049076 HTTP/1.1" 200 256 "https://auzdo.com/?sitemap595.xml" "Mozilla/5.0 (Linux; Android 7.0;) AppleWebKit/537.36 (KHTML, like Gecko) Mobile Safari/537.36 (compatible; PetalBot;+https://webmaster.petalsearch.com/site/petalbot)"
114.119.165.226 - - [12/Mar/2026:20:28:40 +0800] "GET /?_x=242028366 HTTP/1.1" 200 256 "https://auzdo.com/sitemap965.xml" "Mozilla/5.0 (Linux; Android 7.0;) AppleWebKit/537.36 (KHTML, like Gecko) Mobile Safari/537.36 (compatible; PetalBot;+https://webmaster.petalsearch.com/site/petalbot)"
114.119.132.57 - - [12/Mar/2026:20:31:09 +0800] "GET /m103047190 HTTP/1.1" 404 138 "https://auzdo.com/?sitemap891.xml" "Mozilla/5.0 (Linux; Android 7.0;) AppleWebKit/537.36 (KHTML, like Gecko) Mobile Safari/537.36 (compatible; PetalBot;+https://webmaster.petalsearch.com/site/petalbot)"
66.249.74.167 - - [12/Mar/2026:20:31:33 +0800] "GET /?jp/016016834.html HTTP/1.1" 200 256 "-" "Mozilla/5.0 (Linux; Android 6.0.1; Nexus 5X Build/MMB29P) AppleWebKit/537.36 (KHTML, like Gecko) Chrome/145.0.7632.116 Mobile Safari/537.36 (compatible; Googlebot/2.1; +http://www.google.com/bot.html)"
66.249.74.167 - - [12/Mar/2026:20:31:35 +0800] "GET /?detail/225001877547 HTTP/1.1" 200 256 "-" "Mozilla/5.0 (Linux; Android 6.0.1; Nexus 5X Build/MMB29P) AppleWebKit/537.36 (KHTML, like Gecko) Chrome/145.0.7632.116 Mobile Safari/537.36 (compatible; Googlebot/2.1; +http://www.google.com/bot.html)"
114.119.165.226 - - [12/Mar/2026:20:32:30 +0800] "GET /?_p=142002990 HTTP/1.1" 200 256 "https://auzdo.com/?sitemap595.xml" "Mozilla/5.0 (Linux; Android 7.0;) AppleWebKit/537.36 (KHTML, like Gecko) Mobile Safari/537.36 (compatible; PetalBot;+https://webmaster.petalsearch.com/site/petalbot)"
114.119.136.146 - - [12/Mar/2026:20:33:38 +0800] "GET /?_p=077018225 HTTP/1.1" 200 256 "https://auzdo.com/?sitemap595.xml" "Mozilla/5.0 (Linux; Android 7.0;) AppleWebKit/537.36 (KHTML, like Gecko) Mobile Safari/537.36 (compatible; PetalBot;+https://webmaster.petalsearch.com/site/petalbot)"
114.119.155.118 - - [12/Mar/2026:20:36:30 +0800] "GET /?_z=032033540 HTTP/1.1" 200 256 "https://auzdo.com/sitemap997.xml" "Mozilla/5.0 (Linux; Android 7.0;) AppleWebKit/537.36 (KHTML, like Gecko) Mobile Safari/537.36 (compatible; PetalBot;+https://webmaster.petalsearch.com/site/petalbot)"
114.119.147.32 - - [12/Mar/2026:20:38:10 +0800] "GET /?_x=073048019 HTTP/1.1" 200 256 "https://auzdo.com/sitemap788.xml" "Mozilla/5.0 (Linux; Android 7.0;) AppleWebKit/537.36 (KHTML, like Gecko) Mobile Safari/537.36 (compatible; PetalBot;+https://webmaster.petalsearch.com/site/petalbot)"
114.119.132.57 - - [12/Mar/2026:20:39:13 +0800] "GET /?_z=057001057 HTTP/1.1" 200 256 "https://auzdo.com/sitemap848.xml" "Mozilla/5.0 (Linux; Android 7.0;) AppleWebKit/537.36 (KHTML, like Gecko) Mobile Safari/537.36 (compatible; PetalBot;+https://webmaster.petalsearch.com/site/petalbot)"
114.119.136.146 - - [12/Mar/2026:20:40:51 +0800] "GET /sitemap224.xml HTTP/1.1" 404 138 "-" "Mozilla/5.0 (Linux; Android 7.0;) AppleWebKit/537.36 (KHTML, like Gecko) Mobile Safari/537.36 (compatible; PetalBot;+https://webmaster.petalsearch.com/site/petalbot)"
114.119.132.57 - - [12/Mar/2026:20:43:45 +0800] "GET /?_y=236004654 HTTP/1.1" 200 256 "https://auzdo.com/sitemap741.xml" "Mozilla/5.0 (Linux; Android 7.0;) AppleWebKit/537.36 (KHTML, like Gecko) Mobile Safari/537.36 (compatible; PetalBot;+https://webmaster.petalsearch.com/site/petalbot)"
114.119.157.112 - - [12/Mar/2026:20:46:41 +0800] "GET /?_z=054030088 HTTP/1.1" 200 256 "https://auzdo.com/sitemap997.xml" "Mozilla/5.0 (Linux; Android 7.0;) AppleWebKit/537.36 (KHTML, like Gecko) Mobile Safari/537.36 (compatible; PetalBot;+https://webmaster.petalsearch.com/site/petalbot)"
114.119.132.57 - - [12/Mar/2026:20:48:03 +0800] "GET /?_w=170008264 HTTP/1.1" 200 256 "https://auzdo.com/?sitemap891.xml" "Mozilla/5.0 (Linux; Android 7.0;) AppleWebKit/537.36 (KHTML, like Gecko) Mobile Safari/537.36 (compatible; PetalBot;+https://webmaster.petalsearch.com/site/petalbot)"
114.119.157.112 - - [12/Mar/2026:20:49:15 +0800] "GET /m036017977 HTTP/1.1" 404 138 "https://auzdo.com/?sitemap891.xml" "Mozilla/5.0 (Linux; Android 7.0;) AppleWebKit/537.36 (KHTML, like Gecko) Mobile Safari/537.36 (compatible; PetalBot;+https://webmaster.petalsearch.com/site/petalbot)"
66.249.74.167 - - [12/Mar/2026:20:50:32 +0800] "GET /?jp/109039509.html HTTP/1.1" 200 256 "-" "Mozilla/5.0 (Linux; Android 6.0.1; Nexus 5X Build/MMB29P) AppleWebKit/537.36 (KHTML, like Gecko) Chrome/145.0.7632.116 Mobile Safari/537.36 (compatible; Googlebot/2.1; +http://www.google.com/bot.html)"
114.119.138.214 - - [12/Mar/2026:20:50:52 +0800] "GET /?_z=094044036 HTTP/1.1" 200 256 "https://auzdo.com/sitemap948.xml" "Mozilla/5.0 (Linux; Android 7.0;) AppleWebKit/537.36 (KHTML, like Gecko) Mobile Safari/537.36 (compatible; PetalBot;+https://webmaster.petalsearch.com/site/petalbot)"
34.230.220.241 - - [12/Mar/2026:20:51:24 +0800] "GET / HTTP/1.1" 200 256 "-" "Mozilla/5.0 (Macintosh; Intel Mac OS X 10_15_7) AppleWebKit/605.1.15 (KHTML, like Gecko) Version/18.5 Safari/605.1.15"
114.119.132.57 - - [12/Mar/2026:20:53:21 +0800] "GET /?_p=056038576 HTTP/1.1" 200 256 "https://auzdo.com/?sitemap595.xml" "Mozilla/5.0 (Linux; Android 7.0;) AppleWebKit/537.36 (KHTML, like Gecko) Mobile Safari/537.36 (compatible; PetalBot;+https://webmaster.petalsearch.com/site/petalbot)"
114.119.138.214 - - [12/Mar/2026:20:55:06 +0800] "GET /m029023710 HTTP/1.1" 404 138 "https://auzdo.com/?sitemap891.xml" "Mozilla/5.0 (Linux; Android 7.0;) AppleWebKit/537.36 (KHTML, like Gecko) Mobile Safari/537.36 (compatible; PetalBot;+https://webmaster.petalsearch.com/site/petalbot)"
114.119.165.226 - - [12/Mar/2026:20:59:23 +0800] "GET /?_x=223015399 HTTP/1.1" 200 256 "https://auzdo.com/sitemap830.xml" "Mozilla/5.0 (Linux; Android 7.0;) AppleWebKit/537.36 (KHTML, like Gecko) Mobile Safari/537.36 (compatible; PetalBot;+https://webmaster.petalsearch.com/site/petalbot)"
114.119.155.118 - - [12/Mar/2026:21:00:12 +0800] "GET /?_z=141033657 HTTP/1.1" 200 256 "https://auzdo.com/sitemap85.xml" "Mozilla/5.0 (Linux; Android 7.0;) AppleWebKit/537.36 (KHTML, like Gecko) Mobile Safari/537.36 (compatible; PetalBot;+https://webmaster.petalsearch.com/site/petalbot)"
114.119.136.146 - - [12/Mar/2026:21:03:25 +0800] "GET /?_x=037035245 HTTP/1.1" 200 256 "https://auzdo.com/?sitemap891.xml" "Mozilla/5.0 (Linux; Android 7.0;) AppleWebKit/537.36 (KHTML, like Gecko) Mobile Safari/537.36 (compatible; PetalBot;+https://webmaster.petalsearch.com/site/petalbot)"
192.144.148.122 - - [12/Mar/2026:21:04:26 +0800] "GET / HTTP/1.1" 301 162 "-" "Mozilla/5.0 (iPhone; CPU iPhone OS 13_2_3 like Mac OS X) AppleWebKit/605.1.15 (KHTML, like Gecko) Version/13.0.3 Mobile/15E148 Safari/604.1"
192.144.148.122 - - [12/Mar/2026:21:04:29 +0800] "GET / HTTP/1.1" 200 256 "http://auzdo.com" "Mozilla/5.0 (iPhone; CPU iPhone OS 13_2_3 like Mac OS X) AppleWebKit/605.1.15 (KHTML, like Gecko) Version/13.0.3 Mobile/15E148 Safari/604.1"
114.119.155.118 - - [12/Mar/2026:21:06:06 +0800] "GET /?_y=102028970 HTTP/1.1" 200 256 "https://auzdo.com/?sitemap854.xml" "Mozilla/5.0 (Linux; Android 7.0;) AppleWebKit/537.36 (KHTML, like Gecko) Mobile Safari/537.36 (compatible; PetalBot;+https://webmaster.petalsearch.com/site/petalbot)"
20.220.232.240 - - [12/Mar/2026:21:07:50 +0800] "GET /wp-content/plugins/hellopress/wp_filemanager.php HTTP/1.1" 301 162 "-" "-"
20.220.232.240 - - [12/Mar/2026:21:07:51 +0800] "GET /wp-content/plugins/hellopress/wp_filemanager.php HTTP/1.1" 404 138 "-" "-"
20.220.232.240 - - [12/Mar/2026:21:07:51 +0800] "GET /siln.php HTTP/1.1" 301 162 "-" "-"
20.220.232.240 - - [12/Mar/2026:21:07:52 +0800] "GET /siln.php HTTP/1.1" 404 138 "-" "-"
20.220.232.240 - - [12/Mar/2026:21:07:52 +0800] "GET /nqqwo.php HTTP/1.1" 301 162 "-" "-"
20.220.232.240 - - [12/Mar/2026:21:07:52 +0800] "GET /nqqwo.php HTTP/1.1" 404 138 "-" "-"
20.220.232.240 - - [12/Mar/2026:21:07:52 +0800] "GET /ton.php HTTP/1.1" 301 162 "-" "-"
20.220.232.240 - - [12/Mar/2026:21:07:52 +0800] "GET /ton.php HTTP/1.1" 404 138 "-" "-"
20.220.232.240 - - [12/Mar/2026:21:07:53 +0800] "GET /oauth.php HTTP/1.1" 301 162 "-" "-"
20.220.232.240 - - [12/Mar/2026:21:07:53 +0800] "GET /oauth.php HTTP/1.1" 404 138 "-" "-"
20.220.232.240 - - [12/Mar/2026:21:07:53 +0800] "GET /install.php HTTP/1.1" 301 162 "-" "-"
20.220.232.240 - - [12/Mar/2026:21:07:53 +0800] "GET /install.php HTTP/1.1" 404 138 "-" "-"
20.220.232.240 - - [12/Mar/2026:21:07:53 +0800] "GET /tiny.php HTTP/1.1" 301 162 "-" "-"
20.220.232.240 - - [12/Mar/2026:21:07:54 +0800] "GET /tiny.php HTTP/1.1" 404 138 "-" "-"
20.220.232.240 - - [12/Mar/2026:21:07:54 +0800] "GET /030.php HTTP/1.1" 301 162 "-" "-"
20.220.232.240 - - [12/Mar/2026:21:07:54 +0800] "GET /030.php HTTP/1.1" 404 138 "-" "-"
20.220.232.240 - - [12/Mar/2026:21:07:54 +0800] "GET /file9.php HTTP/1.1" 301 162 "-" "-"
20.220.232.240 - - [12/Mar/2026:21:07:55 +0800] "GET /file9.php HTTP/1.1" 404 138 "-" "-"
20.220.232.240 - - [12/Mar/2026:21:07:55 +0800] "GET /wp-head.php HTTP/1.1" 301 162 "-" "-"
20.220.232.240 - - [12/Mar/2026:21:07:55 +0800] "GET /wp-head.php HTTP/1.1" 404 138 "-" "-"
20.220.232.240 - - [12/Mar/2026:21:07:55 +0800] "GET /sh.php HTTP/1.1" 301 162 "-" "-"
20.220.232.240 - - [12/Mar/2026:21:07:55 +0800] "GET /sh.php HTTP/1.1" 404 138 "-" "-"
20.220.232.240 - - [12/Mar/2026:21:07:56 +0800] "GET /wp-admin/maint/goods.php HTTP/1.1" 301 162 "-" "-"
20.220.232.240 - - [12/Mar/2026:21:07:56 +0800] "GET /wp-admin/maint/goods.php HTTP/1.1" 404 138 "-" "-"
20.220.232.240 - - [12/Mar/2026:21:07:56 +0800] "GET /bless.php HTTP/1.1" 301 162 "-" "-"
20.220.232.240 - - [12/Mar/2026:21:07:56 +0800] "GET /bless.php HTTP/1.1" 404 138 "-" "-"
20.220.232.240 - - [12/Mar/2026:21:07:56 +0800] "GET /xsox.php HTTP/1.1" 301 162 "-" "-"
20.220.232.240 - - [12/Mar/2026:21:07:57 +0800] "GET /xsox.php HTTP/1.1" 404 138 "-" "-"
20.220.232.240 - - [12/Mar/2026:21:07:57 +0800] "GET /wp-includes/random_compat/bala.php HTTP/1.1" 301 162 "-" "-"
20.220.232.240 - - [12/Mar/2026:21:07:59 +0800] "GET /wp-includes/random_compat/bala.php HTTP/1.1" 404 138 "-" "-"
20.220.232.240 - - [12/Mar/2026:21:07:59 +0800] "GET /bkindex.php HTTP/1.1" 301 162 "-" "-"
20.220.232.240 - - [12/Mar/2026:21:07:59 +0800] "GET /bkindex.php HTTP/1.1" 404 138 "-" "-"
20.220.232.240 - - [12/Mar/2026:21:07:59 +0800] "GET /s_ne.php HTTP/1.1" 301 162 "-" "-"
20.220.232.240 - - [12/Mar/2026:21:07:59 +0800] "GET /s_ne.php HTTP/1.1" 404 138 "-" "-"
20.220.232.240 - - [12/Mar/2026:21:08:00 +0800] "GET /LA.php HTTP/1.1" 301 162 "-" "-"
20.220.232.240 - - [12/Mar/2026:21:08:00 +0800] "GET /LA.php HTTP/1.1" 404 138 "-" "-"
20.220.232.240 - - [12/Mar/2026:21:08:00 +0800] "GET /wp-includes/IXR/file2.php HTTP/1.1" 301 162 "-" "-"
20.220.232.240 - - [12/Mar/2026:21:08:00 +0800] "GET /wp-includes/IXR/file2.php HTTP/1.1" 404 138 "-" "-"
20.220.232.240 - - [12/Mar/2026:21:08:00 +0800] "GET /menu-header.php HTTP/1.1" 301 162 "-" "-"
20.220.232.240 - - [12/Mar/2026:21:08:01 +0800] "GET /menu-header.php HTTP/1.1" 404 138 "-" "-"
20.220.232.240 - - [12/Mar/2026:21:08:01 +0800] "GET /tor.php HTTP/1.1" 301 162 "-" "-"
20.220.232.240 - - [12/Mar/2026:21:08:02 +0800] "GET /tor.php HTTP/1.1" 404 138 "-" "-"
20.220.232.240 - - [12/Mar/2026:21:08:02 +0800] "GET /wp-one.php HTTP/1.1" 301 162 "-" "-"
20.220.232.240 - - [12/Mar/2026:21:08:02 +0800] "GET /wp-one.php HTTP/1.1" 404 138 "-" "-"
20.220.232.240 - - [12/Mar/2026:21:08:02 +0800] "GET /geck.php HTTP/1.1" 301 162 "-" "-"
20.220.232.240 - - [12/Mar/2026:21:08:03 +0800] "GET /geck.php HTTP/1.1" 404 138 "-" "-"
20.220.232.240 - - [12/Mar/2026:21:08:03 +0800] "GET /file15.php HTTP/1.1" 301 162 "-" "-"
20.220.232.240 - - [12/Mar/2026:21:08:03 +0800] "GET /file15.php HTTP/1.1" 404 138 "-" "-"
20.220.232.240 - - [12/Mar/2026:21:08:03 +0800] "GET /beence.php HTTP/1.1" 301 162 "-" "-"
20.220.232.240 - - [12/Mar/2026:21:08:04 +0800] "GET /beence.php HTTP/1.1" 404 138 "-" "-"
20.220.232.240 - - [12/Mar/2026:21:08:04 +0800] "GET /thxt.php HTTP/1.1" 301 162 "-" "-"
20.220.232.240 - - [12/Mar/2026:21:08:04 +0800] "GET /thxt.php HTTP/1.1" 404 138 "-" "-"
20.220.232.240 - - [12/Mar/2026:21:08:04 +0800] "GET /xz.php HTTP/1.1" 301 162 "-" "-"
20.220.232.240 - - [12/Mar/2026:21:08:04 +0800] "GET /xz.php HTTP/1.1" 404 138 "-" "-"
20.220.232.240 - - [12/Mar/2026:21:08:05 +0800] "GET /xml.php HTTP/1.1" 301 162 "-" "-"
20.220.232.240 - - [12/Mar/2026:21:08:05 +0800] "GET /xml.php HTTP/1.1" 404 138 "-" "-"
20.220.232.240 - - [12/Mar/2026:21:08:05 +0800] "GET /admin_logs.php HTTP/1.1" 301 162 "-" "-"
20.220.232.240 - - [12/Mar/2026:21:08:05 +0800] "GET /admin_logs.php HTTP/1.1" 404 138 "-" "-"
20.220.232.240 - - [12/Mar/2026:21:08:05 +0800] "GET /ALFA_DATA/autoload_classmap.php HTTP/1.1" 301 162 "-" "-"
20.220.232.240 - - [12/Mar/2026:21:08:06 +0800] "GET /ALFA_DATA/autoload_classmap.php HTTP/1.1" 404 138 "-" "-"
20.220.232.240 - - [12/Mar/2026:21:08:06 +0800] "GET /wp-includes/css/core.php HTTP/1.1" 301 162 "-" "-"
20.220.232.240 - - [12/Mar/2026:21:08:07 +0800] "GET /wp-includes/css/core.php HTTP/1.1" 404 138 "-" "-"
20.220.232.240 - - [12/Mar/2026:21:08:07 +0800] "GET /xl.php HTTP/1.1" 301 162 "-" "-"
20.220.232.240 - - [12/Mar/2026:21:08:07 +0800] "GET /xl.php HTTP/1.1" 404 138 "-" "-"
20.220.232.240 - - [12/Mar/2026:21:08:07 +0800] "GET /111.php HTTP/1.1" 301 162 "-" "-"
20.220.232.240 - - [12/Mar/2026:21:08:07 +0800] "GET /111.php HTTP/1.1" 404 138 "-" "-"
20.220.232.240 - - [12/Mar/2026:21:08:08 +0800] "GET /22.php HTTP/1.1" 301 162 "-" "-"
114.119.147.32 - - [12/Mar/2026:21:08:08 +0800] "GET /?_v=101006655 HTTP/1.1" 200 256 "https://auzdo.com/sitemap986.xml" "Mozilla/5.0 (Linux; Android 7.0;) AppleWebKit/537.36 (KHTML, like Gecko) Mobile Safari/537.36 (compatible; PetalBot;+https://webmaster.petalsearch.com/site/petalbot)"
20.220.232.240 - - [12/Mar/2026:21:08:09 +0800] "GET /22.php HTTP/1.1" 404 138 "-" "-"
20.220.232.240 - - [12/Mar/2026:21:08:09 +0800] "GET /gmo.php HTTP/1.1" 301 162 "-" "-"
20.220.232.240 - - [12/Mar/2026:21:08:10 +0800] "GET /gmo.php HTTP/1.1" 404 138 "-" "-"
20.220.232.240 - - [12/Mar/2026:21:08:10 +0800] "GET /0x0x.php HTTP/1.1" 301 162 "-" "-"
20.220.232.240 - - [12/Mar/2026:21:08:10 +0800] "GET /0x0x.php HTTP/1.1" 404 138 "-" "-"
20.220.232.240 - - [12/Mar/2026:21:08:10 +0800] "GET /inde.php HTTP/1.1" 301 162 "-" "-"
20.220.232.240 - - [12/Mar/2026:21:08:10 +0800] "GET /inde.php HTTP/1.1" 404 138 "-" "-"
20.220.232.240 - - [12/Mar/2026:21:08:11 +0800] "GET /bk/index.php HTTP/1.1" 301 162 "-" "-"
20.220.232.240 - - [12/Mar/2026:21:08:11 +0800] "GET /bk/index.php HTTP/1.1" 404 138 "-" "-"
20.220.232.240 - - [12/Mar/2026:21:08:11 +0800] "GET /past.php HTTP/1.1" 301 162 "-" "-"
20.220.232.240 - - [12/Mar/2026:21:08:11 +0800] "GET /past.php HTTP/1.1" 404 138 "-" "-"
20.220.232.240 - - [12/Mar/2026:21:08:12 +0800] "GET /license.php HTTP/1.1" 301 162 "-" "-"
20.220.232.240 - - [12/Mar/2026:21:08:12 +0800] "GET /license.php HTTP/1.1" 404 138 "-" "-"
20.220.232.240 - - [12/Mar/2026:21:08:12 +0800] "GET /3index.php HTTP/1.1" 301 162 "-" "-"
20.220.232.240 - - [12/Mar/2026:21:08:12 +0800] "GET /3index.php HTTP/1.1" 404 138 "-" "-"
20.220.232.240 - - [12/Mar/2026:21:08:12 +0800] "GET /bge.php HTTP/1.1" 301 162 "-" "-"
20.220.232.240 - - [12/Mar/2026:21:08:13 +0800] "GET /bge.php HTTP/1.1" 404 138 "-" "-"
20.220.232.240 - - [12/Mar/2026:21:08:13 +0800] "GET /cms.php HTTP/1.1" 301 162 "-" "-"
20.220.232.240 - - [12/Mar/2026:21:08:13 +0800] "GET /cms.php HTTP/1.1" 404 138 "-" "-"
20.220.232.240 - - [12/Mar/2026:21:08:14 +0800] "GET /lala.php HTTP/1.1" 301 162 "-" "-"
20.220.232.240 - - [12/Mar/2026:21:08:14 +0800] "GET /lala.php HTTP/1.1" 404 138 "-" "-"
20.220.232.240 - - [12/Mar/2026:21:08:14 +0800] "GET /wp-includes/js/crop/shell.php HTTP/1.1" 301 162 "-" "-"
20.220.232.240 - - [12/Mar/2026:21:08:14 +0800] "GET /wp-includes/js/crop/shell.php HTTP/1.1" 404 138 "-" "-"
20.220.232.240 - - [12/Mar/2026:21:08:14 +0800] "GET /finny.php HTTP/1.1" 301 162 "-" "-"
20.220.232.240 - - [12/Mar/2026:21:08:15 +0800] "GET /finny.php HTTP/1.1" 404 138 "-" "-"
20.220.232.240 - - [12/Mar/2026:21:08:15 +0800] "GET /nfile.php HTTP/1.1" 301 162 "-" "-"
20.220.232.240 - - [12/Mar/2026:21:08:15 +0800] "GET /nfile.php HTTP/1.1" 404 138 "-" "-"
20.220.232.240 - - [12/Mar/2026:21:08:15 +0800] "GET /rx.php HTTP/1.1" 301 162 "-" "-"
20.220.232.240 - - [12/Mar/2026:21:08:16 +0800] "GET /rx.php HTTP/1.1" 404 138 "-" "-"
20.220.232.240 - - [12/Mar/2026:21:08:16 +0800] "GET /1.php HTTP/1.1" 301 162 "-" "-"
20.220.232.240 - - [12/Mar/2026:21:08:16 +0800] "GET /1.php HTTP/1.1" 404 138 "-" "-"
20.220.232.240 - - [12/Mar/2026:21:08:16 +0800] "GET /file4.php HTTP/1.1" 301 162 "-" "-"
20.220.232.240 - - [12/Mar/2026:21:08:16 +0800] "GET /file4.php HTTP/1.1" 404 138 "-" "-"
20.220.232.240 - - [12/Mar/2026:21:08:17 +0800] "GET /alpa.php HTTP/1.1" 301 162 "-" "-"
20.220.232.240 - - [12/Mar/2026:21:08:17 +0800] "GET /alpa.php HTTP/1.1" 404 138 "-" "-"
20.220.232.240 - - [12/Mar/2026:21:08:17 +0800] "GET /api.php HTTP/1.1" 301 162 "-" "-"
20.220.232.240 - - [12/Mar/2026:21:08:17 +0800] "GET /api.php HTTP/1.1" 404 138 "-" "-"
20.220.232.240 - - [12/Mar/2026:21:08:17 +0800] "GET /srx.php HTTP/1.1" 301 162 "-" "-"
20.220.232.240 - - [12/Mar/2026:21:08:18 +0800] "GET /srx.php HTTP/1.1" 404 138 "-" "-"
20.220.232.240 - - [12/Mar/2026:21:08:18 +0800] "GET /ffile.php HTTP/1.1" 301 162 "-" "-"
20.220.232.240 - - [12/Mar/2026:21:08:18 +0800] "GET /ffile.php HTTP/1.1" 404 138 "-" "-"
20.220.232.240 - - [12/Mar/2026:21:08:18 +0800] "GET /upload/JustBrain.php HTTP/1.1" 301 162 "-" "-"
20.220.232.240 - - [12/Mar/2026:21:08:18 +0800] "GET /upload/JustBrain.php HTTP/1.1" 404 138 "-" "-"
20.220.232.240 - - [12/Mar/2026:21:08:19 +0800] "GET /wp-content/plugins/phpad/as.php HTTP/1.1" 301 162 "-" "-"
20.220.232.240 - - [12/Mar/2026:21:08:19 +0800] "GET /wp-content/plugins/phpad/as.php HTTP/1.1" 404 138 "-" "-"
20.220.232.240 - - [12/Mar/2026:21:08:20 +0800] "GET /aaa.php HTTP/1.1" 301 162 "-" "-"
20.220.232.240 - - [12/Mar/2026:21:08:20 +0800] "GET /aaa.php HTTP/1.1" 404 138 "-" "-"
20.220.232.240 - - [12/Mar/2026:21:08:20 +0800] "GET /ilex.php HTTP/1.1" 301 162 "-" "-"
20.220.232.240 - - [12/Mar/2026:21:08:21 +0800] "GET /ilex.php HTTP/1.1" 404 138 "-" "-"
20.220.232.240 - - [12/Mar/2026:21:08:21 +0800] "GET /he.php HTTP/1.1" 301 162 "-" "-"
20.220.232.240 - - [12/Mar/2026:21:08:21 +0800] "GET /he.php HTTP/1.1" 404 138 "-" "-"
20.220.232.240 - - [12/Mar/2026:21:08:21 +0800] "GET /user.php HTTP/1.1" 301 162 "-" "-"
20.220.232.240 - - [12/Mar/2026:21:08:21 +0800] "GET /user.php HTTP/1.1" 404 138 "-" "-"
20.220.232.240 - - [12/Mar/2026:21:08:22 +0800] "GET /cfile.php HTTP/1.1" 301 162 "-" "-"
20.220.232.240 - - [12/Mar/2026:21:08:22 +0800] "GET /cfile.php HTTP/1.1" 404 138 "-" "-"
20.220.232.240 - - [12/Mar/2026:21:08:22 +0800] "GET /yuuki.php HTTP/1.1" 301 162 "-" "-"
20.220.232.240 - - [12/Mar/2026:21:08:22 +0800] "GET /yuuki.php HTTP/1.1" 404 138 "-" "-"
20.220.232.240 - - [12/Mar/2026:21:08:23 +0800] "GET /bolt.php HTTP/1.1" 301 162 "-" "-"
20.220.232.240 - - [12/Mar/2026:21:08:23 +0800] "GET /bolt.php HTTP/1.1" 404 138 "-" "-"
20.220.232.240 - - [12/Mar/2026:21:08:23 +0800] "GET /json.php HTTP/1.1" 301 162 "-" "-"
20.220.232.240 - - [12/Mar/2026:21:08:24 +0800] "GET /json.php HTTP/1.1" 404 138 "-" "-"
20.220.232.240 - - [12/Mar/2026:21:08:24 +0800] "GET /1xleet.php HTTP/1.1" 301 162 "-" "-"
20.220.232.240 - - [12/Mar/2026:21:08:24 +0800] "GET /1xleet.php HTTP/1.1" 404 138 "-" "-"
20.220.232.240 - - [12/Mar/2026:21:08:24 +0800] "GET /file.php HTTP/1.1" 301 162 "-" "-"
20.220.232.240 - - [12/Mar/2026:21:08:24 +0800] "GET /file.php HTTP/1.1" 404 138 "-" "-"
20.220.232.240 - - [12/Mar/2026:21:08:26 +0800] "GET /.fk.php HTTP/1.1" 301 162 "-" "-"
20.220.232.240 - - [12/Mar/2026:21:08:26 +0800] "GET /.fk.php HTTP/1.1" 404 138 "-" "-"
20.220.232.240 - - [12/Mar/2026:21:08:26 +0800] "GET /size.php HTTP/1.1" 301 162 "-" "-"
20.220.232.240 - - [12/Mar/2026:21:08:26 +0800] "GET /size.php HTTP/1.1" 404 138 "-" "-"
20.220.232.240 - - [12/Mar/2026:21:08:26 +0800] "GET /akk.php HTTP/1.1" 301 162 "-" "-"
20.220.232.240 - - [12/Mar/2026:21:08:27 +0800] "GET /akk.php HTTP/1.1" 404 138 "-" "-"
20.220.232.240 - - [12/Mar/2026:21:08:27 +0800] "GET /2clas.php HTTP/1.1" 301 162 "-" "-"
20.220.232.240 - - [12/Mar/2026:21:08:27 +0800] "GET /2clas.php HTTP/1.1" 404 138 "-" "-"
20.220.232.240 - - [12/Mar/2026:21:08:27 +0800] "GET /12.php HTTP/1.1" 301 162 "-" "-"
20.220.232.240 - - [12/Mar/2026:21:08:27 +0800] "GET /12.php HTTP/1.1" 404 138 "-" "-"
20.220.232.240 - - [12/Mar/2026:21:08:28 +0800] "GET /predeploy.php HTTP/1.1" 301 162 "-" "-"
20.220.232.240 - - [12/Mar/2026:21:08:28 +0800] "GET /predeploy.php HTTP/1.1" 404 138 "-" "-"
20.220.232.240 - - [12/Mar/2026:21:08:28 +0800] "GET /packed.php HTTP/1.1" 301 162 "-" "-"
20.220.232.240 - - [12/Mar/2026:21:08:28 +0800] "GET /packed.php HTTP/1.1" 404 138 "-" "-"
20.220.232.240 - - [12/Mar/2026:21:08:29 +0800] "GET /doc.php HTTP/1.1" 301 162 "-" "-"
20.220.232.240 - - [12/Mar/2026:21:08:29 +0800] "GET /doc.php HTTP/1.1" 404 138 "-" "-"
20.220.232.240 - - [12/Mar/2026:21:08:29 +0800] "GET /klex.php HTTP/1.1" 301 162 "-" "-"
20.220.232.240 - - [12/Mar/2026:21:08:30 +0800] "GET /klex.php HTTP/1.1" 404 138 "-" "-"
20.220.232.240 - - [12/Mar/2026:21:08:30 +0800] "GET /moon.php HTTP/1.1" 301 162 "-" "-"
20.220.232.240 - - [12/Mar/2026:21:08:30 +0800] "GET /moon.php HTTP/1.1" 404 138 "-" "-"
20.220.232.240 - - [12/Mar/2026:21:08:30 +0800] "GET /catuploadcsv.php HTTP/1.1" 301 162 "-" "-"
20.220.232.240 - - [12/Mar/2026:21:08:31 +0800] "GET /catuploadcsv.php HTTP/1.1" 404 138 "-" "-"
20.220.232.240 - - [12/Mar/2026:21:08:31 +0800] "GET /kairolin.php HTTP/1.1" 301 162 "-" "-"
20.220.232.240 - - [12/Mar/2026:21:08:31 +0800] "GET /kairolin.php HTTP/1.1" 404 138 "-" "-"
20.220.232.240 - - [12/Mar/2026:21:08:31 +0800] "GET /sx.php HTTP/1.1" 301 162 "-" "-"
20.220.232.240 - - [12/Mar/2026:21:08:32 +0800] "GET /sx.php HTTP/1.1" 404 138 "-" "-"
20.220.232.240 - - [12/Mar/2026:21:08:32 +0800] "GET /jquery.php HTTP/1.1" 301 162 "-" "-"
20.220.232.240 - - [12/Mar/2026:21:08:32 +0800] "GET /jquery.php HTTP/1.1" 404 138 "-" "-"
20.220.232.240 - - [12/Mar/2026:21:08:32 +0800] "GET /file88.php HTTP/1.1" 301 162 "-" "-"
20.220.232.240 - - [12/Mar/2026:21:08:33 +0800] "GET /file88.php HTTP/1.1" 404 138 "-" "-"
114.119.139.78 - - [12/Mar/2026:21:08:33 +0800] "GET /?_p=008011498 HTTP/1.1" 200 256 "https://auzdo.com/?sitemap595.xml" "Mozilla/5.0 (Linux; Android 7.0;) AppleWebKit/537.36 (KHTML, like Gecko) Mobile Safari/537.36 (compatible; PetalBot;+https://webmaster.petalsearch.com/site/petalbot)"
20.220.232.240 - - [12/Mar/2026:21:08:33 +0800] "GET /bless3.php HTTP/1.1" 301 162 "-" "-"
20.220.232.240 - - [12/Mar/2026:21:08:33 +0800] "GET /bless3.php HTTP/1.1" 404 138 "-" "-"
20.220.232.240 - - [12/Mar/2026:21:08:33 +0800] "GET /file18.php HTTP/1.1" 301 162 "-" "-"
20.220.232.240 - - [12/Mar/2026:21:08:34 +0800] "GET /file18.php HTTP/1.1" 404 138 "-" "-"
20.220.232.240 - - [12/Mar/2026:21:08:34 +0800] "GET /file1.php HTTP/1.1" 301 162 "-" "-"
